{"id":46,"date":"2022-08-11T13:23:39","date_gmt":"2022-08-11T06:23:39","guid":{"rendered":"http:\/\/mau.hoabinhweb.com\/thucpham1\/?page_id=46"},"modified":"2022-12-05T15:19:41","modified_gmt":"2022-12-05T08:19:41","slug":"lien-he","status":"publish","type":"page","link":"https:\/\/mau.hoabinhweb.com\/thucpham1\/lien-he\/","title":{"rendered":"Li\u00ean h\u1ec7"},"content":{"rendered":"<h2><strong>C\u00d4NG TY TNHH D\u1ecaCH V\u1ee4 C\u00d4NG NGH\u1ec6 V\u00c0 TRUY\u1ec0N TH\u00d4NG HO\u00c0 B\u00ccNH<\/strong><\/h2>\n<ul>\n<li>\u0110\u1ecba ch\u1ec9: S\u1ed1 18B, ng\u00f5 202 B\u1edd T\u00e2y S\u00f4ng Nhu\u1ec7, t\u1ed5 d\u00e2n ph\u1ed1 T\u00e2n Phong, Ph\u01b0\u1eddng Th\u1ee5y Ph\u01b0\u01a1ng, Qu\u1eadn B\u1eafc T\u1eeb Li\u00eam, Th\u00e0nh ph\u1ed1 H\u00e0 N\u1ed9i<\/li>\n<li>\u0110i\u1ec7n tho\u1ea1i: 083 88 16590<\/li>\n<li>Email: webhoabinh@gmail.com<\/li>\n<\/ul>\n<h2>B\u1ea2N \u0110\u1ed2 CH\u1ec8 D\u1eaaN<\/h2>\n<p><iframe loading=\"lazy\" style=\"border: 0;\" src=\"https:\/\/www.google.com\/maps\/embed?pb=!1m18!1m12!1m3!1d3723.81788694257!2d105.82386371540241!3d21.039971592770332!2m3!1f0!2f0!3f0!3m2!1i1024!2i768!4f13.1!3m3!1m2!1s0x3135ab09758fcc35%3A0xa183444ad61c30ff!2zU-G7kSAxMzEsIDEzMyDEkC4gSG_DoG5nIEhvYSBUaMOhbSwgTmfhu41jIEjhu5MsIEJhIMSQw6xuaCwgSMOgIE7hu5lpLCBWaeG7h3QgTmFt!5e0!3m2!1svi!2s!4v1670228558845!5m2!1svi!2s\" width=\"100%\" height=\"450\" allowfullscreen=\"allowfullscreen\"><span data-mce-type=\"bookmark\" style=\"display: inline-block; width: 0px; overflow: hidden; line-height: 0;\" class=\"mce_SELRES_start\">\ufeff<\/span><\/iframe><\/p>\n","protected":false},"excerpt":{"rendered":"<p>C\u00d4NG TY TNHH D\u1ecaCH V\u1ee4 C\u00d4NG NGH\u1ec6 V\u00c0 TRUY\u1ec0N TH\u00d4NG HO\u00c0 B\u00ccNH \u0110\u1ecba ch\u1ec9: S\u1ed1 18B, ng\u00f5 202 B\u1edd T\u00e2y S\u00f4ng Nhu\u1ec7, t\u1ed5 d\u00e2n ph\u1ed1 T\u00e2n Phong, Ph\u01b0\u1eddng Th\u1ee5y Ph\u01b0\u01a1ng, Qu\u1eadn B\u1eafc T\u1eeb Li\u00eam, Th\u00e0nh ph\u1ed1 H\u00e0 N\u1ed9i \u0110i\u1ec7n tho\u1ea1i: 083 88 16590 Email: webhoabinh@gmail.com B\u1ea2N \u0110\u1ed2 CH\u1ec8 D\u1eaaN \ufeff<\/p>\n","protected":false},"author":1,"featured_media":0,"parent":0,"menu_order":0,"comment_status":"closed","ping_status":"closed","template":"","meta":{"footnotes":""},"class_list":["post-46","page","type-page","status-publish","hentry"],"yoast_head":"<!-- This site is optimized with the Yoast SEO plugin v19.11 - https:\/\/yoast.com\/wordpress\/plugins\/seo\/ -->\n<title>Li\u00ean h\u1ec7 - Pate C\u1ed9t \u0110\u00e8n<\/title>\n<meta name=\"robots\" content=\"noindex, follow, max-snippet:-1, max-image-preview:large, max-video-preview:-1\" \/>\n<meta property=\"og:locale\" content=\"vi_VN\" \/>\n<meta property=\"og:type\" content=\"article\" \/>\n<meta property=\"og:title\" content=\"Li\u00ean h\u1ec7 - Pate C\u1ed9t \u0110\u00e8n\" \/>\n<meta property=\"og:description\" content=\"C\u00d4NG TY TNHH D\u1ecaCH V\u1ee4 C\u00d4NG NGH\u1ec6 V\u00c0 TRUY\u1ec0N TH\u00d4NG HO\u00c0 B\u00ccNH \u0110\u1ecba ch\u1ec9: S\u1ed1 18B, ng\u00f5 202 B\u1edd T\u00e2y S\u00f4ng Nhu\u1ec7, t\u1ed5 d\u00e2n ph\u1ed1 T\u00e2n Phong, Ph\u01b0\u1eddng Th\u1ee5y Ph\u01b0\u01a1ng, Qu\u1eadn B\u1eafc T\u1eeb Li\u00eam, Th\u00e0nh ph\u1ed1 H\u00e0 N\u1ed9i \u0110i\u1ec7n tho\u1ea1i: 083 88 16590 Email: webhoabinh@gmail.com B\u1ea2N \u0110\u1ed2 CH\u1ec8 D\u1eaaN \ufeff\" \/>\n<meta property=\"og:url\" content=\"https:\/\/mau.hoabinhweb.com\/thucpham1\/lien-he\/\" \/>\n<meta property=\"og:site_name\" content=\"Pate C\u1ed9t \u0110\u00e8n\" \/>\n<meta property=\"article:modified_time\" content=\"2022-12-05T08:19:41+00:00\" \/>\n<meta name=\"twitter:card\" content=\"summary_large_image\" \/>\n<meta name=\"twitter:label1\" content=\"\u01af\u1edbc t\u00ednh th\u1eddi gian \u0111\u1ecdc\" \/>\n\t<meta name=\"twitter:data1\" content=\"1 ph\u00fat\" \/>\n<script type=\"application\/ld+json\" class=\"yoast-schema-graph\">{\"@context\":\"https:\/\/schema.org\",\"@graph\":[{\"@type\":\"WebPage\",\"@id\":\"https:\/\/mau.hoabinhweb.com\/thucpham1\/lien-he\/\",\"url\":\"https:\/\/mau.hoabinhweb.com\/thucpham1\/lien-he\/\",\"name\":\"Li\u00ean h\u1ec7 - Pate C\u1ed9t \u0110\u00e8n\",\"isPartOf\":{\"@id\":\"https:\/\/mau.hoabinhweb.com\/thucpham1\/#website\"},\"datePublished\":\"2022-08-11T06:23:39+00:00\",\"dateModified\":\"2022-12-05T08:19:41+00:00\",\"breadcrumb\":{\"@id\":\"https:\/\/mau.hoabinhweb.com\/thucpham1\/lien-he\/#breadcrumb\"},\"inLanguage\":\"vi\",\"potentialAction\":[{\"@type\":\"ReadAction\",\"target\":[\"https:\/\/mau.hoabinhweb.com\/thucpham1\/lien-he\/\"]}]},{\"@type\":\"BreadcrumbList\",\"@id\":\"https:\/\/mau.hoabinhweb.com\/thucpham1\/lien-he\/#breadcrumb\",\"itemListElement\":[{\"@type\":\"ListItem\",\"position\":1,\"name\":\"Trang ch\u1ee7\",\"item\":\"https:\/\/mau.hoabinhweb.com\/thucpham1\/\"},{\"@type\":\"ListItem\",\"position\":2,\"name\":\"Li\u00ean h\u1ec7\"}]},{\"@type\":\"WebSite\",\"@id\":\"https:\/\/mau.hoabinhweb.com\/thucpham1\/#website\",\"url\":\"https:\/\/mau.hoabinhweb.com\/thucpham1\/\",\"name\":\"Pate C\u1ed9t \u0110\u00e8n\",\"description\":\"\",\"potentialAction\":[{\"@type\":\"SearchAction\",\"target\":{\"@type\":\"EntryPoint\",\"urlTemplate\":\"https:\/\/mau.hoabinhweb.com\/thucpham1\/?s={search_term_string}\"},\"query-input\":\"required name=search_term_string\"}],\"inLanguage\":\"vi\"}]}<\/script>\n<!-- \/ Yoast SEO plugin. -->","yoast_head_json":{"title":"Li\u00ean h\u1ec7 - Pate C\u1ed9t \u0110\u00e8n","robots":{"index":"noindex","follow":"follow","max-snippet":"max-snippet:-1","max-image-preview":"max-image-preview:large","max-video-preview":"max-video-preview:-1"},"og_locale":"vi_VN","og_type":"article","og_title":"Li\u00ean h\u1ec7 - Pate C\u1ed9t \u0110\u00e8n","og_description":"C\u00d4NG TY TNHH D\u1ecaCH V\u1ee4 C\u00d4NG NGH\u1ec6 V\u00c0 TRUY\u1ec0N TH\u00d4NG HO\u00c0 B\u00ccNH \u0110\u1ecba ch\u1ec9: S\u1ed1 18B, ng\u00f5 202 B\u1edd T\u00e2y S\u00f4ng Nhu\u1ec7, t\u1ed5 d\u00e2n ph\u1ed1 T\u00e2n Phong, Ph\u01b0\u1eddng Th\u1ee5y Ph\u01b0\u01a1ng, Qu\u1eadn B\u1eafc T\u1eeb Li\u00eam, Th\u00e0nh ph\u1ed1 H\u00e0 N\u1ed9i \u0110i\u1ec7n tho\u1ea1i: 083 88 16590 Email: webhoabinh@gmail.com B\u1ea2N \u0110\u1ed2 CH\u1ec8 D\u1eaaN \ufeff","og_url":"https:\/\/mau.hoabinhweb.com\/thucpham1\/lien-he\/","og_site_name":"Pate C\u1ed9t \u0110\u00e8n","article_modified_time":"2022-12-05T08:19:41+00:00","twitter_card":"summary_large_image","twitter_misc":{"\u01af\u1edbc t\u00ednh th\u1eddi gian \u0111\u1ecdc":"1 ph\u00fat"},"schema":{"@context":"https:\/\/schema.org","@graph":[{"@type":"WebPage","@id":"https:\/\/mau.hoabinhweb.com\/thucpham1\/lien-he\/","url":"https:\/\/mau.hoabinhweb.com\/thucpham1\/lien-he\/","name":"Li\u00ean h\u1ec7 - Pate C\u1ed9t \u0110\u00e8n","isPartOf":{"@id":"https:\/\/mau.hoabinhweb.com\/thucpham1\/#website"},"datePublished":"2022-08-11T06:23:39+00:00","dateModified":"2022-12-05T08:19:41+00:00","breadcrumb":{"@id":"https:\/\/mau.hoabinhweb.com\/thucpham1\/lien-he\/#breadcrumb"},"inLanguage":"vi","potentialAction":[{"@type":"ReadAction","target":["https:\/\/mau.hoabinhweb.com\/thucpham1\/lien-he\/"]}]},{"@type":"BreadcrumbList","@id":"https:\/\/mau.hoabinhweb.com\/thucpham1\/lien-he\/#breadcrumb","itemListElement":[{"@type":"ListItem","position":1,"name":"Trang ch\u1ee7","item":"https:\/\/mau.hoabinhweb.com\/thucpham1\/"},{"@type":"ListItem","position":2,"name":"Li\u00ean h\u1ec7"}]},{"@type":"WebSite","@id":"https:\/\/mau.hoabinhweb.com\/thucpham1\/#website","url":"https:\/\/mau.hoabinhweb.com\/thucpham1\/","name":"Pate C\u1ed9t \u0110\u00e8n","description":"","potentialAction":[{"@type":"SearchAction","target":{"@type":"EntryPoint","urlTemplate":"https:\/\/mau.hoabinhweb.com\/thucpham1\/?s={search_term_string}"},"query-input":"required name=search_term_string"}],"inLanguage":"vi"}]}},"_links":{"self":[{"href":"https:\/\/mau.hoabinhweb.com\/thucpham1\/wp-json\/wp\/v2\/pages\/46","targetHints":{"allow":["GET"]}}],"collection":[{"href":"https:\/\/mau.hoabinhweb.com\/thucpham1\/wp-json\/wp\/v2\/pages"}],"about":[{"href":"https:\/\/mau.hoabinhweb.com\/thucpham1\/wp-json\/wp\/v2\/types\/page"}],"author":[{"embeddable":true,"href":"https:\/\/mau.hoabinhweb.com\/thucpham1\/wp-json\/wp\/v2\/users\/1"}],"replies":[{"embeddable":true,"href":"https:\/\/mau.hoabinhweb.com\/thucpham1\/wp-json\/wp\/v2\/comments?post=46"}],"version-history":[{"count":2,"href":"https:\/\/mau.hoabinhweb.com\/thucpham1\/wp-json\/wp\/v2\/pages\/46\/revisions"}],"predecessor-version":[{"id":153,"href":"https:\/\/mau.hoabinhweb.com\/thucpham1\/wp-json\/wp\/v2\/pages\/46\/revisions\/153"}],"wp:attachment":[{"href":"https:\/\/mau.hoabinhweb.com\/thucpham1\/wp-json\/wp\/v2\/media?parent=46"}],"curies":[{"name":"wp","href":"https:\/\/api.w.org\/{rel}","templated":true}]}}