{"id":105,"date":"2020-08-21T07:36:18","date_gmt":"2020-08-21T00:36:18","guid":{"rendered":"http:\/\/mau.hoabinhweb.com\/mypham2\/?post_type=product&#038;p=105"},"modified":"2021-03-09T10:01:21","modified_gmt":"2021-03-09T03:01:21","slug":"kem-ho-tro-giam-mun-ciracle-red-spot","status":"publish","type":"product","link":"https:\/\/mau.hoabinhweb.com\/mypham2\/san-pham\/kem-ho-tro-giam-mun-ciracle-red-spot\/","title":{"rendered":"Kem H\u1ed7 Tr\u1ee3 Gi\u1ea3m M\u1ee5n Ciracle Red Spot"},"content":{"rendered":"<div class=\"item-note \">\n<div class=\"back-content\">\n<p>\u0110\u00e2y l\u00e0 s\u1ea3n ph\u1ea9m gi\u00fap che m\u1edd khuy\u1ebft \u0111i\u1ec3m tr\u00ean da, d\u01b0\u1ee1ng da v\u00e0 h\u1ed7 tr\u1ee3 gi\u1ea3m m\u1ee5n hi\u1ec7u qu\u1ea3 thu\u1ed9c s\u1edf h\u1eefu c\u1ee7a Trung t\u00e2m nghi\u00ean c\u1ee9u sinh h\u1ecdc COTDE H\u00e0n Qu\u1ed1c &#8211; m\u1ed9t trong nh\u1eefng h\u00e3ng m\u1ef9 ph\u1ea9m\u00a0n\u1ed5i ti\u1ebfng t\u1ea1i x\u1ee9 Kim Chi H\u00e0n Qu\u1ed1c.\u00a0Kem h\u1ed7 tr\u1ee3 gi\u1ea3m m\u1ee5n Ciracle c\u00f3 xu\u1ea5t x\u1ee9 t\u1eeb H\u00e0n Qu\u1ed1c, r\u1ea5t \u0111\u01b0\u1ee3c \u01b0u chu\u1ed9ng t\u1ea1i th\u1ecb tr\u01b0\u1eddng Ch\u00e2u \u00c1, khu v\u1ef1c c\u00f3 kh\u00ed h\u1eadu n\u00f3ng \u1ea9m khi\u1ebfn da m\u1eb7t d\u1ec5 ph\u00e1t sinh m\u1ee5n. Dung t\u00edch c\u1ee7a m\u1ed9t l\u1ecd kem l\u00e0 30 ml.<\/p><p><img class=\"lazy\" title=\"Kem thu\u1ed1c Ciracle Red Spot Cream\" src=\"https:\/\/adminbeauty.hvnet.vn\/Files\/Uploads\/Kem-thuoc-dac-tri-mun-do-mun-sung-tay-mun-mu-Ciracle-Red-Spot-Cream.png\" alt=\"Kem thu\u1ed1c Ciracle Red Spot Cream\" data-src=\"https:\/\/adminbeauty.hvnet.vn\/Files\/Uploads\/Kem-thuoc-dac-tri-mun-do-mun-sung-tay-mun-mu-Ciracle-Red-Spot-Cream.png\" \/><\/p>\n<h4><em>Kem thoa h\u1ed7 tr\u1ee3 gi\u1ea3m m\u1ee5n Ciracle Red Spot Cream<\/em><\/h4>\n<\/div>\n<\/div>\n<div class=\"item-note \">\n<div class=\"title-member right-border title-behide\">\n<h2>M\u00d4 T\u1ea2 V\u1ec0 KEM THOA H\u1ed6 TR\u1ee2 GI\u1ea2M M\u1ee4N CIRACLE RED SPOT CREAM<\/h2>\n<\/div>\n<div class=\"back-content\"><p><img class=\"lazy\" src=\"https:\/\/adminbeauty.hvnet.vn\/Upload\/images\/kem-thuoc-tri-mun.jpg\" alt=\"\" data-src=\"https:\/\/adminbeauty.hvnet.vn\/Upload\/images\/kem-thuoc-tri-mun.jpg\" \/><\/p>\n<p><em>H\u1ed9p kem nh\u1ecf, v\u1eeba v\u1eb7n tay c\u1ea7m, bao b\u00ec in h\u00ecnh r\u1ea5t cute<\/em><\/p>\n<p><strong>Kem thoa h\u1ed7 tr\u1ee3 gi\u1ea3m m\u1ee5n<\/strong>\u00a0Ciracle\u00a0c\u00f3 ch\u1ea5t kem m\u00e0u tr\u1eafng s\u1eefa, h\u01a1i d\u00e0y, kh\u00f4ng ph\u1ea3i d\u1ea1ng spot th\u1ea5m nhanh. Khi thoa l\u00ean c\u00f3 c\u1ea3m gi\u00e1c h\u01a1i n\u1eb7ng n\u1ec1 m\u1ed9t ch\u00fat, n\u1ebfu thoa c\u1ea3 v\u00f9ng l\u1edbn. N\u1ebfu ch\u1ec9 ch\u1ea5m nh\u1eb9 l\u00ean m\u1ee5n th\u00ec kh\u00f4ng c\u00f3 c\u1ea3m gi\u00e1c b\u00ed b\u00e1ch g\u00ec. Kem s\u1ebd th\u1ea5m m\u1ed9t ch\u00fat v\u00e0o s\u00e2u trong da, nh\u01b0ng h\u1ea7u nh\u01b0 v\u1ec7t kem tr\u1eafng n\u00f3 \u1edf l\u1ea1i tr\u00ean da \u0111\u1ebfn l\u00fac b\u1ea1n r\u1eeda \u0111i.<\/p>\n<p>H\u1ed9p kem nh\u1ecf, v\u1eeba v\u1eb7n tay c\u1ea7m, bao b\u00ec in h\u00ecnh r\u1ea5t cute, m\u1edf h\u1ed9p s\u1ebd c\u00f3 th\u00eam m\u1ed9t c\u00e1i n\u1eafp tr\u1eafng trong nh\u1ecf b\u00ean trong, \u0111i\u1ec1u n\u00e0y gi\u00fap gi\u1eef kem kh\u00f4ng b\u1ecb lem ra n\u1eafp v\u1eb7n, \u0111\u1ed5 tr\u00e0n ra ngo\u00e0i, tip l\u1ea5y kem d\u1ec5 d\u00e0ng v\u00e0 h\u1ee3p v\u1ec7 sinh.<\/p>\n<\/div>\n<\/div>\n","protected":false},"excerpt":{"rendered":"<ul>\n<li>V\u1eadn chuy\u1ec3n tr\u00ean to\u00e0n qu\u1ed1c<\/li>\n<li>Cam k\u1ebft s\u1ea3n ph\u1ea9m \u0111\u00fang ch\u1ea5t l\u01b0\u1ee3ng mi\u00eau t\u1ea3 tr\u00ean website<\/li>\n<li>B\u1ea3o h\u00e0nh ch\u00ednh h\u00e3ng<\/li>\n<li>Ki\u1ec3m tra h\u00e0ng tr\u01b0\u1edbc khi thanh to\u00e1n<\/li>\n<li>Hotline: 035 609 3690<\/li>\n<\/ul>\n","protected":false},"featured_media":366,"template":"","meta":[],"product_cat":[26,30],"product_tag":[],"yoast_head":"<!-- This site is optimized with the Yoast SEO plugin v16.5 - https:\/\/yoast.com\/wordpress\/plugins\/seo\/ -->\n<title>Kem H\u1ed7 Tr\u1ee3 Gi\u1ea3m M\u1ee5n Ciracle Red Spot - Skin Bee<\/title>\n<meta name=\"robots\" content=\"noindex, follow, max-snippet:-1, max-image-preview:large, max-video-preview:-1\" \/>\n<meta property=\"og:locale\" content=\"vi_VN\" \/>\n<meta property=\"og:type\" content=\"article\" \/>\n<meta property=\"og:title\" content=\"Kem H\u1ed7 Tr\u1ee3 Gi\u1ea3m M\u1ee5n Ciracle Red Spot - Skin Bee\" \/>\n<meta property=\"og:description\" content=\"V\u1eadn chuy\u1ec3n tr\u00ean to\u00e0n qu\u1ed1c  Cam k\u1ebft s\u1ea3n ph\u1ea9m \u0111\u00fang ch\u1ea5t l\u01b0\u1ee3ng mi\u00eau t\u1ea3 tr\u00ean website  B\u1ea3o h\u00e0nh ch\u00ednh h\u00e3ng  Ki\u1ec3m tra h\u00e0ng tr\u01b0\u1edbc khi thanh to\u00e1n  Hotline: 035 609 3690\" \/>\n<meta property=\"og:url\" content=\"https:\/\/mau.hoabinhweb.com\/mypham2\/san-pham\/kem-ho-tro-giam-mun-ciracle-red-spot\/\" \/>\n<meta property=\"og:site_name\" content=\"Skin Bee\" \/>\n<meta property=\"article:modified_time\" content=\"2021-03-09T03:01:21+00:00\" \/>\n<meta property=\"og:image\" content=\"http:\/\/mau.hoabinhweb.com\/mypham2\/wp-content\/uploads\/2020\/08\/sanpham-mypham9.jpg\" \/>\n\t<meta property=\"og:image:width\" content=\"600\" \/>\n\t<meta property=\"og:image:height\" content=\"600\" \/>\n<meta name=\"twitter:card\" content=\"summary_large_image\" \/>\n<meta name=\"twitter:label1\" content=\"\u01af\u1edbc t\u00ednh th\u1eddi gian \u0111\u1ecdc\" \/>\n\t<meta name=\"twitter:data1\" content=\"2 ph\u00fat\" \/>\n<script type=\"application\/ld+json\" class=\"yoast-schema-graph\">{\"@context\":\"https:\/\/schema.org\",\"@graph\":[{\"@type\":\"WebSite\",\"@id\":\"https:\/\/mau.hoabinhweb.com\/mypham2\/#website\",\"url\":\"https:\/\/mau.hoabinhweb.com\/mypham2\/\",\"name\":\"Skin Bee\",\"description\":\"\",\"potentialAction\":[{\"@type\":\"SearchAction\",\"target\":\"https:\/\/mau.hoabinhweb.com\/mypham2\/?s={search_term_string}\",\"query-input\":\"required name=search_term_string\"}],\"inLanguage\":\"vi\"},{\"@type\":\"ImageObject\",\"@id\":\"https:\/\/mau.hoabinhweb.com\/mypham2\/san-pham\/kem-ho-tro-giam-mun-ciracle-red-spot\/#primaryimage\",\"inLanguage\":\"vi\",\"url\":\"https:\/\/mau.hoabinhweb.com\/mypham2\/wp-content\/uploads\/2020\/08\/sanpham-mypham9.jpg\",\"contentUrl\":\"https:\/\/mau.hoabinhweb.com\/mypham2\/wp-content\/uploads\/2020\/08\/sanpham-mypham9.jpg\",\"width\":600,\"height\":600,\"caption\":\"Sanpham Mypham9\"},{\"@type\":\"WebPage\",\"@id\":\"https:\/\/mau.hoabinhweb.com\/mypham2\/san-pham\/kem-ho-tro-giam-mun-ciracle-red-spot\/#webpage\",\"url\":\"https:\/\/mau.hoabinhweb.com\/mypham2\/san-pham\/kem-ho-tro-giam-mun-ciracle-red-spot\/\",\"name\":\"Kem H\\u1ed7 Tr\\u1ee3 Gi\\u1ea3m M\\u1ee5n Ciracle Red Spot - Skin Bee\",\"isPartOf\":{\"@id\":\"https:\/\/mau.hoabinhweb.com\/mypham2\/#website\"},\"primaryImageOfPage\":{\"@id\":\"https:\/\/mau.hoabinhweb.com\/mypham2\/san-pham\/kem-ho-tro-giam-mun-ciracle-red-spot\/#primaryimage\"},\"datePublished\":\"2020-08-21T00:36:18+00:00\",\"dateModified\":\"2021-03-09T03:01:21+00:00\",\"breadcrumb\":{\"@id\":\"https:\/\/mau.hoabinhweb.com\/mypham2\/san-pham\/kem-ho-tro-giam-mun-ciracle-red-spot\/#breadcrumb\"},\"inLanguage\":\"vi\",\"potentialAction\":[{\"@type\":\"ReadAction\",\"target\":[\"https:\/\/mau.hoabinhweb.com\/mypham2\/san-pham\/kem-ho-tro-giam-mun-ciracle-red-spot\/\"]}]},{\"@type\":\"BreadcrumbList\",\"@id\":\"https:\/\/mau.hoabinhweb.com\/mypham2\/san-pham\/kem-ho-tro-giam-mun-ciracle-red-spot\/#breadcrumb\",\"itemListElement\":[{\"@type\":\"ListItem\",\"position\":1,\"name\":\"Trang ch\\u1ee7\",\"item\":\"https:\/\/mau.hoabinhweb.com\/mypham2\/\"},{\"@type\":\"ListItem\",\"position\":2,\"name\":\"S\\u1ea3n ph\\u1ea9m\",\"item\":\"https:\/\/mau.hoabinhweb.com\/mypham2\/san-pham\/\"},{\"@type\":\"ListItem\",\"position\":3,\"name\":\"Kem H\\u1ed7 Tr\\u1ee3 Gi\\u1ea3m M\\u1ee5n Ciracle Red Spot\"}]}]}<\/script>\n<!-- \/ Yoast SEO plugin. -->","_links":{"self":[{"href":"https:\/\/mau.hoabinhweb.com\/mypham2\/wp-json\/wp\/v2\/product\/105"}],"collection":[{"href":"https:\/\/mau.hoabinhweb.com\/mypham2\/wp-json\/wp\/v2\/product"}],"about":[{"href":"https:\/\/mau.hoabinhweb.com\/mypham2\/wp-json\/wp\/v2\/types\/product"}],"wp:featuredmedia":[{"embeddable":true,"href":"https:\/\/mau.hoabinhweb.com\/mypham2\/wp-json\/wp\/v2\/media\/366"}],"wp:attachment":[{"href":"https:\/\/mau.hoabinhweb.com\/mypham2\/wp-json\/wp\/v2\/media?parent=105"}],"wp:term":[{"taxonomy":"product_cat","embeddable":true,"href":"https:\/\/mau.hoabinhweb.com\/mypham2\/wp-json\/wp\/v2\/product_cat?post=105"},{"taxonomy":"product_tag","embeddable":true,"href":"https:\/\/mau.hoabinhweb.com\/mypham2\/wp-json\/wp\/v2\/product_tag?post=105"}],"curies":[{"name":"wp","href":"https:\/\/api.w.org\/{rel}","templated":true}]}}