{"id":103,"date":"2020-08-21T07:33:44","date_gmt":"2020-08-21T00:33:44","guid":{"rendered":"http:\/\/mau.hoabinhweb.com\/thethao1\/?post_type=product&#038;p=103"},"modified":"2021-08-24T22:02:41","modified_gmt":"2021-08-24T15:02:41","slug":"mau-ao-da-bong-cau-lac-bo-thiet-ke-dep-v2122","status":"publish","type":"product","link":"http:\/\/mau.hoabinhweb.com\/thethao1\/san-pham\/mau-ao-da-bong-cau-lac-bo-thiet-ke-dep-v2122\/","title":{"rendered":"M\u1eabu \u00e1o \u0111\u00e1 b\u00f3ng C\u00e2u l\u1ea1c b\u1ed9 thi\u1ebft k\u1ebf \u0111\u1eb9p V2122"},"content":{"rendered":"<p>R\u1ea5t c\u1ea3m \u01a1n Qu\u00fd kh\u00e1ch h\u00e0ng \u0111\u00e3 quan t\u00e2m \u0111\u1ebfn s\u1ea3n ph\u1ea9m c\u1ee7a AZ Sports<\/p>\n<p>Tr\u00ean \u0111\u00e2y l\u00e0 m\u1eabu thi\u1ebft k\u1ebf tham kh\u1ea3o, Qu\u00fd kh\u00e1ch h\u00e0ng ho\u00e0n to\u00e0n c\u00f3 th\u1ec3:<\/p>\n<ul>\n<li>Thay \u0111\u1ed5i m\u00e0u s\u1eafc t\u00f9y \u00fd<\/li>\n<li>Th\u00eam b\u1edbt h\u1ecda ti\u1ebft logo kh\u00f4ng gi\u1edbi h\u1ea1n<\/li>\n<li>In t\u00ean s\u1ed1 ri\u00eang t\u1eebng th\u00e0nh vi\u00ean trong \u0111\u1ed9i<\/li>\n<li>G\u1eedi m\u1eabu thi\u1ebft k\u1ebf ri\u00eang c\u1ee7a Qu\u00fd kh\u00e1ch<\/li>\n<\/ul>\n<p>Qu\u1ea7n AZ Sports ri\u00eang hi\u1ec7n \u0111ang d\u1ea7n tr\u1edf th\u00e0nh xu th\u1ebf tr\u00ean s\u00e2n c\u1ecf. M\u1ed9t \u0111\u1ed9i b\u00f3ng n\u1ed5i b\u1eadt kh\u00f4ng ch\u1ec9 v\u00ec l\u1ed1i ch\u01a1i hay m\u00e0 c\u00f2n v\u1edbi d\u00e0n \u00e1o \u0111\u1ea5u c\u00f3 m\u00e0u s\u1eafc, h\u1ecda ti\u1ebft thi\u1ebft k\u1ebf \u0111\u1ed9c \u0111\u00e1o, logo c\u1ee7a team \u0111\u01b0\u1ee3c in n\u00e9t n\u1eb9t tr\u00ean ng\u1ef1c.<\/p>\n<p>Tr\u00ean th\u1ecb tr\u01b0\u1eddng hi\u1ec7n nay, c\u00f3 r\u1ea5t nhi\u1ec1u lo\u1ea1i \u00e1o thi\u1ebft k\u1ebf s\u1ea3n xu\u1ea5t \u0111\u1ea1i tr\u00e0 h\u00e0ng lo\u1ea1t v\u1edbi gi\u00e1 th\u00e0nh r\u1ebb c\u0169ng cho ph\u00e9p in logo \u0111\u1ed9i v\u00e0 th\u00eam 1 s\u1ed1 h\u1ecda ti\u1ebft ri\u00eang, tuy nhi\u00ean n\u00f3 th\u01b0\u1eddng c\u00f3 ch\u1ea5t l\u01b0\u1ee3ng k\u00e9m h\u1eb3n do c\u00e1c logo v\u00e0 h\u1ecda ti\u1ebft \u0111\u01b0\u1ee3c in \u0111\u00e8 l\u00ean \u00e1o may s\u1eb5n n\u00ean s\u1ebd b\u1ecb l\u1eabn m\u00e0u c\u1ee7a \u00e1o ho\u1eb7c d\u1ec5 bong tr\u00f3c ch\u1ec9 sau 2-3 th\u00e1ng s\u1eed d\u1ee5ng.<\/p>\n<p>M\u1ed9t c\u00e1ch \u0111\u1ec3 t\u0103ng \u0111\u1ed9 b\u1ec1n v\u00e0 ch\u1ea5t l\u01b0\u1ee3ng in c\u1ee7a h\u1ecda ti\u1ebft, logo, t\u00ean s\u1ed1 \u00e1o ch\u00ednh l\u00e0 s\u1eed d\u1ee5ng ph\u01b0\u01a1ng ph\u00e1p in chuy\u1ec3n nhi\u1ec7t \u2013 m\u1ed9t ph\u01b0\u01a1ng ph\u00e1p \u0111\u1eb7c tr\u01b0ng c\u1ee7a AZ Sports \u0111\u1eb7t may.<\/p>\n<p><strong>AZ Sports \u2013 FREE IN T\u00caN, S\u1ed0, LOGO CHUY\u1ec2N NHI\u1ec6T TR\u00caN \u00c1O \u2013 KH\u00d4NG BONG TR\u00d3C<\/strong><\/p>\n<p>X\u01b0\u1edfng s\u1ea3n xu\u1ea5t AZ Sports s\u1eed d\u1ee5ng c\u00f4ng ngh\u1ec7 in chuy\u1ec3n nhi\u1ec7t \u1edf t\u1ea5t c\u1ea3 c\u00e1c chi ti\u1ebft, h\u1ecda ti\u1ebft tr\u00ean \u00e1o, k\u1ec3 c\u1ea3 logo, t\u00ean, s\u1ed1 c\u1ee7a \u0111\u1ed9i. Kh\u00e1ch h\u00e0ng ho\u00e0n to\u00e0n c\u00f3 th\u1ec3 \u0111i\u1ec1u ch\u1ec9nh th\u00eam, b\u1edbt h\u1ecda ti\u1ebft \u0111\u1ec3 t\u0103ng \u0111\u1ed9 \u0111\u1ed9c \u0111\u00e1o, gi\u1eef g\u00ecn b\u1ea3n s\u1eafc ri\u00eang c\u1ee7a \u0111\u1ed9i m\u00ecnh.<\/p>\n<figure id=\"attachment_5878\" class=\"wp-caption aligncenter\" aria-describedby=\"caption-attachment-5878\"><img loading=\"lazy\" class=\"size-full wp-image-5878\" src=\"https:\/\/aothethaothietke.com\/wp-content\/uploads\/2019\/08\/T%C3%B9y-ch%E1%BB%89nh-thi%E1%BA%BFt-k%E1%BA%BF-%C3%A1o-b%C3%B3ng-%C4%91%C3%A1.jpg.webp\" alt=\"Thay \u0111\u1ed5i h\u1ecda thi\u1ebft tr\u00ean \u00e1o kh\u00f4ng gi\u1edbi h\u1ea1n\" width=\"736\" height=\"525\" \/><figcaption id=\"caption-attachment-5878\" class=\"wp-caption-text\"><strong>Mi\u1ec5n ph\u00ed in t\u00ean s\u1ed1, logo, h\u1ecda ti\u1ebft tr\u00ean \u00e1o<\/strong><\/figcaption><\/figure>\n<p>Ch\u00fang t\u00f4i gi\u1eef t\u1ea5t c\u1ea3 c\u00e1c m\u1eabu in trong th\u1eddi gian d\u00e0i, b\u1edfi v\u1eady b\u1ea1n ho\u00e0n to\u00e0n c\u00f3 th\u1ec3 \u0111\u1eb7t cho c\u00e1c l\u1ea7n ti\u1ebfp theo m\u00e0 kh\u00f4ng m\u1ea5t t\u00ednh nh\u1ea5t qu\u00e1n trong \u0111\u1ed9i.<\/p>\n<p><strong>AZ Sports &#8211; T\u00d9Y CH\u1ec8NH KH\u00d4NG GI\u1edaI H\u1ea0N<\/strong><\/p>\n<p>C\u00e1c m\u1eabu \u00e1o \u0111\u01b0\u1ee3c gi\u1edbi thi\u1ec7u tr\u00ean website hay fanpage c\u1ee7a ch\u00fang t\u00f4i ch\u1ec9 l\u00e0 c\u00e1c m\u1eabu minh h\u1ecda. N\u1ebfu b\u1ea1n ch\u01b0a t\u00ecm th\u1ea5y m\u1eabu \u00e1o c\u00f3 m\u00e0u s\u1eafc ph\u00f9 h\u1ee3p v\u1edbi \u0111\u1ed9i c\u1ee7a m\u00ecnh, b\u1ea1n ch\u1ec9 c\u1ea7n g\u1eedi cho ch\u00fang t\u00f4i y\u00eau c\u1ea7u thi\u1ebft k\u1ebf, ch\u1ec9nh s\u1eeda, ch\u00fang t\u00f4i s\u1ebd chu\u1ea9n b\u1ecb v\u00e0 d\u1ef1ng m\u1eabu demo g\u1eedi b\u1ea1n.<\/p>\n<ul>\n<li>Tr\u00ean \u0111\u00e2y l\u00e0 b\u1ea3ng size tham kh\u1ea3o, Qu\u00fd kh\u00e1ch h\u00e0ng c\u00f3 th\u1ec3 tr\u1ef1c ti\u1ebfp qua v\u0103n ph\u00f2ng \u0111\u1ec3 th\u1eed size ch\u00ednh x\u00e1c h\u01a1n!<\/li>\n<li>Do t\u00ednh ch\u1ea5t h\u00e0ng \u00c1o Thi\u1ebft K\u1ebf c\u1ea7n t\u1ec9 m\u1ec9 v\u00e0 th\u1ed1ng nh\u1ea5t th\u00f4ng tin tr\u00e1nh sai l\u1ec7ch, k\u1ecbp th\u1eddi gian; ch\u00fang t\u00f4i\u00a0<strong>kh\u00f4ng nh\u1eadn c\u1ed9ng t\u00e1c vi\u00ean<\/strong>\u00a0\u0111\u1ec3 cho ra s\u1ea3n ph\u1ea9m t\u1ed1t nh\u1ea5t qu\u00fd kh\u00e1ch h\u00e0ng.<\/li>\n<li>Qu\u00fd kh\u00e1ch h\u00e0ng l\u00e0 c\u00e1c c\u1eeda h\u00e0ng, \u0111\u1ea1i l\u00fd, b\u00e1n bu\u00f4n c\u1ea7n may s\u1ed1 l\u01b0\u1ee3ng l\u1edbn xin vui l\u00f2ng li\u00ean h\u1ec7 tr\u1ef1c ti\u1ebfp!<\/li>\n<\/ul>\n","protected":false},"excerpt":{"rendered":"<ul>\n<li>V\u1eadn chuy\u1ec3n tr\u00ean to\u00e0n qu\u1ed1c<\/li>\n<li>Cam k\u1ebft s\u1ea3n ph\u1ea9m \u0111\u00fang ch\u1ea5t l\u01b0\u1ee3ng mi\u00eau t\u1ea3 tr\u00ean website<\/li>\n<li>B\u1ea3o h\u00e0nh ch\u00ednh h\u00e3ng<\/li>\n<li>Ki\u1ec3m tra h\u00e0ng tr\u01b0\u1edbc khi thanh to\u00e1n<\/li>\n<li>Hotline: 035 609 3690<\/li>\n<\/ul>\n","protected":false},"featured_media":462,"template":"","meta":[],"product_cat":[36,37,38,39,40,41,26,30,42],"product_tag":[],"yoast_head":"<!-- This site is optimized with the Yoast SEO plugin v17.0 - https:\/\/yoast.com\/wordpress\/plugins\/seo\/ -->\n<title>M\u1eabu \u00e1o \u0111\u00e1 b\u00f3ng C\u00e2u l\u1ea1c b\u1ed9 thi\u1ebft k\u1ebf \u0111\u1eb9p V2122 - AZ Sports<\/title>\n<meta name=\"robots\" content=\"noindex, follow, max-snippet:-1, max-image-preview:large, max-video-preview:-1\" \/>\n<meta property=\"og:locale\" content=\"vi_VN\" \/>\n<meta property=\"og:type\" content=\"article\" \/>\n<meta property=\"og:title\" content=\"M\u1eabu \u00e1o \u0111\u00e1 b\u00f3ng C\u00e2u l\u1ea1c b\u1ed9 thi\u1ebft k\u1ebf \u0111\u1eb9p V2122 - AZ Sports\" \/>\n<meta property=\"og:description\" content=\"V\u1eadn chuy\u1ec3n tr\u00ean to\u00e0n qu\u1ed1c  Cam k\u1ebft s\u1ea3n ph\u1ea9m \u0111\u00fang ch\u1ea5t l\u01b0\u1ee3ng mi\u00eau t\u1ea3 tr\u00ean website  B\u1ea3o h\u00e0nh ch\u00ednh h\u00e3ng  Ki\u1ec3m tra h\u00e0ng tr\u01b0\u1edbc khi thanh to\u00e1n  Hotline: 035 609 3690\" \/>\n<meta property=\"og:url\" content=\"http:\/\/mau.hoabinhweb.com\/thethao1\/san-pham\/mau-ao-da-bong-cau-lac-bo-thiet-ke-dep-v2122\/\" \/>\n<meta property=\"og:site_name\" content=\"AZ Sports\" \/>\n<meta property=\"article:modified_time\" content=\"2021-08-24T15:02:41+00:00\" \/>\n<meta property=\"og:image\" content=\"http:\/\/mau.hoabinhweb.com\/thethao1\/wp-content\/uploads\/2020\/08\/sanpham-thethao11.jpg\" \/>\n\t<meta property=\"og:image:width\" content=\"600\" \/>\n\t<meta property=\"og:image:height\" content=\"600\" \/>\n<meta name=\"twitter:card\" content=\"summary_large_image\" \/>\n<meta name=\"twitter:label1\" content=\"\u01af\u1edbc t\u00ednh th\u1eddi gian \u0111\u1ecdc\" \/>\n\t<meta name=\"twitter:data1\" content=\"3 ph\u00fat\" \/>\n<script type=\"application\/ld+json\" class=\"yoast-schema-graph\">{\"@context\":\"https:\/\/schema.org\",\"@graph\":[{\"@type\":\"WebSite\",\"@id\":\"https:\/\/mau.hoabinhweb.com\/thethao1\/#website\",\"url\":\"https:\/\/mau.hoabinhweb.com\/thethao1\/\",\"name\":\"AZ Sports\",\"description\":\"\",\"potentialAction\":[{\"@type\":\"SearchAction\",\"target\":{\"@type\":\"EntryPoint\",\"urlTemplate\":\"https:\/\/mau.hoabinhweb.com\/thethao1\/?s={search_term_string}\"},\"query-input\":\"required name=search_term_string\"}],\"inLanguage\":\"vi\"},{\"@type\":\"ImageObject\",\"@id\":\"http:\/\/mau.hoabinhweb.com\/thethao1\/san-pham\/mau-ao-da-bong-cau-lac-bo-thiet-ke-dep-v2122\/#primaryimage\",\"inLanguage\":\"vi\",\"url\":\"http:\/\/mau.hoabinhweb.com\/thethao1\/wp-content\/uploads\/2020\/08\/sanpham-thethao11.jpg\",\"contentUrl\":\"http:\/\/mau.hoabinhweb.com\/thethao1\/wp-content\/uploads\/2020\/08\/sanpham-thethao11.jpg\",\"width\":600,\"height\":600,\"caption\":\"Sanpham Thethao11\"},{\"@type\":\"WebPage\",\"@id\":\"http:\/\/mau.hoabinhweb.com\/thethao1\/san-pham\/mau-ao-da-bong-cau-lac-bo-thiet-ke-dep-v2122\/#webpage\",\"url\":\"http:\/\/mau.hoabinhweb.com\/thethao1\/san-pham\/mau-ao-da-bong-cau-lac-bo-thiet-ke-dep-v2122\/\",\"name\":\"M\\u1eabu \\u00e1o \\u0111\\u00e1 b\\u00f3ng C\\u00e2u l\\u1ea1c b\\u1ed9 thi\\u1ebft k\\u1ebf \\u0111\\u1eb9p V2122 - AZ Sports\",\"isPartOf\":{\"@id\":\"https:\/\/mau.hoabinhweb.com\/thethao1\/#website\"},\"primaryImageOfPage\":{\"@id\":\"http:\/\/mau.hoabinhweb.com\/thethao1\/san-pham\/mau-ao-da-bong-cau-lac-bo-thiet-ke-dep-v2122\/#primaryimage\"},\"datePublished\":\"2020-08-21T00:33:44+00:00\",\"dateModified\":\"2021-08-24T15:02:41+00:00\",\"breadcrumb\":{\"@id\":\"http:\/\/mau.hoabinhweb.com\/thethao1\/san-pham\/mau-ao-da-bong-cau-lac-bo-thiet-ke-dep-v2122\/#breadcrumb\"},\"inLanguage\":\"vi\",\"potentialAction\":[{\"@type\":\"ReadAction\",\"target\":[\"http:\/\/mau.hoabinhweb.com\/thethao1\/san-pham\/mau-ao-da-bong-cau-lac-bo-thiet-ke-dep-v2122\/\"]}]},{\"@type\":\"BreadcrumbList\",\"@id\":\"http:\/\/mau.hoabinhweb.com\/thethao1\/san-pham\/mau-ao-da-bong-cau-lac-bo-thiet-ke-dep-v2122\/#breadcrumb\",\"itemListElement\":[{\"@type\":\"ListItem\",\"position\":1,\"name\":\"Trang ch\\u1ee7\",\"item\":\"https:\/\/mau.hoabinhweb.com\/thethao1\/\"},{\"@type\":\"ListItem\",\"position\":2,\"name\":\"S\\u1ea3n ph\\u1ea9m\",\"item\":\"http:\/\/mau.hoabinhweb.com\/thethao1\/san-pham\/\"},{\"@type\":\"ListItem\",\"position\":3,\"name\":\"M\\u1eabu \\u00e1o \\u0111\\u00e1 b\\u00f3ng C\\u00e2u l\\u1ea1c b\\u1ed9 thi\\u1ebft k\\u1ebf \\u0111\\u1eb9p V2122\"}]}]}<\/script>\n<!-- \/ Yoast SEO plugin. -->","yoast_head_json":{"title":"M\u1eabu \u00e1o \u0111\u00e1 b\u00f3ng C\u00e2u l\u1ea1c b\u1ed9 thi\u1ebft k\u1ebf \u0111\u1eb9p V2122 - AZ Sports","robots":{"index":"noindex","follow":"follow","max-snippet":"max-snippet:-1","max-image-preview":"max-image-preview:large","max-video-preview":"max-video-preview:-1"},"og_locale":"vi_VN","og_type":"article","og_title":"M\u1eabu \u00e1o \u0111\u00e1 b\u00f3ng C\u00e2u l\u1ea1c b\u1ed9 thi\u1ebft k\u1ebf \u0111\u1eb9p V2122 - AZ Sports","og_description":"V\u1eadn chuy\u1ec3n tr\u00ean to\u00e0n qu\u1ed1c  Cam k\u1ebft s\u1ea3n ph\u1ea9m \u0111\u00fang ch\u1ea5t l\u01b0\u1ee3ng mi\u00eau t\u1ea3 tr\u00ean website  B\u1ea3o h\u00e0nh ch\u00ednh h\u00e3ng  Ki\u1ec3m tra h\u00e0ng tr\u01b0\u1edbc khi thanh to\u00e1n  Hotline: 035 609 3690","og_url":"http:\/\/mau.hoabinhweb.com\/thethao1\/san-pham\/mau-ao-da-bong-cau-lac-bo-thiet-ke-dep-v2122\/","og_site_name":"AZ Sports","article_modified_time":"2021-08-24T15:02:41+00:00","og_image":[{"width":600,"height":600,"url":"http:\/\/mau.hoabinhweb.com\/thethao1\/wp-content\/uploads\/2020\/08\/sanpham-thethao11.jpg","path":"\/home\/louiskimmi\/domains\/giuviecngocanh.com\/public_html\/azsports\/wp-content\/uploads\/2020\/08\/sanpham-thethao11.jpg","size":"full","id":462,"alt":"Sanpham Thethao11","pixels":360000,"type":"image\/jpeg"}],"twitter_card":"summary_large_image","twitter_misc":{"\u01af\u1edbc t\u00ednh th\u1eddi gian \u0111\u1ecdc":"3 ph\u00fat"},"schema":{"@context":"https:\/\/schema.org","@graph":[{"@type":"WebSite","@id":"https:\/\/mau.hoabinhweb.com\/thethao1\/#website","url":"https:\/\/mau.hoabinhweb.com\/thethao1\/","name":"AZ Sports","description":"","potentialAction":[{"@type":"SearchAction","target":{"@type":"EntryPoint","urlTemplate":"https:\/\/mau.hoabinhweb.com\/thethao1\/?s={search_term_string}"},"query-input":"required name=search_term_string"}],"inLanguage":"vi"},{"@type":"ImageObject","@id":"http:\/\/mau.hoabinhweb.com\/thethao1\/san-pham\/mau-ao-da-bong-cau-lac-bo-thiet-ke-dep-v2122\/#primaryimage","inLanguage":"vi","url":"http:\/\/mau.hoabinhweb.com\/thethao1\/wp-content\/uploads\/2020\/08\/sanpham-thethao11.jpg","contentUrl":"http:\/\/mau.hoabinhweb.com\/thethao1\/wp-content\/uploads\/2020\/08\/sanpham-thethao11.jpg","width":600,"height":600,"caption":"Sanpham Thethao11"},{"@type":"WebPage","@id":"http:\/\/mau.hoabinhweb.com\/thethao1\/san-pham\/mau-ao-da-bong-cau-lac-bo-thiet-ke-dep-v2122\/#webpage","url":"http:\/\/mau.hoabinhweb.com\/thethao1\/san-pham\/mau-ao-da-bong-cau-lac-bo-thiet-ke-dep-v2122\/","name":"M\u1eabu \u00e1o \u0111\u00e1 b\u00f3ng C\u00e2u l\u1ea1c b\u1ed9 thi\u1ebft k\u1ebf \u0111\u1eb9p V2122 - AZ Sports","isPartOf":{"@id":"https:\/\/mau.hoabinhweb.com\/thethao1\/#website"},"primaryImageOfPage":{"@id":"http:\/\/mau.hoabinhweb.com\/thethao1\/san-pham\/mau-ao-da-bong-cau-lac-bo-thiet-ke-dep-v2122\/#primaryimage"},"datePublished":"2020-08-21T00:33:44+00:00","dateModified":"2021-08-24T15:02:41+00:00","breadcrumb":{"@id":"http:\/\/mau.hoabinhweb.com\/thethao1\/san-pham\/mau-ao-da-bong-cau-lac-bo-thiet-ke-dep-v2122\/#breadcrumb"},"inLanguage":"vi","potentialAction":[{"@type":"ReadAction","target":["http:\/\/mau.hoabinhweb.com\/thethao1\/san-pham\/mau-ao-da-bong-cau-lac-bo-thiet-ke-dep-v2122\/"]}]},{"@type":"BreadcrumbList","@id":"http:\/\/mau.hoabinhweb.com\/thethao1\/san-pham\/mau-ao-da-bong-cau-lac-bo-thiet-ke-dep-v2122\/#breadcrumb","itemListElement":[{"@type":"ListItem","position":1,"name":"Trang ch\u1ee7","item":"https:\/\/mau.hoabinhweb.com\/thethao1\/"},{"@type":"ListItem","position":2,"name":"S\u1ea3n ph\u1ea9m","item":"http:\/\/mau.hoabinhweb.com\/thethao1\/san-pham\/"},{"@type":"ListItem","position":3,"name":"M\u1eabu \u00e1o \u0111\u00e1 b\u00f3ng C\u00e2u l\u1ea1c b\u1ed9 thi\u1ebft k\u1ebf \u0111\u1eb9p V2122"}]}]}},"_links":{"self":[{"href":"http:\/\/mau.hoabinhweb.com\/thethao1\/wp-json\/wp\/v2\/product\/103"}],"collection":[{"href":"http:\/\/mau.hoabinhweb.com\/thethao1\/wp-json\/wp\/v2\/product"}],"about":[{"href":"http:\/\/mau.hoabinhweb.com\/thethao1\/wp-json\/wp\/v2\/types\/product"}],"wp:featuredmedia":[{"embeddable":true,"href":"http:\/\/mau.hoabinhweb.com\/thethao1\/wp-json\/wp\/v2\/media\/462"}],"wp:attachment":[{"href":"http:\/\/mau.hoabinhweb.com\/thethao1\/wp-json\/wp\/v2\/media?parent=103"}],"wp:term":[{"taxonomy":"product_cat","embeddable":true,"href":"http:\/\/mau.hoabinhweb.com\/thethao1\/wp-json\/wp\/v2\/product_cat?post=103"},{"taxonomy":"product_tag","embeddable":true,"href":"http:\/\/mau.hoabinhweb.com\/thethao1\/wp-json\/wp\/v2\/product_tag?post=103"}],"curies":[{"name":"wp","href":"https:\/\/api.w.org\/{rel}","templated":true}]}}