{"id":60,"date":"2022-04-15T16:22:18","date_gmt":"2022-04-15T09:22:18","guid":{"rendered":"https:\/\/kimnhaxinh.vn\/?post_type=product&amp;p=60"},"modified":"2022-04-15T16:22:18","modified_gmt":"2022-04-15T09:22:18","slug":"tuong-ngua-dong-ma-vang-decor-qtv011","status":"publish","type":"product","link":"http:\/\/mau.hoabinhweb.com\/quatang1\/san-pham\/tuong-ngua-dong-ma-vang-decor-qtv011\/","title":{"rendered":"T\u01b0\u1ee3ng Ng\u1ef1a \u0110\u1ed3ng M\u1ea1 V\u00e0ng Decor QTV011"},"content":{"rendered":"<p>L\u1eddi \u0111\u1ea7u ti\u00ean, Ho\u00e0 B\u00ecnh Web xin ch\u00e2n th\u00e0nh c\u1ea3m \u01a1n Qu\u00fd Kh\u00e1ch H\u00e0ng \u0111\u00e3 d\u00e0nh th\u1eddi gian t\u00ecm hi\u1ec3u v\u1ec1 c\u00e1c s\u1ea3n ph\u1ea9m\u00a0<strong>\u0111\u1ed3 trang tr\u00ed nh\u00e0 c\u1eeda<\/strong>\u00a0c\u0169ng nh\u01b0 ch\u00ednh s\u00e1ch b\u1ea3o h\u00e0nh, v\u1eadn chuy\u1ec3n v\u00e0 c\u00e1c ch\u01b0\u01a1ng tr\u00ecnh \u01b0u \u0111\u00e3i c\u1ee7a ch\u00fang t\u00f4i!<\/p>\n<p>V\u1edbi hi v\u1ecdng \u0111\u1ed3ng h\u00e0nh c\u00f9ng Qu\u00fd Kh\u00e1ch H\u00e0ng t\u00ecm ra nh\u1eefng m\u00f3n \u0111\u1ed3 decor ch\u1ea5t l\u01b0\u1ee3ng cao, sang tr\u1ecdng, \u0111\u1ed9c \u0111\u00e1o, \u0111\u1eb3ng c\u1ea5p, s\u00e1t gi\u00e1 v\u00e0 h\u01b0\u1edfng quy\u1ec1n l\u1ee3i kh\u00e1ch h\u00e0ng t\u1ed1t nh\u1ea5t. Ho\u00e0 B\u00ecnh Web \u0111\u00e3 n\u1ed7 l\u1ef1c t\u00ecm ra v\u00f4 v\u00e0n s\u1ea3n ph\u1ea9m sang x\u1ecbn, \u0111\u1eb9p m\u1eaft \u0111\u1ec3 b\u1ea1n th\u1ecfa th\u00edch l\u1ef1a ch\u1ecdn. T\u1eeb \u0111\u1ed3 trang tr\u00ed nh\u00e0 c\u1eeda \u0111\u01a1n gi\u1ea3n thanh l\u1ecbch, hi\u1ec7n \u0111\u1ea1i \u0111\u1eb3ng c\u1ea5p \u0111\u1ebfn c\u1ed5 \u0111i\u1ec3n n\u1ec1n n\u00e3 hay nh\u1eefng m\u00f3n \u0111\u1ed3 phong th\u1ee7y r\u01b0\u1edbc t\u00e0i l\u1ed9c, v\u1ea1n s\u1ef1 t\u1ed1t l\u00e0nh \u0111\u1ec1u h\u1ed9i t\u1ee5 t\u1ea1i \u0111\u00e2y:<\/p>\n<h3><strong><em>\u2665 K\u1ec7 r\u01b0\u1ee3u vang \u0111a phong c\u00e1ch \u2013 \u0110\u1ed3 decor trang tr\u00ed nh\u00e0 si\u00eau \u0111\u1ed9c \u0111\u00e1o<\/em><\/strong><\/h3>\n<p>N\u1ebfu nh\u01b0 r\u01b0\u1ee3u vang l\u00e0 th\u1ee9c qu\u00e0 \u0111\u1eadm \u0111\u00e0, n\u1ed3ng n\u00e0n c\u1ee7a cu\u1ed9c s\u1ed1ng th\u00ec chi\u1ebfc k\u1ec7 r\u01b0\u1ee3u l\u1ea1i l\u00e0 v\u1eadt \u201cb\u00e2t ly th\u00e2n\u201d t\u00f4n l\u00ean s\u1ef1 ki\u00eau sa, qu\u00fd ph\u00e1i v\u00e0 gu th\u1ea9m m\u1ef9 tinh t\u01b0\u1eddng c\u1ee7a nh\u1eefng ng\u01b0\u1eddi s\u00e0nh r\u01b0\u1ee3u. Khi l\u1ea1c b\u01b0\u1edbc v\u00e0o \u201cth\u1ebf gi\u1edbi\u201d k\u1ec7 r\u01b0\u1ee3u vang Ho\u00e0 B\u00ecnh Web, ch\u1eafc ch\u1eafn Qu\u00fd Kh\u00e1ch H\u00e0ng c\u00f3 ni\u1ec1m \u0111am m\u00ea b\u1ea5t t\u1eadn v\u1edbi th\u1ee9c u\u1ed1ng tuy\u1ec7t v\u1eddi n\u00e0y s\u1ebd m\u00ea m\u1ea9n v\u00ec s\u1ef1 tinh t\u1ebf, ch\u1ec9n chu, thanh l\u1ecbch v\u00e0 ho\u00e0n h\u1ea3o t\u1edbi t\u1eebng milimet.<\/p>\n<h3><em><strong>\u2665 \u0110\u1ed3 decor trang tr\u00ed k\u1ec7 tivi, k\u1ec7 t\u1ee7 thu\u1eadn phong th\u1ee7y:<\/strong><\/em><\/h3>\n<p>Chi\u1ebfc k\u1ec7 tivi \u0111\u01a1n \u0111i\u1ec7u c\u1ee7a Q\u00fay Kh\u00e1ch s\u1ebd b\u1eebng s\u1ee9c s\u1ed1ng khi c\u00f3 th\u00eam nh\u1eefng b\u1ee9c t\u01b0\u1ee3ng phong th\u1ee7y h\u00fat may m\u1eafn, t\u00e0i l\u1ed9c, c\u00e1t t\u01b0\u1eddng n\u00e0y. N\u1ebfu b\u1ea1n \u0111ang l\u00e0m kinh doanh th\u00ec \u0111\u00e2y ch\u00ednh x\u00e1c l\u00e0 nh\u1eefng m\u00f3n \u0111\u1ed3 h\u1ed7 tr\u1ee3 \u0111\u1eafc l\u1ef1c v\u1ec1 ph\u00fac kh\u00ed, gi\u00fap v\u1ea1n s\u1ef1 hanh th\u00f4ng, ti\u1ec1n t\u00e0i \u00e0o \u1ea1t.<\/p>\n<h3><strong><em>\u2665 \u0110\u1ed3 decor \u0111\u1ed3ng h\u1ed3 treo t\u01b0\u1eddng, \u0111\u1ec3 b\u00e0n trang tr\u00ed nh\u00e0 \u0111\u1eb9p s\u1ed1ng \u0111\u1ed9ng, h\u00fat h\u1ed3n:<\/em><\/strong><\/h3>\n<p>Ho\u00e0 B\u00ecnh Web c\u00f3 \u0111\u1ee7 c\u00e1c m\u1eabu \u0111\u1ed3ng h\u1ed3 treo t\u01b0\u1eddng 3D v\u00e0 \u0111\u1ed3ng h\u1ed3 \u0111\u1ec3 b\u00e0n trang tr\u00ed l\u1ed9t t\u1ea3 v\u1ebb \u0111\u1eb9p hi\u1ec7n \u0111\u1ea1i, trang nh\u00e3, lung linh c\u1ee7a t\u1ed5 \u1ea5m nh\u1ecf. \u0110\u00f3 l\u00e0 s\u1ef1 d\u1ecbu d\u00e0ng bay b\u1ed5ng c\u1ee7a m\u1eabu hoa v\u0103n l\u00f4ng v\u0169, chim c\u00f4ng\u2026 c\u1ee7a \u0111\u1ed3ng h\u1ed3 3D, \u0111\u00f3 l\u00e0 s\u1ef1 tinh kh\u00f4i v\u00e0 gi\u00e0u \u00fd ngh\u0129a c\u1ee7a c\u00e1c m\u1eabu \u0111\u1ed3ng h\u1ed3 \u0111\u1ec3 b\u00e0n sang x\u1ecbn. Khi chi\u00eam ng\u01b0\u1ee1ng v\u1ebb \u0111\u1eb9p \u201ckh\u00f4ng g\u00f3c ch\u1ebft\u201d c\u1ee7a t\u1eebng v\u1eadt ph\u1ea9m ngay t\u1ea1i showroom h\u1eb3n Qu\u00fd Kh\u00e1ch H\u00e0ng\u00a0 m\u00ea m\u1ea3i ng\u1eafm nh\u00ecn v\u00ec qu\u00e1 tinh x\u1ea3o.<\/p>\n<h3>\u2665<em>\u00a0<strong>B\u00ecnh g\u1ed1m s\u1ee9 hi\u1ec7n \u0111\u1ea1i, t\u00e2n c\u1ed5 \u0111i\u1ec3n, b\u00ecnh h\u00fat t\u00e0i l\u1ed9c g\u1ed1m s\u1ee9 B\u00e1t Tr\u00e0ng<\/strong><\/em><\/h3>\n<p>S\u1ef1 k\u1ebft h\u1ee3p ho\u00e0n h\u1ea3o gi\u1eefa c\u00e1c hoa v\u0103n m\u1ec1m m\u1ea1i tr\u00ean th\u00e2n g\u1ed1m, n\u01b0\u1edbc men s\u1ee9 ho\u00e0n h\u1ea3o c\u00f9ng n\u00e9t v\u1ebd v\u00e0ng 24k nguy\u00ean ch\u1ea5t tr\u00ean chi\u1ebfc b\u00ecnh g\u1ed1m s\u1ee9 s\u1ebd \u201ch\u1edbp h\u1ed3n\u201d Kh\u00e1ch H\u00e0ng t\u1eeb c\u00e1i li\u1ebfc nh\u1eb9 \u0111\u1ea7u ti\u00ean. Hi\u1ec7n t\u1ea1i, Ho\u00e0 B\u00ecnh Web c\u00f3 \u0111a d\u1ea1ng c\u00e1c m\u1eabu b\u00ecnh g\u1ed1m s\u1ee9 men r\u1ea1n, khay hoa qu\u1ea3 g\u1ed1m s\u1ee9 v\u00e0 c\u1ea3 b\u00ecnh g\u1ed1m s\u1ee9 t\u00e0i l\u1ed9c ph\u00f9 h\u1ee3p v\u1edbi nhi\u1ec1u phong c\u00e1ch trang tr\u00ed kh\u00e1c nhau \u0111\u1ec3 b\u1ea1n \u201cbi\u1ebfn h\u00f3a\u201d kh\u00f4ng gian s\u1ed1ng th\u00eam m\u00e0u s\u1eafc.<\/p>\n<h3><em><strong>\u2665<\/strong>\u00a0<strong>B\u1ed9 \u1ea5m tr\u00e0 cao c\u1ea5p ngh\u1ec7 thu\u1eadt x\u1ee9ng t\u1ea7m \u0111\u1ea1i gia<\/strong>:<\/em><\/h3>\n<p>Nh\u1eefng Qu\u00fd Kh\u00e1ch th\u00edch th\u01b0\u1edfng tr\u00e0 l\u00e0 nh\u1eefng ng\u01b0\u1eddi c\u00f3 t\u00e2m h\u1ed3n thanh t\u1ecbnh, bi\u1ebft \u00f4n nhu \u0111\u00fang l\u00fac v\u00e0 bi\u1ebft tr\u00e2n qu\u00fd nh\u1eefng gi\u00e1 tri tr\u1ecb tinh t\u00fay c\u1ee7a tr\u1eddi \u0111\u1ea5t qua c\u00e1ch nh\u00e2m nhi t\u1eebng gi\u1ecdt tr\u00e0. Ch\u00ednh v\u00ec l\u1ebd \u0111\u00f3, Ho\u00e0 B\u00ecnh Web \u0111\u00e3 nh\u1eadp kh\u1ea9u nh\u1eefng b\u1ed9 \u1ea5m tr\u00e0 \u0111\u1eafp n\u1ed5i 3D v\u1edbi nh\u1eefng h\u00ecnh t\u01b0\u01a1ng thanh khi\u1ebft, tinh kh\u00f4i v\u00e0 trong tr\u1ebbo nh\u01b0: hoa sen, c\u00e1 ch\u00e9p,\u2026 d\u00e0nh cho b\u1ea1n. Nh\u1ea5p m\u1ed9t ch\u00e9n tr\u00e0, ng\u1eafm ngh\u00eda lo\u00e0i \u201cqu\u1ed1c hoa\u201d tao nh\u00e3, m\u00e2n m\u00ea t\u1eebng \u0111\u01b0\u1eddng n\u00e9t g\u1ed1m s\u1ee9 \u0111\u1eafp n\u1ed5i tinh vi\u2026 \u0110\u1eb3ng c\u1ea5p l\u00e0 \u0111\u00e2y ch\u1ee9 c\u00f2n \u0111\u00e2u n\u1eefa?<\/p>\n<p>V\u1edbi \u0111\u1ecbnh h\u01b0\u1edbng x\u00e2y d\u1ef1ng th\u01b0\u01a1ng hi\u1ec7u gi\u1eef tr\u1ecdn ni\u1ec1m tin, khi t\u1edbi Ho\u00e0 B\u00ecnh Web Qu\u00fd Kh\u00e1ch s\u1ebd \u0111\u01b0\u1ee3c ph\u1ee5c v\u1ee5 v\u1edbi s\u1ef1 chuy\u00ean nghi\u1ec7p, t\u1eadn t\u00e2m v\u00e0 th\u00e2n thi\u1ec7n. \u0110\u1eb7c bi\u1ec7t, Ho\u00e0 B\u00ecnh Web c\u00f2n c\u00f3 chuy\u00ean gia phong th\u1ee7y v\u00e0 chuy\u00ean vi\u00ean t\u01b0 v\u1ea5n gi\u1ecfi s\u1eb5n s\u00e0ng h\u1ed7 tr\u1ee3 Anh \u2013 Ch\u1ecb ch\u1ecdn \u0111\u00fang m\u00f3n \u0111\u1ed3 trang tr\u00ed \u00fd ngh\u0129a, h\u1ee3p t\u00fai ti\u1ec1n, h\u1ee3p ng\u01b0\u1eddi, h\u1ee3p c\u1ea3nh.<\/p>\n","protected":false},"excerpt":{"rendered":"<ul>\n<li>V\u1eadn chuy\u1ec3n tr\u00ean to\u00e0n qu\u1ed1c<\/li>\n<li>Cam k\u1ebft ch\u1ea5t l\u01b0\u1ee3ng<\/li>\n<li>\u0110\u1ed5i tr\u1ea3 trong v\u00f2ng 72 gi\u1edd<\/li>\n<li>Hotline t\u01b0 v\u1ea5n: 035 609 3690<\/li>\n<\/ul>\n","protected":false},"featured_media":71,"comment_status":"closed","ping_status":"closed","template":"","meta":[],"product_cat":[28,29,30,17,18,19,20,21,22,23,24,25,26,27],"product_tag":[],"class_list":["post-60","product","type-product","status-publish","has-post-thumbnail","hentry","product_cat-binh-hut-tai-loc-gom-su","product_cat-binh-tai-loc-gom-bat-trang","product_cat-binh-tai-loc-gom-chu-dau","product_cat-danh-muc-trang-tri-decor","product_cat-decor-binh-gom-su-thuy-tinh","product_cat-do-decor-trang-tri-phong","product_cat-ke-ruou-ly-coc-va-gia-treo","product_cat-moc-khoa-dep-thoi-trang","product_cat-qua-cuoi-ky-niem-ngay-cuoi","product_cat-qua-tang-doi-tac-doanh-nghiep","product_cat-qua-tang-khai-truong","product_cat-qua-tang-sep-nam-sep-nu","product_cat-qua-tang-tan-gia-nha-moi","product_cat-tuong-decor-hien-dai-phong-thuy"],"yoast_head":"<!-- This site is optimized with the Yoast SEO plugin v18.3 - https:\/\/yoast.com\/wordpress\/plugins\/seo\/ -->\n<title>T\u01b0\u1ee3ng Ng\u1ef1a \u0110\u1ed3ng M\u1ea1 V\u00e0ng Decor QTV011 - Ho\u00e0 B\u00ecnh Web<\/title>\n<meta name=\"robots\" content=\"noindex, follow, max-snippet:-1, max-image-preview:large, max-video-preview:-1\" \/>\n<meta property=\"og:locale\" content=\"vi_VN\" \/>\n<meta property=\"og:type\" content=\"article\" \/>\n<meta property=\"og:title\" content=\"T\u01b0\u1ee3ng Ng\u1ef1a \u0110\u1ed3ng M\u1ea1 V\u00e0ng Decor QTV011 - Ho\u00e0 B\u00ecnh Web\" \/>\n<meta property=\"og:description\" content=\"V\u1eadn chuy\u1ec3n tr\u00ean to\u00e0n qu\u1ed1c  Cam k\u1ebft ch\u1ea5t l\u01b0\u1ee3ng  \u0110\u1ed5i tr\u1ea3 trong v\u00f2ng 72 gi\u1edd  Hotline t\u01b0 v\u1ea5n: 035 609 3690\" \/>\n<meta property=\"og:url\" content=\"http:\/\/mau.hoabinhweb.com\/quatang1\/san-pham\/tuong-ngua-dong-ma-vang-decor-qtv011\/\" \/>\n<meta property=\"og:site_name\" content=\"Ho\u00e0 B\u00ecnh Web\" \/>\n<meta property=\"og:image\" content=\"http:\/\/mau.hoabinhweb.com\/quatang1\/wp-content\/uploads\/2022\/04\/sanpham3.jpg\" \/>\n\t<meta property=\"og:image:width\" content=\"600\" \/>\n\t<meta property=\"og:image:height\" content=\"600\" \/>\n\t<meta property=\"og:image:type\" content=\"image\/jpeg\" \/>\n<meta name=\"twitter:card\" content=\"summary_large_image\" \/>\n<meta name=\"twitter:label1\" content=\"\u01af\u1edbc t\u00ednh th\u1eddi gian \u0111\u1ecdc\" \/>\n\t<meta name=\"twitter:data1\" content=\"5 ph\u00fat\" \/>\n<script type=\"application\/ld+json\" class=\"yoast-schema-graph\">{\"@context\":\"https:\/\/schema.org\",\"@graph\":[{\"@type\":\"WebSite\",\"@id\":\"http:\/\/mau.hoabinhweb.com\/quatang1\/#website\",\"url\":\"http:\/\/mau.hoabinhweb.com\/quatang1\/\",\"name\":\"Ho\u00e0 B\u00ecnh Web\",\"description\":\"\",\"potentialAction\":[{\"@type\":\"SearchAction\",\"target\":{\"@type\":\"EntryPoint\",\"urlTemplate\":\"http:\/\/mau.hoabinhweb.com\/quatang1\/?s={search_term_string}\"},\"query-input\":\"required name=search_term_string\"}],\"inLanguage\":\"vi\"},{\"@type\":\"ImageObject\",\"@id\":\"http:\/\/mau.hoabinhweb.com\/quatang1\/san-pham\/tuong-ngua-dong-ma-vang-decor-qtv011\/#primaryimage\",\"inLanguage\":\"vi\",\"url\":\"http:\/\/mau.hoabinhweb.com\/quatang1\/wp-content\/uploads\/2022\/04\/sanpham3.jpg\",\"contentUrl\":\"http:\/\/mau.hoabinhweb.com\/quatang1\/wp-content\/uploads\/2022\/04\/sanpham3.jpg\",\"width\":600,\"height\":600,\"caption\":\"Sanpham3\"},{\"@type\":\"WebPage\",\"@id\":\"http:\/\/mau.hoabinhweb.com\/quatang1\/san-pham\/tuong-ngua-dong-ma-vang-decor-qtv011\/#webpage\",\"url\":\"http:\/\/mau.hoabinhweb.com\/quatang1\/san-pham\/tuong-ngua-dong-ma-vang-decor-qtv011\/\",\"name\":\"T\u01b0\u1ee3ng Ng\u1ef1a \u0110\u1ed3ng M\u1ea1 V\u00e0ng Decor QTV011 - Ho\u00e0 B\u00ecnh Web\",\"isPartOf\":{\"@id\":\"http:\/\/mau.hoabinhweb.com\/quatang1\/#website\"},\"primaryImageOfPage\":{\"@id\":\"http:\/\/mau.hoabinhweb.com\/quatang1\/san-pham\/tuong-ngua-dong-ma-vang-decor-qtv011\/#primaryimage\"},\"datePublished\":\"2022-04-15T09:22:18+00:00\",\"dateModified\":\"2022-04-15T09:22:18+00:00\",\"breadcrumb\":{\"@id\":\"http:\/\/mau.hoabinhweb.com\/quatang1\/san-pham\/tuong-ngua-dong-ma-vang-decor-qtv011\/#breadcrumb\"},\"inLanguage\":\"vi\",\"potentialAction\":[{\"@type\":\"ReadAction\",\"target\":[\"http:\/\/mau.hoabinhweb.com\/quatang1\/san-pham\/tuong-ngua-dong-ma-vang-decor-qtv011\/\"]}]},{\"@type\":\"BreadcrumbList\",\"@id\":\"http:\/\/mau.hoabinhweb.com\/quatang1\/san-pham\/tuong-ngua-dong-ma-vang-decor-qtv011\/#breadcrumb\",\"itemListElement\":[{\"@type\":\"ListItem\",\"position\":1,\"name\":\"Trang ch\u1ee7\",\"item\":\"http:\/\/mau.hoabinhweb.com\/quatang1\/\"},{\"@type\":\"ListItem\",\"position\":2,\"name\":\"S\u1ea3n ph\u1ea9m\",\"item\":\"http:\/\/mau.hoabinhweb.com\/quatang1\/san-pham\/\"},{\"@type\":\"ListItem\",\"position\":3,\"name\":\"Danh m\u1ee5c trang tr\u00ed Decor\",\"item\":\"https:\/\/mau.hoabinhweb.com\/quatang1\/danh-muc\/danh-muc-trang-tri-decor\/\"},{\"@type\":\"ListItem\",\"position\":4,\"name\":\"B\u00ecnh H\u00fat T\u00e0i L\u1ed9c G\u1ed1m S\u1ee9\",\"item\":\"http:\/\/mau.hoabinhweb.com\/quatang1\/danh-muc\/danh-muc-trang-tri-decor\/binh-hut-tai-loc-gom-su\/\"},{\"@type\":\"ListItem\",\"position\":5,\"name\":\"T\u01b0\u1ee3ng Ng\u1ef1a \u0110\u1ed3ng M\u1ea1 V\u00e0ng Decor QTV011\"}]}]}<\/script>\n<!-- \/ Yoast SEO plugin. -->","yoast_head_json":{"title":"T\u01b0\u1ee3ng Ng\u1ef1a \u0110\u1ed3ng M\u1ea1 V\u00e0ng Decor QTV011 - Ho\u00e0 B\u00ecnh Web","robots":{"index":"noindex","follow":"follow","max-snippet":"max-snippet:-1","max-image-preview":"max-image-preview:large","max-video-preview":"max-video-preview:-1"},"og_locale":"vi_VN","og_type":"article","og_title":"T\u01b0\u1ee3ng Ng\u1ef1a \u0110\u1ed3ng M\u1ea1 V\u00e0ng Decor QTV011 - Ho\u00e0 B\u00ecnh Web","og_description":"V\u1eadn chuy\u1ec3n tr\u00ean to\u00e0n qu\u1ed1c  Cam k\u1ebft ch\u1ea5t l\u01b0\u1ee3ng  \u0110\u1ed5i tr\u1ea3 trong v\u00f2ng 72 gi\u1edd  Hotline t\u01b0 v\u1ea5n: 035 609 3690","og_url":"http:\/\/mau.hoabinhweb.com\/quatang1\/san-pham\/tuong-ngua-dong-ma-vang-decor-qtv011\/","og_site_name":"Ho\u00e0 B\u00ecnh Web","og_image":[{"width":600,"height":600,"url":"http:\/\/mau.hoabinhweb.com\/quatang1\/wp-content\/uploads\/2022\/04\/sanpham3.jpg","type":"image\/jpeg"}],"twitter_card":"summary_large_image","twitter_misc":{"\u01af\u1edbc t\u00ednh th\u1eddi gian \u0111\u1ecdc":"5 ph\u00fat"},"schema":{"@context":"https:\/\/schema.org","@graph":[{"@type":"WebSite","@id":"http:\/\/mau.hoabinhweb.com\/quatang1\/#website","url":"http:\/\/mau.hoabinhweb.com\/quatang1\/","name":"Ho\u00e0 B\u00ecnh Web","description":"","potentialAction":[{"@type":"SearchAction","target":{"@type":"EntryPoint","urlTemplate":"http:\/\/mau.hoabinhweb.com\/quatang1\/?s={search_term_string}"},"query-input":"required name=search_term_string"}],"inLanguage":"vi"},{"@type":"ImageObject","@id":"http:\/\/mau.hoabinhweb.com\/quatang1\/san-pham\/tuong-ngua-dong-ma-vang-decor-qtv011\/#primaryimage","inLanguage":"vi","url":"http:\/\/mau.hoabinhweb.com\/quatang1\/wp-content\/uploads\/2022\/04\/sanpham3.jpg","contentUrl":"http:\/\/mau.hoabinhweb.com\/quatang1\/wp-content\/uploads\/2022\/04\/sanpham3.jpg","width":600,"height":600,"caption":"Sanpham3"},{"@type":"WebPage","@id":"http:\/\/mau.hoabinhweb.com\/quatang1\/san-pham\/tuong-ngua-dong-ma-vang-decor-qtv011\/#webpage","url":"http:\/\/mau.hoabinhweb.com\/quatang1\/san-pham\/tuong-ngua-dong-ma-vang-decor-qtv011\/","name":"T\u01b0\u1ee3ng Ng\u1ef1a \u0110\u1ed3ng M\u1ea1 V\u00e0ng Decor QTV011 - Ho\u00e0 B\u00ecnh Web","isPartOf":{"@id":"http:\/\/mau.hoabinhweb.com\/quatang1\/#website"},"primaryImageOfPage":{"@id":"http:\/\/mau.hoabinhweb.com\/quatang1\/san-pham\/tuong-ngua-dong-ma-vang-decor-qtv011\/#primaryimage"},"datePublished":"2022-04-15T09:22:18+00:00","dateModified":"2022-04-15T09:22:18+00:00","breadcrumb":{"@id":"http:\/\/mau.hoabinhweb.com\/quatang1\/san-pham\/tuong-ngua-dong-ma-vang-decor-qtv011\/#breadcrumb"},"inLanguage":"vi","potentialAction":[{"@type":"ReadAction","target":["http:\/\/mau.hoabinhweb.com\/quatang1\/san-pham\/tuong-ngua-dong-ma-vang-decor-qtv011\/"]}]},{"@type":"BreadcrumbList","@id":"http:\/\/mau.hoabinhweb.com\/quatang1\/san-pham\/tuong-ngua-dong-ma-vang-decor-qtv011\/#breadcrumb","itemListElement":[{"@type":"ListItem","position":1,"name":"Trang ch\u1ee7","item":"http:\/\/mau.hoabinhweb.com\/quatang1\/"},{"@type":"ListItem","position":2,"name":"S\u1ea3n ph\u1ea9m","item":"http:\/\/mau.hoabinhweb.com\/quatang1\/san-pham\/"},{"@type":"ListItem","position":3,"name":"Danh m\u1ee5c trang tr\u00ed Decor","item":"https:\/\/mau.hoabinhweb.com\/quatang1\/danh-muc\/danh-muc-trang-tri-decor\/"},{"@type":"ListItem","position":4,"name":"B\u00ecnh H\u00fat T\u00e0i L\u1ed9c G\u1ed1m S\u1ee9","item":"http:\/\/mau.hoabinhweb.com\/quatang1\/danh-muc\/danh-muc-trang-tri-decor\/binh-hut-tai-loc-gom-su\/"},{"@type":"ListItem","position":5,"name":"T\u01b0\u1ee3ng Ng\u1ef1a \u0110\u1ed3ng M\u1ea1 V\u00e0ng Decor QTV011"}]}]}},"_links":{"self":[{"href":"http:\/\/mau.hoabinhweb.com\/quatang1\/wp-json\/wp\/v2\/product\/60","targetHints":{"allow":["GET"]}}],"collection":[{"href":"http:\/\/mau.hoabinhweb.com\/quatang1\/wp-json\/wp\/v2\/product"}],"about":[{"href":"http:\/\/mau.hoabinhweb.com\/quatang1\/wp-json\/wp\/v2\/types\/product"}],"replies":[{"embeddable":true,"href":"http:\/\/mau.hoabinhweb.com\/quatang1\/wp-json\/wp\/v2\/comments?post=60"}],"wp:featuredmedia":[{"embeddable":true,"href":"http:\/\/mau.hoabinhweb.com\/quatang1\/wp-json\/wp\/v2\/media\/71"}],"wp:attachment":[{"href":"http:\/\/mau.hoabinhweb.com\/quatang1\/wp-json\/wp\/v2\/media?parent=60"}],"wp:term":[{"taxonomy":"product_cat","embeddable":true,"href":"http:\/\/mau.hoabinhweb.com\/quatang1\/wp-json\/wp\/v2\/product_cat?post=60"},{"taxonomy":"product_tag","embeddable":true,"href":"http:\/\/mau.hoabinhweb.com\/quatang1\/wp-json\/wp\/v2\/product_tag?post=60"}],"curies":[{"name":"wp","href":"https:\/\/api.w.org\/{rel}","templated":true}]}}