{"id":73,"date":"2022-10-28T15:03:53","date_gmt":"2022-10-28T08:03:53","guid":{"rendered":"http:\/\/mau.hoabinhweb.com\/noithat2\/?post_type=product&#038;p=73"},"modified":"2022-11-06T18:05:57","modified_gmt":"2022-11-06T11:05:57","slug":"san-nhua-hem-khoa-florton-spc-fs4808","status":"publish","type":"product","link":"http:\/\/mau.hoabinhweb.com\/noithat2\/san-pham\/san-nhua-hem-khoa-florton-spc-fs4808\/","title":{"rendered":"S\u00e0n nh\u1ef1a h\u00e8m kh\u00f3a Florton SPC FS4808"},"content":{"rendered":"<p><strong>S\u00e0n nh\u1ef1a<\/strong>\u00a0l\u1ea7n \u0111\u1ea7u ti\u00ean xu\u1ea5t hi\u1ec7n t\u1ea1i \u0110\u1ee9c, sau \u0111\u00f3 lan r\u1ed9ng ra m\u1ed9t s\u1ed1 qu\u1ed1c gia ph\u00e1t tri\u1ec3n kh\u00e1c nh\u01b0 Anh, M\u1ef9..Tuy nhi\u00ean, c\u00f4ng ngh\u1ec7 s\u1ea3n xu\u1ea5t s\u00e0n nh\u1ef1a l\u1ea1i ph\u00e1t tri\u1ec3n m\u1ea1nh m\u1ebd \u1edf H\u00e0n Qu\u1ed1c v\u00e0 Nh\u1eadt do n\u00f3 ph\u00f9 h\u1ee3p v\u1edbi kh\u00ed h\u1eadu v\u00e0 th\u1eddi ti\u1ebft \u1edf \u0111\u00e2y. T\u1eeb \u0111\u00f3, s\u00e0n nh\u1ef1a vinyl m\u1edf r\u1ed9ng th\u1ecb tr\u01b0\u1eddng ch\u00e2u \u00c1 \u1edf m\u1ed9t s\u1ed1 qu\u1ed1c gia nh\u01b0 \u0110\u00e0i Loan, Indonexia, H\u00e0n Qu\u1ed1c. \u0110\u1ebfn nay, quy m\u00f4 ph\u00e1t tri\u1ec3n s\u00e0n nh\u1ef1a \u0111\u00e3 m\u1edf r\u1ed9ng h\u01a1n r\u1ea5t nhi\u1ec1u, r\u1ea3i r\u00e1c h\u1ea7u h\u1ebft \u1edf t\u1ea5t c\u1ea3 c\u00e1c n\u01b0\u1edbc tr\u00ean th\u1ebf gi\u1edbi v\u00e0 trong \u0111\u00f3 c\u00f3 Vi\u1ec7t Nam.<\/p>\n<p>S\u00e0n nh\u1ef1a mang \u0111\u1ebfn cho ng\u01b0\u1eddi ti\u00eau d\u00f9ng nhi\u1ec1u \u01b0u \u0111i\u1ec3m v\u01b0\u1ee3t tr\u1ed9i nh\u01b0: kh\u1ea3 n\u0103ng ch\u1ecbu n\u01b0\u1edbc, ch\u1ed1ng n\u1ea5m m\u1ed1c, m\u1ed1i m\u1ecdt si\u00eau vi\u1ec7t, t\u00ednh th\u1ea9m m\u1ef9 cao v\u00e0 an to\u00e0n cho ng\u01b0\u1eddi s\u1eed d\u1ee5ng. Gi\u00e1 c\u1ee7a s\u00e0n nh\u1ef1a c\u0169ng c\u1ea1nh tranh h\u01a1n c\u00e1c lo\u1ea1i s\u00e0n g\u1ed7 c\u00f4ng nghi\u1ec7p v\u00e0 s\u00e0n g\u1ed7 t\u1ef1 nhi\u00ean n\u00ean \u0111\u01b0\u1ee3c nhi\u1ec1u ng\u01b0\u1eddi ti\u00eau d\u00f9ng Vi\u1ec7t Nam y\u00eau th\u00edch l\u1ef1a ch\u1ecdn.<\/p>\n<h2><strong>1\/ C\u1ea5u t\u1ea1o c\u1ee7a s\u00e0n nh\u1ef1a<\/strong><\/h2>\n<p><strong>S\u00e0n nh\u1ef1a l\u00e0 g\u00ec?<\/strong><\/p>\n<p>S\u00e0n nh\u1ef1a \u0111\u01b0\u1ee3c c\u1ea5u t\u1ea1o t\u1eeb 90% nh\u1ef1a d\u1ebbo PVC (Polyvinyl Clorua) \u00e9p \u1edf m\u1eadt \u0111\u1ed9 cao v\u00e0 10% c\u00f2n l\u1ea1i l\u00e0 b\u1ed9t \u0111\u00e1 v\u00e0 c\u00e1c ch\u1ea5t ph\u1ee5 gia kh\u00e1c gi\u00fap s\u00e0n b\u1ec1n \u0111\u1eb9p, s\u00e1ng b\u00f3ng v\u00e0 sang tr\u1ecdng. \u0110\u00e2y l\u00e0 s\u1ea3n ph\u1ea9m \u0111\u01b0\u1ee3c s\u1ea3n xu\u1ea5t d\u1ef1a tr\u00ean d\u00e2y truy\u1ec1n c\u00f4ng ngh\u1ec7 ti\u00ean ti\u1ebfn nh\u1ea5t c\u1ee7a H\u00e0n Qu\u1ed1c, \u0111\u1ea1t ti\u00eau chu\u1ea9n cao c\u1ee7a Ch\u00e2u \u00c2u v\u00e0 Ch\u00e2u M\u1ef9.<\/p>\n<p><strong>C\u1ea5u t\u1ea1o s\u00e0n nh\u1ef1a<\/strong><\/p>\n<ul>\n<li><strong>L\u1edbp b\u1ec1 m\u1eb7t UV<\/strong>\u00a0\u0111\u01b0\u1ee3c ph\u1ee7 l\u1edbp UV m\u1ea1 kim lo\u1ea1i (metal embross) b\u1eb1ng c\u00f4ng ngh\u1ec7 NANO silver c\u00f3 t\u00e1c d\u1ee5ng l\u00e0m c\u1ee9ng v\u00e0 t\u0103ng s\u1ee9c c\u0103ng b\u1ec1 m\u1eb7t, gi\u00fap b\u1ea3o v\u1ec7 cho s\u00e0n nh\u1ef1a kh\u00f4ng b\u1ecb b\u00e1m b\u1ea9n v\u00e0 \u0111\u1ea3m b\u1ea3o \u0111\u1ed9 b\u1ec1n sau nhi\u1ec1u n\u0103m s\u1eed d\u1ee5ng.<\/li>\n<li>L\u1edbp \u00e1o (0.3\/0.5\/0.7mm): L\u00e0 l\u1edbp trong su\u1ed1t c\u00f3 t\u00e1c d\u1ee5ng ch\u1ed1ng m\u00e0i m\u00f2n, ch\u1ed1ng tr\u01a1n tr\u01b0\u1ee3t, ch\u1ed1ng n\u01b0\u1edbc v\u00e0 s\u1ef1 t\u00e1c \u0111\u1ed9ng c\u1ee7a m\u00f4i tr\u01b0\u1eddng t\u1ef1 nhi\u00ean. L\u1edbp n\u00e0y c\u00f2n c\u00f3 t\u00e1c d\u1ee5ng b\u1ea3o v\u1ec7 l\u1edbp m\u00e0u s\u1eafc c\u1ee7a s\u00e0n nh\u1ef1a \u0111\u01b0\u1ee3c b\u1ec1n l\u00e2u.<\/li>\n<li><strong>L\u1edbp Film v\u00e2n g\u1ed7 \u0111\u01b0\u1ee3c in b\u1eb1ng c\u00f4ng ngh\u1ec7 3D<\/strong>\u00a0cao c\u1ea5p c\u00f3 th\u1ec3 t\u1ea1o ra nhi\u1ec1u m\u00e0u s\u1eafc gi\u1ed1ng v\u1edbi v\u00e2n g\u1ed7 ho\u1eb7c v\u00e2n \u0111\u00e1 t\u1ef1 nhi\u00ean, th\u1eadm ch\u00ed c\u00f2n t\u1ea1o \u0111\u01b0\u1ee3c \u0111\u1ed9 n\u1ed5i gi\u1ed1ng nh\u01b0 v\u00e2n g\u1ed7 t\u1ef1 nhi\u00ean<\/li>\n<li><strong>L\u1edbp l\u00f5i PVC<\/strong>: L\u1edbp n\u00e0y \u0111\u01b0\u1ee3c t\u1ea1o th\u00e0nh ch\u1ee7 y\u1ebfu b\u1edfi nh\u1ef1a PVC, c\u00f3 t\u00e1c d\u1ee5ng ch\u1ed1ng cong v\u00eanh do nhi\u1ec7t \u0111\u1ed9 thay \u0111\u1ed5i, \u0111\u00e0n h\u1ed3i t\u1ed1t, kh\u1ea3 n\u0103ng ch\u1ecbu l\u1ef1c t\u1ed1t.<\/li>\n<li><strong>L\u1edbp \u0111\u1ebf PVC<\/strong>\u00a0\u0111\u01b0\u1ee3c c\u1ea5u t\u1ea1o 100% t\u1eeb nh\u1ef1a nguy\u00ean sinh c\u00f3 t\u00e1c d\u1ee5ng ch\u1ed1ng s\u1ef1 b\u1ed1c h\u01a1i n\u01b0\u1edbc t\u1eeb d\u01b0\u1edbi m\u1eb7t \u0111\u1ea5t h\u1eaft l\u00ean s\u00e0n, \u0111\u1ed3ng th\u1eddi gi\u00fap g\u1eafn k\u1ebft ch\u1eb7t v\u1edbi keo d\u00e1n chuy\u00ean d\u1ee5ng v\u1edbi m\u1eb7t s\u00e0n.<\/li>\n<\/ul>\n<p>S\u00e0n nh\u1ef1a c\u00f3 c\u1ea5u t\u1ea1o \u0111\u1eb7c bi\u1ec7t, t\u1ea1o n\u00ean m\u1ed9t v\u1eadt li\u1ec7u l\u00e1t s\u00e0n ch\u1ea5t l\u01b0\u1ee3ng, v\u01b0\u1ee3t tr\u1ed9i h\u01a1n s\u00e0n g\u1ed7 c\u00f4ng nghi\u1ec7p<\/p>\n<h2><strong>2\/ \u01afu \u0111i\u1ec3m c\u1ee7a s\u00e0n nh\u1ef1a\u00a0\u00a0 \u00a0<\/strong><\/h2>\n<ul>\n<li><strong>Kh\u00e1ng n\u01b0\u1edbc 100%<\/strong>: S\u00e0n nh\u1ef1a vinyl\u00a0ch\u1ed1ng ch\u1ecbu n\u01b0\u1edbc si\u00eau vi\u1ec7t, c\u00f3 th\u1ec3 ng\u00e2m ng\u1eadp n\u01b0\u1edbc trong th\u1eddi gian d\u00e0i m\u00e0 kh\u00f4ng b\u1ecb ph\u1ed3ng r\u1ed9p, cong v\u00eanh. \u0110\u00e2y l\u00e0 \u0111\u1eb7c t\u00ednh v\u01b0\u1ee3t tr\u1ed9i h\u01a1n c\u1ea3 s\u00e0n g\u1ed7 c\u00f4ng nghi\u1ec7p v\u00e0 s\u00e0n g\u1ed7 t\u1ef1 nhi\u00ean cao c\u1ea5p. S\u00e0n nh\u1ef1a c\u00f2n c\u00f3 kh\u1ea3 n\u0103ng ch\u1ed1ng n\u1ea5m m\u1ed1c, m\u1ed1i m\u1ecdt cao, \u0111\u1ea3m b\u1ea3o \u0111\u1ed9 b\u1ec1n \u0111\u1eb9p c\u1ee7a s\u00e0n trong th\u1eddi gian d\u00e0i s\u1eed d\u1ee5ng<\/li>\n<li><strong>\u0110\u1ed9 b\u1ec1n cao<\/strong>: \u00a0V\u00e1n nh\u1ef1a c\u00f3 kh\u1ea3 n\u0103ng ch\u1ecbu l\u1ef1c, ch\u1ed1ng va \u0111\u1eadp m\u1ea1nh, c\u00f3 \u0111\u1ed9 \u0111\u00e0n h\u1ed3i cao, \u0111i l\u1ea1i \u00eam \u00e1i, kh\u00f4ng g\u00e2y ra ti\u1ebfng \u1ed3n. B\u1ec1 m\u1eb7t s\u00e0n nh\u1ef1a c\u1ee9ng r\u1eafn, gi\u00fap ch\u1ed1ng tr\u1ea7y x\u01b0\u1edbc v\u00e0 tr\u01a1n tr\u01b0\u1ee3t t\u1ed1t<\/li>\n<li><strong>Gi\u1ea3m \u1ed3n<\/strong>: Gi\u1ea3m \u1ed3n l\u00ean t\u1edbi 90% khi \u0111i l\u1ea1i, ch\u1ea1y nh\u1ea3y ho\u1eb7c di chuy\u1ec3n \u0111\u1ed3 \u0111\u1ea1c tr\u00ean b\u1ec1 m\u1eb7t s\u00e0n<\/li>\n<li><strong>D\u1ec5 d\u00e0ng l\u1eafp \u0111\u1eb7t v\u00e0 thi c\u00f4ng<\/strong>: S\u00e0n nh\u1ef1a c\u00f3 qu\u00e1 tr\u00ecnh thi c\u00f4ng l\u1eafp \u0111\u1eb7t \u0111\u01a1n gi\u1ea3n, nhanh ch\u00f3ng, ch\u00fang\u00a0ta c\u00f3 th\u1ec3 t\u1ef1 thi c\u00f4ng, gi\u00fap ti\u1ebft ki\u1ec7m \u0111\u01b0\u1ee3c th\u1eddi gian c\u00f4ng s\u1ee9c l\u1eafp \u0111\u1eb7t.<\/li>\n<li><strong>M\u1eabu m\u00e3 \u0111\u1eb9p<\/strong>: S\u00e0n nh\u1ef1a c\u00f3 r\u1ea5t nhi\u1ec1u m\u1eabu m\u00e3 \u0111\u1eb9p, th\u1ecfa m\u00e3n nhu c\u1ea7u l\u1ef1a ch\u1ecdn c\u1ee7a ng\u01b0\u1eddi ti\u00eau d\u00f9ng. N\u1ebfu ch\u1ec9 nh\u00ecn s\u01a1 qua, kh\u00f3 c\u00f3 th\u1ec3 \u0111o\u00e1n \u0111\u01b0\u1ee3c \u0111\u00e2y l\u00e0 s\u00e0n nh\u1ef1a b\u1edfi c\u00f4ng ngh\u1ec7 in 3D cao c\u1ea5p \u0111\u00e3 mang l\u1ea1i m\u1ed9t v\u1ebb \u0111\u1eb9p t\u1ef1 nhi\u00ean cho s\u00e0n nh\u00e0, t\u1ea1o kh\u00f4ng gian g\u1ea7n g\u0169i, sang tr\u1ecdng nh\u01b0 s\u00e0n g\u1ed7 t\u1ef1 nhi\u00ean<\/li>\n<li><strong>Gi\u00e1 th\u00e0nh r\u1ebb<\/strong>: S\u00e0n nh\u1ef1a \u0111\u01b0\u1ee3c s\u1ea3n xu\u1ea5t qua d\u00e2y truy\u1ec1n hi\u1ec7n \u0111\u1ea1i, ti\u1ebft ki\u1ec7m r\u1ea5t nhi\u1ec1u chi ph\u00ed s\u1ea3n xu\u1ea5t c\u0169ng nh\u01b0 chi ph\u00ed thu\u00ea nh\u00e2n c\u00f4ng n\u00ean gi\u00e1 th\u00e0nh c\u1ee7a s\u00e0n nh\u1ef1a kh\u00e1 h\u1ee3p l\u00ed, th\u1ea5p h\u01a1n s\u00e0n g\u1ed7 c\u00f4ng nghi\u1ec7p v\u00e0 s\u00e0n g\u1ed7 t\u1ef1 nhi\u00ean c\u00f3 c\u00f9ng ch\u1ea5t l\u01b0\u1ee3ng. \u0110i\u1ec1u n\u00e0y ph\u00f9 h\u1ee3p \u0111\u01b0\u1ee3c v\u1edbi nhi\u1ec1u \u0111\u1ed1i t\u01b0\u1ee3ng ti\u00eau d\u00f9ng kh\u00e1c nhau.<\/li>\n<\/ul>\n<h2><strong>3\/ So s\u00e1nh s\u00e0n nh\u1ef1a v\u00e0 s\u00e0n g\u1ed7 c\u00f4ng nghi\u1ec7p<\/strong><\/h2>\n<p>S\u00e0n nh\u1ef1a v\u00e0\u00a0<strong>s\u00e0n g\u1ed7 c\u00f4ng nghi\u1ec7p<\/strong>\u00a0l\u00e0 2 v\u1eadt li\u1ec7u l\u00e1t s\u00e0n hi\u1ec7n \u0111\u1ea1i. C\u1ea3 2 \u0111\u1ec1u c\u00f3 nh\u1eefng \u01b0u \u0111i\u1ec3m n\u1ed5i b\u1eadt, \u0111\u00e1p \u1ee9ng \u0111\u01b0\u1ee3c nhu c\u1ea7u v\u00e0 \u0111i\u1ec1u ki\u1ec7n ri\u00eang c\u1ee7a ng\u01b0\u1eddi ti\u00eau d\u00f9ng.<\/p>\n<table border=\"1em\">\n<tbody>\n<tr>\n<td><strong>Ti\u00eau ch\u00ed<\/strong><\/td>\n<td><strong>S\u00e0n nh\u1ef1a<\/strong><\/td>\n<td><strong>S\u00e0n g\u1ed7 c\u00f4ng nghi\u1ec7p<\/strong><\/td>\n<\/tr>\n<tr>\n<td><strong>Kh\u1ea3 n\u0103ng ch\u1ecbu n\u01b0\u1edbc<\/strong><\/td>\n<td>Kh\u00e1ng n\u01b0\u1edbc 100%<\/td>\n<td>H\u1ea1n ch\u1ebf<\/td>\n<\/tr>\n<tr>\n<td><strong>V\u1ec7 sinh, lau ch\u00f9i<\/strong><\/td>\n<td>D\u1ec5 d\u00e0ng lau ch\u00f9i b\u1eb3ng gi\u1ebb ho\u1eb7c v\u1ea3i \u01b0\u1edbt\n<p>N\u00ean s\u1eed d\u1ee5ng ch\u1ea5t t\u1ea9y r\u1eeda nh\u1eb9, kh\u00f4ng c\u00f3 t\u00ednh m\u00e0i m\u00f2n<\/p><\/td>\n<td>D\u1ec5 d\u00e0ng lau ch\u00f9i b\u1eb3ng gi\u1ebb kh\u00f4 ho\u1eb7c \u1ea9m, kh\u00f4ng s\u1eed d\u1ee5ng gi\u1ebb \u01b0\u1edbt\n<p>Kh\u00f4ng s\u1eed d\u1ee5ng ch\u1ea5t t\u1ea9y r\u1eeda m\u1ea1nh, c\u00f3 t\u00ednh m\u00e0i m\u00f2n.<\/p>\n<p>C\u00f3 th\u1ec3 d\u00f9ng ho\u00e1 ch\u1ea5t \u0111\u1ec3 lo\u1ea1i b\u1ecf c\u00e1c v\u1ebft b\u1ea9n dai d\u1eb3ng, nh\u01b0ng h\u1ea1n ch\u1ebf<\/p><\/td>\n<\/tr>\n<tr>\n<td><strong>M\u00e0u s\u1eafc<\/strong><\/td>\n<td>\u0110a d\u1ea1ng v\u1ec1 m\u00e0u s\u1eafc, h\u1ecda ti\u1ebft: v\u00e2n g\u1ed7, v\u00e2n \u0111\u00e1, v\u00e2n th\u1ea3m<\/td>\n<td>V\u00e2n g\u1ed7<\/td>\n<\/tr>\n<tr>\n<td><strong>Quy c\u00e1ch<\/strong><\/td>\n<td>D\u00e0y: 2 | 3 | 4 | 7 mm\n<p>R\u1ed9ng: 90 mm \u2013 600 mm<\/p>\n<p>D\u00e0i: 300 mm \u2013 2000 mm<\/p><\/td>\n<td>\u0110\u1ed9 d\u00e0y 8 | 10| 11| 12 mm\n<p>R\u1ed9ng t\u1eeb 90mm \u2013 250 mm<\/p>\n<p>D\u00e0i: 800 mm \u2013 2000 mm<\/p><\/td>\n<\/tr>\n<tr>\n<td><strong>L\u1eafp \u0111\u1eb7t<\/strong><\/td>\n<td>D\u00e1n keo, t\u1ef1 d\u00e1n, h\u00e8m kh\u00f3a<\/td>\n<td>H\u00e8m kh\u00f3a<\/td>\n<\/tr>\n<tr>\n<td><strong>Gi\u00e1 th\u00e0nh<\/strong><\/td>\n<td>Th\u1ea5p h\u01a1n s\u00e0n g\u1ed7 c\u00f4ng nghi\u1ec7p c\u00f3 c\u00f9ng ch\u1ea5t l\u01b0\u1ee3ng<\/td>\n<td>Cao h\u01a1n s\u00e0n nh\u1ef1a c\u00f9ng ch\u1ea5t l\u01b0\u1ee3ng<\/td>\n<\/tr>\n<tr>\n<td><strong>An to\u00e0n<\/strong><\/td>\n<td>Kh\u00f4ng tuy\u1ec7t \u0111\u1ed1i<\/td>\n<td>An to\u00e0n tuy\u1ec7t \u0111\u1ed1i<\/td>\n<\/tr>\n<\/tbody>\n<\/table>\n<h2><strong>4\/ C\u00e1c lo\u1ea1i s\u00e0n nh\u1ef1a<\/strong><\/h2>\n<p>Tr\u00ean th\u1ecb tr\u01b0\u1eddng hi\u1ec7n nay, c\u00f3 3 lo\u1ea1i s\u00e0n nh\u1ef1a vinyl \u0111\u01b0\u1ee3c s\u1eed d\u1ee5ng ph\u1ed5 bi\u1ebfn \u0111\u00f3 l\u00e0 s\u00e0n nh\u1ef1a d\u00e1n keo,\u00a0s\u00e0n nh\u1ef1a t\u1ef1 d\u00e1n\u00a0v\u00e0\u00a0s\u00e0n nh\u1ef1a h\u00e8m kh\u00f3a. M\u1ed7i lo\u1ea1i s\u00e0n nh\u1ef1a c\u00f3 \u01b0u v\u00e0 nh\u01b0\u1ee3c \u0111i\u1ec3m kh\u00e1c nhau, ph\u00f9 h\u1ee3p v\u1edbi nhu c\u1ea7u v\u00e0 m\u1ee5c \u0111\u00edch s\u1eed d\u1ee5ng kh\u00e1c nhau c\u1ee7a ng\u01b0\u1eddi ti\u00eau d\u00f9ng.<\/p>\n<table border=\"1em\">\n<tbody>\n<tr>\n<td><strong>Ti\u00eau ch\u00ed<\/strong><\/td>\n<td><strong>S\u00e0n nh\u1ef1a t\u1ef1 d\u00e1n<\/strong><\/td>\n<td><strong>S\u00e0n nh\u1ef1a d\u00e1n keo<\/strong><\/td>\n<td><strong>S\u00e0n nh\u1ef1a h\u00e8m kh\u00f3a<\/strong><\/td>\n<\/tr>\n<tr>\n<td><strong>Thi c\u00f4ng<\/strong><\/td>\n<td>R\u1ea5t d\u1ec5 d\u00e0ng, kh\u00e1ch h\u00e0ng c\u00f3 th\u1ec3 t\u1ef1 l\u1eafp \u0111\u1eb7t<\/td>\n<td>H\u01a1i ph\u1ee9c t\u1ea1p<\/td>\n<td>D\u1ec5 d\u00e0ng<\/td>\n<\/tr>\n<tr>\n<td><strong>\u0110\u1ed9 b\u1ec1n<\/strong><\/td>\n<td>D\u01b0\u1edbi 5 n\u0103m<\/td>\n<td>Kho\u1ea3ng 8-15 n\u0103m<\/td>\n<td>Tr\u00ean 20 n\u0103m<\/td>\n<\/tr>\n<tr>\n<td><strong>\u0110\u1ed9 ch\u1ecbu l\u1ef1c<\/strong><\/td>\n<td>S\u00e0n m\u1ecfng, ch\u1ecbu l\u1ef1c k\u00e9m<\/td>\n<td>S\u00e0n c\u00f3 \u0111\u1ed9 \u0111\u00e0n h\u1ed3i cao, \u0111\u1ed9 bi\u1ebfn d\u1ea1ng ph\u1ee5 thu\u1ed9c v\u00e0o m\u1eb7t n\u1ec1n<\/td>\n<td>Kh\u1ea3 n\u0103ng ch\u1ecbu l\u1ef1c t\u1ed1t nh\u1edd l\u1edbp l\u00f5i si\u00eau \u0111\u1eb7c<\/td>\n<\/tr>\n<tr>\n<td><strong>Gi\u00e1 th\u00e0nh<\/strong><\/td>\n<td>R\u1ebb<\/td>\n<td>Trung B\u00ecnh<\/td>\n<td>Cao<\/td>\n<\/tr>\n<tr>\n<td><strong>\u0110\u1ed9 ch\u00e2n th\u1ef1c<\/strong><\/td>\n<td>Kh\u00f4ng c\u00f3 c\u1ea3m gi\u00e1c th\u1eadt ch\u00e2n v\u00ec \u0111\u1ed9 d\u00e0y m\u1ecfng<\/td>\n<td>C\u1ea3m gi\u00e1c \u1ed5n h\u01a1n nh\u01b0ng v\u1eabn thi\u1ebfu \u0111\u1ed9 ch\u00e2n th\u1ef1c<\/td>\n<td>C\u1ea3m gi\u00e1c ch\u00e2n th\u1ef1c nh\u01b0 s\u00e0n g\u1ed7 cao c\u1ea5p<\/td>\n<\/tr>\n<tr>\n<td><strong>Ti\u1ebfng \u1ed3n<\/strong><\/td>\n<td>B\u1edbt \u1ed3n h\u01a1n \u0111i tr\u00ean s\u00e0n g\u1ea1ch<\/td>\n<td>H\u1ea1n ch\u1ebf<\/td>\n<td>\u00a0H\u1ea1n ch\u1ebf ti\u1ebfng \u1ed3n nh\u01b0ng k\u00e9m h\u01a1n s\u00e0n g\u1ed7<\/td>\n<\/tr>\n<tr>\n<td><strong>Ch\u1ecbu n\u01b0\u1edbc<\/strong><\/td>\n<td>K\u00e9m, d\u1ec5 b\u1ecb bong keo khi \u0111\u1ed9 \u1ea9m cao<\/td>\n<td>Trung b\u00ecnh, n\u1ebfu ng\u00e2m n\u01b0\u1edbc l\u00e2u s\u1ebd b\u1ecb bong tr\u00f3c l\u1edbp keo d\u00e1n s\u00e0n<\/td>\n<td>T\u1ed1t, d\u00f9 c\u00f3 ng\u00e2m n\u01b0\u1edbc trong th\u1eddi gian d\u00e0i c\u0169ng kh\u00f4ng b\u1ecb \u1ea3nh h\u01b0\u1edfng<\/td>\n<\/tr>\n<tr>\n<td><strong>Ch\u1ed1ng m\u1ed1i m\u1ecdt<\/strong><\/td>\n<td>Tuy\u1ec7t \u0111\u1ed1i<\/td>\n<td>Tuy\u1ec7t \u0111\u1ed1i<\/td>\n<td>\u00a0Tuy\u1ec7t \u0111\u1ed1i<\/td>\n<\/tr>\n<tr>\n<td><strong>B\u1ec1 m\u1eb7t l\u1eafp \u0111\u1eb7t<\/strong><\/td>\n<td>N\u1ec1n g\u1ea1ch men b\u1eb1ng ph\u1eb3ng, s\u1ea1ch<\/td>\n<td>N\u1ec1n b\u1eb1ng kh\u1eb3ng, kh\u00f4 r\u00e1o, s\u1ea1ch s\u1ebd<\/td>\n<td>N\u1ec1n b\u1eb1ng ph\u1eb3ng<\/td>\n<\/tr>\n<\/tbody>\n<\/table>\n<h2><strong>5\/ \u1ee8ng d\u1ee5ng c\u1ee7a s\u00e0n nh\u1ef1a<\/strong><\/h2>\n<p>S\u00e0n nh\u1ef1a vinyl \u0111a d\u1ea1ng v\u1ec1 m\u1eabu m\u00e3 g\u1ed3m h\u1ecda ti\u1ebft g\u1ed7, h\u1ecda ti\u1ebft th\u1ea3m, h\u1ecda ti\u1ebft \u0111\u00e1 r\u1ea5t ti\u1ec7n d\u1ee5ng trong m\u1ecdi kh\u00f4ng gian ph\u00f2ng t\u1eeb gia \u0111\u00ecnh, ph\u00f2ng b\u1ebfp, nh\u00e0 t\u1eafm,\u2026 cho \u0111\u1ebfn nh\u00e0 h\u00e0ng, showroom, v\u0103n ph\u00f2ng, tr\u01b0\u1eddng h\u1ecdc,\u2026v\u1edbi l\u01b0u l\u01b0\u1ee3ng \u0111i l\u1ea1i cao nh\u01b0ng v\u1eabn t\u1ecf ra kh\u00f4ng h\u1ec1 k\u00e9m c\u1ea1nh c\u00e1c d\u00f2ng s\u00e0n g\u1ed7 hay g\u1ea1ch \u1ed1p l\u00e1t truy\u1ec1n th\u1ed1ng.<\/p>\n<p><strong>C\u1eeda h\u00e0ng, nh\u00e0 tr\u1ecd, shop qu\u1ea7n \u00e1o<\/strong>&#8230;:\u0110\u00e2y l\u00e0 nh\u1eefng n\u01a1i \u1edf ng\u1eafn h\u1ea1n v\u00e0 n\u1ebfu b\u1ea1n kh\u00f4ng c\u00f3 \u00fd \u0111\u1ecbnh \u1edf \u0111\u00e2u th\u00ec l\u1ef1a ch\u1ecdn s\u00e0n nh\u1ef1a t\u1ef1 d\u00e1n l\u00e0 \u01b0u ti\u00ean s\u1ed1 1 hi\u1ec7n nay. B\u1ea1n c\u00f3 th\u1ec3 tham kh\u1ea3o s\u00e0n nh\u1ef1a t\u1ef1 d\u00e1n Ecost. \u0110\u00e2y l\u00e0 s\u00e0n nh\u1ef1a c\u00f3 m\u1ee9c gi\u00e1 c\u1ea1nh tranh, m\u1eabu m\u00e3 \u0111\u1eb9p v\u00e0 d\u1ec5 thi c\u00f4ng l\u1eafp \u0111\u1eb7t. B\u1ea1n c\u00f3 th\u1ec3 t\u1ef1 thi c\u00f4ng l\u1eafp \u0111\u1eb7t \u0111\u1ec3 ti\u1ebft ki\u1ec7m chi ph\u00ed.<\/p>\n<p><strong>Nh\u00e0 \u1edf, khu v\u1ef1c sinh ho\u1ea1t gia \u0111\u00ecnh, chung c\u01b0<\/strong>: B\u1ea1n n\u00ean ch\u1ecdn s\u00e0n nh\u1ef1a d\u00e1n keo v\u1edbi ch\u1ea5t l\u01b0\u1ee3ng \u1ed5n \u0111\u1ecbnh, gi\u00e1 th\u00e0nh h\u1ee3p l\u00fd \u0111\u1ec3 l\u1eafp \u0111\u1eb7t cho nh\u1eefng khu v\u1ef1c n\u00e0y. S\u00e0n nh\u1ef1a d\u00e1n keo Galaxy hay s\u00e0n nh\u1ef1a d\u00e1n keo raiflex s\u1ebd gi\u00fap c\u00f4ng tr\u00ecnh n\u1ed9i th\u1ea5t c\u1ee7a b\u1ea1n \u0111\u1eb9p, sang tr\u1ecdng v\u00e0 b\u1ec1n l\u00e2u.<\/p>\n<p><strong>Chung c\u01b0 cao c\u1ea5p, nh\u1eefng n\u01a1i c\u00f3 di\u1ec7n t\u00edch l\u1edbn, nhi\u1ec1u ng\u01b0\u1eddi \u0111i l\u1ea1i<\/strong>. B\u1ea1n n\u00ean ch\u1ecdn s\u00e0n nh\u1ef1a h\u00e8m kh\u00f3a v\u1edbi kh\u1ea3 n\u0103ng ch\u1ecbu n\u01b0\u1edbc, ch\u1ecbu l\u1ef1c t\u1ed1t. S\u00e0n nh\u1ef1a n\u00e0y c\u00f2n d\u1ec5 d\u00e0ng th\u00e1o d\u1ee1 di chuy\u1ec3n v\u00e0 c\u00f3 \u0111\u1ed9 b\u1ec1n l\u00e2u.<\/p>\n","protected":false},"excerpt":{"rendered":"<ul>\n<li>H\u00e0ng nh\u1eadp kh\u1ea9u ch\u00ednh h\u00e3ng<\/li>\n<li>B\u1ea3o h\u00e0nh, b\u1ea3o tr\u00ec nhanh ch\u00f3ng<\/li>\n<li>Cam k\u1ebft ch\u1ea5t l\u01b0\u1ee3ng h\u00e0ng h\u00f3a<\/li>\n<li>Ch\u00ednh s\u00e1ch \u0111\u1ed5i tr\u1ea3 linh ho\u1ea1t<\/li>\n<li>V\u1eadn chuy\u1ec3n tr\u00ean to\u00e0n qu\u1ed1c<\/li>\n<\/ul>\n","protected":false},"featured_media":270,"comment_status":"closed","ping_status":"closed","template":"","meta":[],"product_cat":[15,20,33,28,34,32,18,24,35,26,27,19,23],"product_tag":[],"class_list":["post-73","product","type-product","status-publish","has-post-thumbnail","hentry","product_cat-san-pham-ban-chay","product_cat-phu-kien","product_cat-san-go-chau-au","product_cat-san-go-cong-nghiep","product_cat-san-go-han-quoc","product_cat-san-go-malaysia","product_cat-san-go-ngoai-troi","product_cat-san-go-tu-nhien","product_cat-san-go-viet-nam","product_cat-san-nhua-cao-cap","product_cat-trang-tri-ngoai-that","product_cat-trang-tri-noi-that","product_cat-vat-lieu-ngoai-troi"],"yoast_head":"<!-- This site is optimized with the Yoast SEO plugin v18.3 - https:\/\/yoast.com\/wordpress\/plugins\/seo\/ -->\n<title>S\u00e0n nh\u1ef1a h\u00e8m kh\u00f3a Florton SPC FS4808 - S\u00e0n Minh \u0110\u1ee9c<\/title>\n<meta name=\"robots\" content=\"noindex, follow, max-snippet:-1, max-image-preview:large, max-video-preview:-1\" \/>\n<meta property=\"og:locale\" content=\"vi_VN\" \/>\n<meta property=\"og:type\" content=\"article\" \/>\n<meta property=\"og:title\" content=\"S\u00e0n nh\u1ef1a h\u00e8m kh\u00f3a Florton SPC FS4808 - S\u00e0n Minh \u0110\u1ee9c\" \/>\n<meta property=\"og:description\" content=\"H\u00e0ng nh\u1eadp kh\u1ea9u ch\u00ednh h\u00e3ng  B\u1ea3o h\u00e0nh, b\u1ea3o tr\u00ec nhanh ch\u00f3ng  Cam k\u1ebft ch\u1ea5t l\u01b0\u1ee3ng h\u00e0ng h\u00f3a  Ch\u00ednh s\u00e1ch \u0111\u1ed5i tr\u1ea3 linh ho\u1ea1t  V\u1eadn chuy\u1ec3n tr\u00ean to\u00e0n qu\u1ed1c\" \/>\n<meta property=\"og:url\" content=\"http:\/\/mau.hoabinhweb.com\/noithat2\/san-pham\/san-nhua-hem-khoa-florton-spc-fs4808\/\" \/>\n<meta property=\"og:site_name\" content=\"S\u00e0n Minh \u0110\u1ee9c\" \/>\n<meta property=\"article:modified_time\" content=\"2022-11-06T11:05:57+00:00\" \/>\n<meta property=\"og:image\" content=\"http:\/\/mau.hoabinhweb.com\/noithat2\/wp-content\/uploads\/2022\/10\/sanpham-san1.jpg\" \/>\n\t<meta property=\"og:image:width\" content=\"1000\" \/>\n\t<meta property=\"og:image:height\" content=\"1000\" \/>\n\t<meta property=\"og:image:type\" content=\"image\/jpeg\" \/>\n<meta name=\"twitter:card\" content=\"summary_large_image\" \/>\n<meta name=\"twitter:label1\" content=\"\u01af\u1edbc t\u00ednh th\u1eddi gian \u0111\u1ecdc\" \/>\n\t<meta name=\"twitter:data1\" content=\"9 ph\u00fat\" \/>\n<script type=\"application\/ld+json\" class=\"yoast-schema-graph\">{\"@context\":\"https:\/\/schema.org\",\"@graph\":[{\"@type\":\"WebSite\",\"@id\":\"https:\/\/mau.hoabinhweb.com\/noithat2\/#website\",\"url\":\"https:\/\/mau.hoabinhweb.com\/noithat2\/\",\"name\":\"S\u00e0n Minh \u0110\u1ee9c\",\"description\":\"\",\"potentialAction\":[{\"@type\":\"SearchAction\",\"target\":{\"@type\":\"EntryPoint\",\"urlTemplate\":\"https:\/\/mau.hoabinhweb.com\/noithat2\/?s={search_term_string}\"},\"query-input\":\"required name=search_term_string\"}],\"inLanguage\":\"vi\"},{\"@type\":\"ImageObject\",\"@id\":\"http:\/\/mau.hoabinhweb.com\/noithat2\/san-pham\/san-nhua-hem-khoa-florton-spc-fs4808\/#primaryimage\",\"inLanguage\":\"vi\",\"url\":\"http:\/\/mau.hoabinhweb.com\/noithat2\/wp-content\/uploads\/2022\/10\/sanpham-san1.jpg\",\"contentUrl\":\"http:\/\/mau.hoabinhweb.com\/noithat2\/wp-content\/uploads\/2022\/10\/sanpham-san1.jpg\",\"width\":1000,\"height\":1000,\"caption\":\"Sanpham San1\"},{\"@type\":\"WebPage\",\"@id\":\"http:\/\/mau.hoabinhweb.com\/noithat2\/san-pham\/san-nhua-hem-khoa-florton-spc-fs4808\/#webpage\",\"url\":\"http:\/\/mau.hoabinhweb.com\/noithat2\/san-pham\/san-nhua-hem-khoa-florton-spc-fs4808\/\",\"name\":\"S\u00e0n nh\u1ef1a h\u00e8m kh\u00f3a Florton SPC FS4808 - S\u00e0n Minh \u0110\u1ee9c\",\"isPartOf\":{\"@id\":\"https:\/\/mau.hoabinhweb.com\/noithat2\/#website\"},\"primaryImageOfPage\":{\"@id\":\"http:\/\/mau.hoabinhweb.com\/noithat2\/san-pham\/san-nhua-hem-khoa-florton-spc-fs4808\/#primaryimage\"},\"datePublished\":\"2022-10-28T08:03:53+00:00\",\"dateModified\":\"2022-11-06T11:05:57+00:00\",\"breadcrumb\":{\"@id\":\"http:\/\/mau.hoabinhweb.com\/noithat2\/san-pham\/san-nhua-hem-khoa-florton-spc-fs4808\/#breadcrumb\"},\"inLanguage\":\"vi\",\"potentialAction\":[{\"@type\":\"ReadAction\",\"target\":[\"http:\/\/mau.hoabinhweb.com\/noithat2\/san-pham\/san-nhua-hem-khoa-florton-spc-fs4808\/\"]}]},{\"@type\":\"BreadcrumbList\",\"@id\":\"http:\/\/mau.hoabinhweb.com\/noithat2\/san-pham\/san-nhua-hem-khoa-florton-spc-fs4808\/#breadcrumb\",\"itemListElement\":[{\"@type\":\"ListItem\",\"position\":1,\"name\":\"Trang ch\u1ee7\",\"item\":\"https:\/\/mau.hoabinhweb.com\/noithat2\/\"},{\"@type\":\"ListItem\",\"position\":2,\"name\":\"S\u1ea3n ph\u1ea9m\",\"item\":\"http:\/\/mau.hoabinhweb.com\/noithat2\/san-pham\/\"},{\"@type\":\"ListItem\",\"position\":3,\"name\":\"S\u00e0n g\u1ed7 c\u00f4ng nghi\u1ec7p\",\"item\":\"http:\/\/mau.hoabinhweb.com\/noithat2\/danh-muc\/san-go-cong-nghiep\/\"},{\"@type\":\"ListItem\",\"position\":4,\"name\":\"S\u00e0n g\u1ed7 Ch\u00e2u \u00c2u\",\"item\":\"http:\/\/mau.hoabinhweb.com\/noithat2\/danh-muc\/san-go-cong-nghiep\/san-go-chau-au\/\"},{\"@type\":\"ListItem\",\"position\":5,\"name\":\"S\u00e0n nh\u1ef1a h\u00e8m kh\u00f3a Florton SPC FS4808\"}]}]}<\/script>\n<!-- \/ Yoast SEO plugin. -->","yoast_head_json":{"title":"S\u00e0n nh\u1ef1a h\u00e8m kh\u00f3a Florton SPC FS4808 - S\u00e0n Minh \u0110\u1ee9c","robots":{"index":"noindex","follow":"follow","max-snippet":"max-snippet:-1","max-image-preview":"max-image-preview:large","max-video-preview":"max-video-preview:-1"},"og_locale":"vi_VN","og_type":"article","og_title":"S\u00e0n nh\u1ef1a h\u00e8m kh\u00f3a Florton SPC FS4808 - S\u00e0n Minh \u0110\u1ee9c","og_description":"H\u00e0ng nh\u1eadp kh\u1ea9u ch\u00ednh h\u00e3ng  B\u1ea3o h\u00e0nh, b\u1ea3o tr\u00ec nhanh ch\u00f3ng  Cam k\u1ebft ch\u1ea5t l\u01b0\u1ee3ng h\u00e0ng h\u00f3a  Ch\u00ednh s\u00e1ch \u0111\u1ed5i tr\u1ea3 linh ho\u1ea1t  V\u1eadn chuy\u1ec3n tr\u00ean to\u00e0n qu\u1ed1c","og_url":"http:\/\/mau.hoabinhweb.com\/noithat2\/san-pham\/san-nhua-hem-khoa-florton-spc-fs4808\/","og_site_name":"S\u00e0n Minh \u0110\u1ee9c","article_modified_time":"2022-11-06T11:05:57+00:00","og_image":[{"width":1000,"height":1000,"url":"http:\/\/mau.hoabinhweb.com\/noithat2\/wp-content\/uploads\/2022\/10\/sanpham-san1.jpg","type":"image\/jpeg"}],"twitter_card":"summary_large_image","twitter_misc":{"\u01af\u1edbc t\u00ednh th\u1eddi gian \u0111\u1ecdc":"9 ph\u00fat"},"schema":{"@context":"https:\/\/schema.org","@graph":[{"@type":"WebSite","@id":"https:\/\/mau.hoabinhweb.com\/noithat2\/#website","url":"https:\/\/mau.hoabinhweb.com\/noithat2\/","name":"S\u00e0n Minh \u0110\u1ee9c","description":"","potentialAction":[{"@type":"SearchAction","target":{"@type":"EntryPoint","urlTemplate":"https:\/\/mau.hoabinhweb.com\/noithat2\/?s={search_term_string}"},"query-input":"required name=search_term_string"}],"inLanguage":"vi"},{"@type":"ImageObject","@id":"http:\/\/mau.hoabinhweb.com\/noithat2\/san-pham\/san-nhua-hem-khoa-florton-spc-fs4808\/#primaryimage","inLanguage":"vi","url":"http:\/\/mau.hoabinhweb.com\/noithat2\/wp-content\/uploads\/2022\/10\/sanpham-san1.jpg","contentUrl":"http:\/\/mau.hoabinhweb.com\/noithat2\/wp-content\/uploads\/2022\/10\/sanpham-san1.jpg","width":1000,"height":1000,"caption":"Sanpham San1"},{"@type":"WebPage","@id":"http:\/\/mau.hoabinhweb.com\/noithat2\/san-pham\/san-nhua-hem-khoa-florton-spc-fs4808\/#webpage","url":"http:\/\/mau.hoabinhweb.com\/noithat2\/san-pham\/san-nhua-hem-khoa-florton-spc-fs4808\/","name":"S\u00e0n nh\u1ef1a h\u00e8m kh\u00f3a Florton SPC FS4808 - S\u00e0n Minh \u0110\u1ee9c","isPartOf":{"@id":"https:\/\/mau.hoabinhweb.com\/noithat2\/#website"},"primaryImageOfPage":{"@id":"http:\/\/mau.hoabinhweb.com\/noithat2\/san-pham\/san-nhua-hem-khoa-florton-spc-fs4808\/#primaryimage"},"datePublished":"2022-10-28T08:03:53+00:00","dateModified":"2022-11-06T11:05:57+00:00","breadcrumb":{"@id":"http:\/\/mau.hoabinhweb.com\/noithat2\/san-pham\/san-nhua-hem-khoa-florton-spc-fs4808\/#breadcrumb"},"inLanguage":"vi","potentialAction":[{"@type":"ReadAction","target":["http:\/\/mau.hoabinhweb.com\/noithat2\/san-pham\/san-nhua-hem-khoa-florton-spc-fs4808\/"]}]},{"@type":"BreadcrumbList","@id":"http:\/\/mau.hoabinhweb.com\/noithat2\/san-pham\/san-nhua-hem-khoa-florton-spc-fs4808\/#breadcrumb","itemListElement":[{"@type":"ListItem","position":1,"name":"Trang ch\u1ee7","item":"https:\/\/mau.hoabinhweb.com\/noithat2\/"},{"@type":"ListItem","position":2,"name":"S\u1ea3n ph\u1ea9m","item":"http:\/\/mau.hoabinhweb.com\/noithat2\/san-pham\/"},{"@type":"ListItem","position":3,"name":"S\u00e0n g\u1ed7 c\u00f4ng nghi\u1ec7p","item":"http:\/\/mau.hoabinhweb.com\/noithat2\/danh-muc\/san-go-cong-nghiep\/"},{"@type":"ListItem","position":4,"name":"S\u00e0n g\u1ed7 Ch\u00e2u \u00c2u","item":"http:\/\/mau.hoabinhweb.com\/noithat2\/danh-muc\/san-go-cong-nghiep\/san-go-chau-au\/"},{"@type":"ListItem","position":5,"name":"S\u00e0n nh\u1ef1a h\u00e8m kh\u00f3a Florton SPC FS4808"}]}]}},"_links":{"self":[{"href":"http:\/\/mau.hoabinhweb.com\/noithat2\/wp-json\/wp\/v2\/product\/73","targetHints":{"allow":["GET"]}}],"collection":[{"href":"http:\/\/mau.hoabinhweb.com\/noithat2\/wp-json\/wp\/v2\/product"}],"about":[{"href":"http:\/\/mau.hoabinhweb.com\/noithat2\/wp-json\/wp\/v2\/types\/product"}],"replies":[{"embeddable":true,"href":"http:\/\/mau.hoabinhweb.com\/noithat2\/wp-json\/wp\/v2\/comments?post=73"}],"wp:featuredmedia":[{"embeddable":true,"href":"http:\/\/mau.hoabinhweb.com\/noithat2\/wp-json\/wp\/v2\/media\/270"}],"wp:attachment":[{"href":"http:\/\/mau.hoabinhweb.com\/noithat2\/wp-json\/wp\/v2\/media?parent=73"}],"wp:term":[{"taxonomy":"product_cat","embeddable":true,"href":"http:\/\/mau.hoabinhweb.com\/noithat2\/wp-json\/wp\/v2\/product_cat?post=73"},{"taxonomy":"product_tag","embeddable":true,"href":"http:\/\/mau.hoabinhweb.com\/noithat2\/wp-json\/wp\/v2\/product_tag?post=73"}],"curies":[{"name":"wp","href":"https:\/\/api.w.org\/{rel}","templated":true}]}}