{"id":103,"date":"2020-08-21T07:33:44","date_gmt":"2020-08-21T00:33:44","guid":{"rendered":"http:\/\/mau.hoabinhweb.com\/mythuat1\/?post_type=product&#038;p=103"},"modified":"2022-05-24T15:24:33","modified_gmt":"2022-05-24T08:24:33","slug":"tranh-da-quy-phong-canh-t326","status":"publish","type":"product","link":"http:\/\/mau.hoabinhweb.com\/mythuat1\/san-pham\/tranh-da-quy-phong-canh-t326\/","title":{"rendered":"Tranh \u0111\u00e1 qu\u00fd phong c\u1ea3nh T326"},"content":{"rendered":"<p><strong>Tranh \u0110\u00e1 Qu\u00fd H\u00f2a B\u00ecnh<\/strong>\u00a0xin \u0111\u01b0\u1ee3c g\u1eedi \u0111\u1ebfn qu\u00fd kh\u00e1ch h\u00e0ng v\u1ec1 \u00fd ngh\u0129a v\u00e0 gi\u00e1 tr\u1ecb phong thu\u1ef7 c\u1ee7a m\u1eabu\u00a0<strong>tranh \u0111\u00e1 qu\u00fd t\u00f9ng \u0111\u00f3n kh\u00e1ch\u00a0<\/strong>hay c\u00f2n g\u1ecdi l\u00e0\u00a0<strong>&#8220;t\u00f9ng ngh\u00eanh kh\u00e1ch&#8221;<\/strong>. \u0110\u00e2y l\u00e0 m\u1eabu tranh r\u1ea5t ph\u00f9 h\u1ee3p \u0111\u1ec3 treo trong gia \u0111\u00ecnh ho\u1eb7c m\u00f4i tr\u01b0\u1eddng c\u01a1 quan \u0111o\u00e0n th\u1ec3. Ch\u00fang s\u1ebd mang \u0111\u1ebfn cho gia ch\u1ee7 nhi\u1ec1u t\u00e0i l\u1ed9c, may m\u1eafn, th\u00e0nh c\u00f4ng v\u00e0 tr\u01b0\u1eddng th\u1ecd.<\/p>\n<table border=\"1\" cellspacing=\"0\" cellpadding=\"0\" align=\"center\">\n<tbody>\n<tr>\n<td><strong>K\u00edch th\u01b0\u1edbc (cm)<\/strong>\n<p><strong>Ph\u1ee7 b\u00ec khung<\/strong><\/p><\/td>\n<td><strong>Gi\u00e1 th\u00e0nh\u00a0<\/strong>\n<p><strong>(VND)<\/strong><\/p><\/td>\n<td><strong>K\u00edch th\u01b0\u1edbc (cm)<\/strong>\n<p><strong>Ph\u1ee7 b\u00ec khung<\/strong><\/p><\/td>\n<td><strong>Gi\u00e1 th\u00e0nh<\/strong>\n<p><strong>(VND)<\/strong><\/p><\/td>\n<\/tr>\n<tr>\n<td>32 x 42cm<\/td>\n<td>650.000<\/td>\n<td>106 x 166cm<\/td>\n<td>4.500.000<\/td>\n<\/tr>\n<tr>\n<td>52 x 72cm<\/td>\n<td>850.000<\/td>\n<td>116 x 196cm<\/td>\n<td>5.500.000<\/td>\n<\/tr>\n<tr>\n<td>76 x 106cm<\/td>\n<td>1.800.000<\/td>\n<td>126 x 212cm<\/td>\n<td>6.500.000<\/td>\n<\/tr>\n<tr>\n<td>96 x 138cm<\/td>\n<td>2.800.000<\/td>\n<td>136 x 236cm<\/td>\n<td>7.500.000<\/td>\n<\/tr>\n<\/tbody>\n<\/table><h2><strong>Ch\u1ea5t li\u1ec7u l\u00e0m tranh \u0111\u00e1 qu\u00fd:<\/strong><\/h2>\n<p>&#8211; Tranh \u0111\u00e1 qu\u00fd \u0111\u01b0\u1ee3c l\u00e0m b\u1eb1ng nhi\u1ec1u lo\u1ea1i \u0111\u00e1 qu\u00fd t\u1ef1 nhi\u00ean kh\u00e1c nhau l\u00e0 \u0111\u00e1 t\u1eeb l\u00f2ng \u0111\u1ea5t Bao g\u1ed3m: \u0111\u00e1 ru by, \u0111\u00e1 m\u00e3 n\u00e3o ,\u0111\u00e1 th\u1ea1ch anh, \u0111\u00e1 saphia&#8230;n\u1ec1n l\u00e0 t\u1ea5m nh\u1ef1a mica d\u1ebbo. R\u1ed3i \u0111\u01b0\u1ee3c c\u00e1c ngh\u1ec7 nh\u00e2n g\u1eafn gh\u00e9p r\u1eafc t\u1ec9 m\u1ec9 th\u00e0nh b\u1ee9c tranh xong g\u1eafn b\u1eb1ng keo 502 chuy\u00ean d\u1ee5ng .n\u00ean \u0111\u1ed9 b\u1ec1n r\u1ea5t cao.tr\u00ean 30 n\u0103m.c\u00f3 th\u1ec3 \u0111\u00e1nh r\u1eeda k\u1ecb c\u1ecd x\u00e0 ph\u00f2ng m\u00e0 ko b\u1ecb bong tr\u00f3c<br \/>\n&#8211; Khung tranh: c\u00f3 nhi\u1ec1u lo\u1ea1i khung t\u00f9y theo y\u00eau c\u1ea7u c\u1ee7a kh\u00e1ch h\u00e0ng (khung nh\u1ef1a \u0111\u1eb7c cao c\u1ea5p, khung g\u1ed7) m\u1eb7t tr\u01b0\u1edbc c\u00f3 k\u00ednh. M\u1eb7t sau c\u00f3 m\u00f3c treo l\u00ean t\u01b0\u1eddng d\u1ec5 th\u00e1o l\u1eafp<\/p>\n<h2><strong>\u00dd ngh\u0129a phong th\u1ee7y c\u1ee7a tranh t\u00f9ng ngh\u00eanh kh\u00e1ch:<\/strong><\/h2>\n<p><strong>Tranh \u0111\u00e1 qu\u00fd<\/strong>\u00a0t\u00f9ng ngh\u00eanh kh\u00e1ch l\u00e0 b\u1ee9c tranh h\u1ed9i t\u1ee5 bao g\u1ed3m tranh s\u01a1n th\u1ee7y hu\u1eef t\u00ecnh, tranh thu\u1eadn bu\u1ed3m xu\u00f4i gi\u00f3, tranh t\u00f9ng h\u1ea1c. B\u1ee9c tranh mang \u00fd ngh\u0129a c\u1ea7u l\u1ed9c, th\u1ec3 hi\u1ec7n \u1edf hai th\u00e1c n\u01b0\u1edbc \u0111\u1ed5 d\u1ed3n 2 b\u00ean v\u00e0o gi\u1eefa t\u00edch t\u1ee5 c\u1ee7a c\u1ea3i. C\u00e2y t\u00f9ng\u00a0l\u00e0 c\u00e2y hi\u00ean ngang b\u00f3ng c\u1ea3 s\u1ed1ng th\u1ecd l\u00e2u \u0111\u01b0\u1ee3c v\u00ed nh\u01b0 ng\u01b0\u1eddi \u0111\u00e0n \u00f4ng tr\u1ee5 c\u1ed9t trong nh\u00e0 \u0111\u1ee9ng m\u0169i tr\u1ecb x\u00e0o v\u01b0\u01a1n t\u00e1n t\u1ecfa b\u00f3ng m\u00e1t ,t\u00e1n c\u00e2y ch\u00eca ra th\u1ec3 hi\u1ec7n dang tay \u0111\u00f3n kh\u00e1ch , con h\u1ea1c \u0111\u1ea1i di\u1ec7n cho s\u1ef1 sum v\u1ea7y h\u1ea1nh ph\u00fac c\u00f3 6 con c\u0169ng l\u00e0 l\u1ed9c..b\u1ee9c tranh phong c\u1ea3nh sinh \u0111\u1ed9ng mang l\u1ea1i v\u1ebb \u0111\u1eb9p cho kh\u00f4ng gian treo trong ng\u00f4i nh\u00e0 c\u1ee7a b\u1ea1n qu\u00fd kh\u00e1ch c\u00f3 th\u1ec3 \u0111\u1eb7t k\u00edch th\u01b0\u1edbc tranh d\u00e0i r\u1ed9ng theo y\u00eau c\u1ea7u sao cho ph\u00f9 h\u1ee3p v\u1edbi kh\u00f4ng gian treo<\/p>\n","protected":false},"excerpt":{"rendered":"<ul>\n<li>V\u1eadn chuy\u1ec3n tr\u00ean to\u00e0n qu\u1ed1c<\/li>\n<li>Cam k\u1ebft s\u1ea3n ph\u1ea9m \u0111\u00fang ch\u1ea5t l\u01b0\u1ee3ng mi\u00eau t\u1ea3 tr\u00ean website<\/li>\n<li>B\u1ea3o h\u00e0nh ch\u00ednh h\u00e3ng<\/li>\n<li>Ki\u1ec3m tra h\u00e0ng tr\u01b0\u1edbc khi thanh to\u00e1n<\/li>\n<li>Hotline: 035 609 3690<\/li>\n<\/ul>\n","protected":false},"featured_media":412,"template":"","meta":[],"product_cat":[32,20,33,26,30],"product_tag":[],"yoast_head":"<!-- This site is optimized with the Yoast SEO plugin v18.9 - https:\/\/yoast.com\/wordpress\/plugins\/seo\/ -->\n<title>Tranh \u0111\u00e1 qu\u00fd phong c\u1ea3nh T326 - Tranh \u0110\u00e1 Qu\u00fd H\u00f2a B\u00ecnh<\/title>\n<meta name=\"robots\" content=\"noindex, follow, max-snippet:-1, max-image-preview:large, max-video-preview:-1\" \/>\n<meta property=\"og:locale\" content=\"vi_VN\" \/>\n<meta property=\"og:type\" content=\"article\" \/>\n<meta property=\"og:title\" content=\"Tranh \u0111\u00e1 qu\u00fd phong c\u1ea3nh T326 - Tranh \u0110\u00e1 Qu\u00fd H\u00f2a B\u00ecnh\" \/>\n<meta property=\"og:description\" content=\"V\u1eadn chuy\u1ec3n tr\u00ean to\u00e0n qu\u1ed1c  Cam k\u1ebft s\u1ea3n ph\u1ea9m \u0111\u00fang ch\u1ea5t l\u01b0\u1ee3ng mi\u00eau t\u1ea3 tr\u00ean website  B\u1ea3o h\u00e0nh ch\u00ednh h\u00e3ng  Ki\u1ec3m tra h\u00e0ng tr\u01b0\u1edbc khi thanh to\u00e1n  Hotline: 035 609 3690\" \/>\n<meta property=\"og:url\" content=\"http:\/\/mau.hoabinhweb.com\/mythuat1\/san-pham\/tranh-da-quy-phong-canh-t326\/\" \/>\n<meta property=\"og:site_name\" content=\"Tranh \u0110\u00e1 Qu\u00fd H\u00f2a B\u00ecnh\" \/>\n<meta property=\"article:modified_time\" content=\"2022-05-24T08:24:33+00:00\" \/>\n<meta property=\"og:image\" content=\"http:\/\/mau.hoabinhweb.com\/mythuat1\/wp-content\/uploads\/2020\/08\/sanpham11-1.jpg\" \/>\n\t<meta property=\"og:image:width\" content=\"800\" \/>\n\t<meta property=\"og:image:height\" content=\"523\" \/>\n\t<meta property=\"og:image:type\" content=\"image\/jpeg\" \/>\n<meta name=\"twitter:card\" content=\"summary_large_image\" \/>\n<meta name=\"twitter:label1\" content=\"\u01af\u1edbc t\u00ednh th\u1eddi gian \u0111\u1ecdc\" \/>\n\t<meta name=\"twitter:data1\" content=\"3 ph\u00fat\" \/>\n<script type=\"application\/ld+json\" class=\"yoast-schema-graph\">{\"@context\":\"https:\/\/schema.org\",\"@graph\":[{\"@type\":\"WebSite\",\"@id\":\"http:\/\/mau.hoabinhweb.com\/mythuat1\/#website\",\"url\":\"http:\/\/mau.hoabinhweb.com\/mythuat1\/\",\"name\":\"Tranh \u0110\u00e1 Qu\u00fd H\u00f2a B\u00ecnh\",\"description\":\"\",\"potentialAction\":[{\"@type\":\"SearchAction\",\"target\":{\"@type\":\"EntryPoint\",\"urlTemplate\":\"http:\/\/mau.hoabinhweb.com\/mythuat1\/?s={search_term_string}\"},\"query-input\":\"required name=search_term_string\"}],\"inLanguage\":\"vi\"},{\"@type\":\"ImageObject\",\"inLanguage\":\"vi\",\"@id\":\"http:\/\/mau.hoabinhweb.com\/mythuat1\/san-pham\/tranh-da-quy-phong-canh-t326\/#primaryimage\",\"url\":\"http:\/\/mau.hoabinhweb.com\/mythuat1\/wp-content\/uploads\/2020\/08\/sanpham11-1.jpg\",\"contentUrl\":\"http:\/\/mau.hoabinhweb.com\/mythuat1\/wp-content\/uploads\/2020\/08\/sanpham11-1.jpg\",\"width\":800,\"height\":523,\"caption\":\"Sanpham11\"},{\"@type\":\"WebPage\",\"@id\":\"http:\/\/mau.hoabinhweb.com\/mythuat1\/san-pham\/tranh-da-quy-phong-canh-t326\/#webpage\",\"url\":\"http:\/\/mau.hoabinhweb.com\/mythuat1\/san-pham\/tranh-da-quy-phong-canh-t326\/\",\"name\":\"Tranh \u0111\u00e1 qu\u00fd phong c\u1ea3nh T326 - Tranh \u0110\u00e1 Qu\u00fd H\u00f2a B\u00ecnh\",\"isPartOf\":{\"@id\":\"http:\/\/mau.hoabinhweb.com\/mythuat1\/#website\"},\"primaryImageOfPage\":{\"@id\":\"http:\/\/mau.hoabinhweb.com\/mythuat1\/san-pham\/tranh-da-quy-phong-canh-t326\/#primaryimage\"},\"datePublished\":\"2020-08-21T00:33:44+00:00\",\"dateModified\":\"2022-05-24T08:24:33+00:00\",\"breadcrumb\":{\"@id\":\"http:\/\/mau.hoabinhweb.com\/mythuat1\/san-pham\/tranh-da-quy-phong-canh-t326\/#breadcrumb\"},\"inLanguage\":\"vi\",\"potentialAction\":[{\"@type\":\"ReadAction\",\"target\":[\"http:\/\/mau.hoabinhweb.com\/mythuat1\/san-pham\/tranh-da-quy-phong-canh-t326\/\"]}]},{\"@type\":\"BreadcrumbList\",\"@id\":\"http:\/\/mau.hoabinhweb.com\/mythuat1\/san-pham\/tranh-da-quy-phong-canh-t326\/#breadcrumb\",\"itemListElement\":[{\"@type\":\"ListItem\",\"position\":1,\"name\":\"Trang ch\u1ee7\",\"item\":\"http:\/\/mau.hoabinhweb.com\/mythuat1\/\"},{\"@type\":\"ListItem\",\"position\":2,\"name\":\"S\u1ea3n ph\u1ea9m\",\"item\":\"http:\/\/mau.hoabinhweb.com\/mythuat1\/san-pham\/\"},{\"@type\":\"ListItem\",\"position\":3,\"name\":\"Tranh \u0111\u1ed9ng v\u1eadt\",\"item\":\"http:\/\/mau.hoabinhweb.com\/mythuat1\/danh-muc\/tranh-dong-vat\/\"},{\"@type\":\"ListItem\",\"position\":4,\"name\":\"Tranh \u0111\u00e1 qu\u00fd phong c\u1ea3nh T326\"}]}]}<\/script>\n<!-- \/ Yoast SEO plugin. -->","yoast_head_json":{"title":"Tranh \u0111\u00e1 qu\u00fd phong c\u1ea3nh T326 - Tranh \u0110\u00e1 Qu\u00fd H\u00f2a B\u00ecnh","robots":{"index":"noindex","follow":"follow","max-snippet":"max-snippet:-1","max-image-preview":"max-image-preview:large","max-video-preview":"max-video-preview:-1"},"og_locale":"vi_VN","og_type":"article","og_title":"Tranh \u0111\u00e1 qu\u00fd phong c\u1ea3nh T326 - Tranh \u0110\u00e1 Qu\u00fd H\u00f2a B\u00ecnh","og_description":"V\u1eadn chuy\u1ec3n tr\u00ean to\u00e0n qu\u1ed1c  Cam k\u1ebft s\u1ea3n ph\u1ea9m \u0111\u00fang ch\u1ea5t l\u01b0\u1ee3ng mi\u00eau t\u1ea3 tr\u00ean website  B\u1ea3o h\u00e0nh ch\u00ednh h\u00e3ng  Ki\u1ec3m tra h\u00e0ng tr\u01b0\u1edbc khi thanh to\u00e1n  Hotline: 035 609 3690","og_url":"http:\/\/mau.hoabinhweb.com\/mythuat1\/san-pham\/tranh-da-quy-phong-canh-t326\/","og_site_name":"Tranh \u0110\u00e1 Qu\u00fd H\u00f2a B\u00ecnh","article_modified_time":"2022-05-24T08:24:33+00:00","og_image":[{"width":800,"height":523,"url":"http:\/\/mau.hoabinhweb.com\/mythuat1\/wp-content\/uploads\/2020\/08\/sanpham11-1.jpg","type":"image\/jpeg"}],"twitter_card":"summary_large_image","twitter_misc":{"\u01af\u1edbc t\u00ednh th\u1eddi gian \u0111\u1ecdc":"3 ph\u00fat"},"schema":{"@context":"https:\/\/schema.org","@graph":[{"@type":"WebSite","@id":"http:\/\/mau.hoabinhweb.com\/mythuat1\/#website","url":"http:\/\/mau.hoabinhweb.com\/mythuat1\/","name":"Tranh \u0110\u00e1 Qu\u00fd H\u00f2a B\u00ecnh","description":"","potentialAction":[{"@type":"SearchAction","target":{"@type":"EntryPoint","urlTemplate":"http:\/\/mau.hoabinhweb.com\/mythuat1\/?s={search_term_string}"},"query-input":"required name=search_term_string"}],"inLanguage":"vi"},{"@type":"ImageObject","inLanguage":"vi","@id":"http:\/\/mau.hoabinhweb.com\/mythuat1\/san-pham\/tranh-da-quy-phong-canh-t326\/#primaryimage","url":"http:\/\/mau.hoabinhweb.com\/mythuat1\/wp-content\/uploads\/2020\/08\/sanpham11-1.jpg","contentUrl":"http:\/\/mau.hoabinhweb.com\/mythuat1\/wp-content\/uploads\/2020\/08\/sanpham11-1.jpg","width":800,"height":523,"caption":"Sanpham11"},{"@type":"WebPage","@id":"http:\/\/mau.hoabinhweb.com\/mythuat1\/san-pham\/tranh-da-quy-phong-canh-t326\/#webpage","url":"http:\/\/mau.hoabinhweb.com\/mythuat1\/san-pham\/tranh-da-quy-phong-canh-t326\/","name":"Tranh \u0111\u00e1 qu\u00fd phong c\u1ea3nh T326 - Tranh \u0110\u00e1 Qu\u00fd H\u00f2a B\u00ecnh","isPartOf":{"@id":"http:\/\/mau.hoabinhweb.com\/mythuat1\/#website"},"primaryImageOfPage":{"@id":"http:\/\/mau.hoabinhweb.com\/mythuat1\/san-pham\/tranh-da-quy-phong-canh-t326\/#primaryimage"},"datePublished":"2020-08-21T00:33:44+00:00","dateModified":"2022-05-24T08:24:33+00:00","breadcrumb":{"@id":"http:\/\/mau.hoabinhweb.com\/mythuat1\/san-pham\/tranh-da-quy-phong-canh-t326\/#breadcrumb"},"inLanguage":"vi","potentialAction":[{"@type":"ReadAction","target":["http:\/\/mau.hoabinhweb.com\/mythuat1\/san-pham\/tranh-da-quy-phong-canh-t326\/"]}]},{"@type":"BreadcrumbList","@id":"http:\/\/mau.hoabinhweb.com\/mythuat1\/san-pham\/tranh-da-quy-phong-canh-t326\/#breadcrumb","itemListElement":[{"@type":"ListItem","position":1,"name":"Trang ch\u1ee7","item":"http:\/\/mau.hoabinhweb.com\/mythuat1\/"},{"@type":"ListItem","position":2,"name":"S\u1ea3n ph\u1ea9m","item":"http:\/\/mau.hoabinhweb.com\/mythuat1\/san-pham\/"},{"@type":"ListItem","position":3,"name":"Tranh \u0111\u1ed9ng v\u1eadt","item":"http:\/\/mau.hoabinhweb.com\/mythuat1\/danh-muc\/tranh-dong-vat\/"},{"@type":"ListItem","position":4,"name":"Tranh \u0111\u00e1 qu\u00fd phong c\u1ea3nh T326"}]}]}},"_links":{"self":[{"href":"http:\/\/mau.hoabinhweb.com\/mythuat1\/wp-json\/wp\/v2\/product\/103"}],"collection":[{"href":"http:\/\/mau.hoabinhweb.com\/mythuat1\/wp-json\/wp\/v2\/product"}],"about":[{"href":"http:\/\/mau.hoabinhweb.com\/mythuat1\/wp-json\/wp\/v2\/types\/product"}],"wp:featuredmedia":[{"embeddable":true,"href":"http:\/\/mau.hoabinhweb.com\/mythuat1\/wp-json\/wp\/v2\/media\/412"}],"wp:attachment":[{"href":"http:\/\/mau.hoabinhweb.com\/mythuat1\/wp-json\/wp\/v2\/media?parent=103"}],"wp:term":[{"taxonomy":"product_cat","embeddable":true,"href":"http:\/\/mau.hoabinhweb.com\/mythuat1\/wp-json\/wp\/v2\/product_cat?post=103"},{"taxonomy":"product_tag","embeddable":true,"href":"http:\/\/mau.hoabinhweb.com\/mythuat1\/wp-json\/wp\/v2\/product_tag?post=103"}],"curies":[{"name":"wp","href":"https:\/\/api.w.org\/{rel}","templated":true}]}}