{"id":78,"date":"2022-03-24T14:27:44","date_gmt":"2022-03-24T07:27:44","guid":{"rendered":"https:\/\/webcam24h.net\/?post_type=product&#038;p=78"},"modified":"2022-05-18T07:08:26","modified_gmt":"2022-05-18T07:08:26","slug":"laptop-acer-nitro-5-gaming-an515-57-720a-i7-11800h-8gb-512gb-4gb-rtx3050ti-144hz-win11-nh-qeqsv-004","status":"publish","type":"product","link":"http:\/\/mau.hoabinhweb.com\/maytinh1\/san-pham\/laptop-acer-nitro-5-gaming-an515-57-720a-i7-11800h-8gb-512gb-4gb-rtx3050ti-144hz-win11-nh-qeqsv-004\/","title":{"rendered":"Laptop Acer Nitro 5 Gaming AN515 57 720A i7 11800H\/8GB\/512GB\/4GB RTX3050Ti\/144Hz\/Win11 (NH.QEQSV.004)"},"content":{"rendered":"<p>\u0110\u1ea1i di\u1ec7n cho th\u1ebf h\u1ec7 m\u1edbi \u0111\u1ea7y m\u1ea1nh m\u1ebd,\u00a0Acer Nitro 5 Gaming AN515 57 720A i7 (NH.QEQSV.004)\u00a0s\u1edf h\u1eefu c\u1ea5u h\u00ecnh v\u01b0\u1ee3t tr\u1ed9i \u0111\u1ebfn t\u1eeb\u00a0CPU Intel Gen 11\u00a0t\u00e2n ti\u1ebfn \u0111\u1ea7y m\u1ea1nh m\u1ebd, c\u00f9ng thi\u1ebft k\u1ebf c\u00e1 t\u00ednh, l\u00e0 ng\u01b0\u1eddi c\u1ed9ng s\u1ef1 l\u00fd t\u01b0\u1edfng tr\u00ean m\u1ecdi chi\u1ebfn tr\u01b0\u1eddng \u1ea3o.<\/p>\n<h3>Mang \u0111\u1ebfn kh\u1ea3 n\u0103ng x\u1eed l\u00fd m\u1ecdi vi\u1ec7c tuy\u1ec7t h\u1ea3o<\/h3>\n<p>Acer Nitro 5 \u0111\u01b0\u1ee3c trang b\u1ecb b\u1ed9 vi x\u1eed l\u00fd\u00a0Intel Core i7<strong>\u00a0Tiger Lake 11800H\u00a0<\/strong>v\u1edbi\u00a0<strong>8 nh\u00e2n 16 lu\u1ed3ng<\/strong>\u00a0s\u1edf h\u1eefu t\u1ed1c \u0111\u1ed9 c\u01a1 b\u1ea3n<strong>\u00a02.30 GHz<\/strong>\u00a0v\u00e0 \u0111\u1ea1t t\u1ed1i \u0111a l\u00ean \u0111\u1ebfn\u00a0<strong>4.6 GHz\u00a0<\/strong>nh\u1edd\u00a0<strong>Turbo Boost<\/strong>, h\u1ed7 tr\u1ee3 b\u1ea1n x\u1eed l\u00fd m\u1ecdi c\u00f4ng vi\u1ec7c v\u0103n ph\u00f2ng m\u1ed9t c\u00e1ch tr\u01a1n tru c\u00f9ng Word, Excel,&#8230; hay chi\u1ebfn nh\u1eefng t\u1ef1a game th\u1ecbnh h\u00e0nh \u0111\u1ea7y k\u1ecbch t\u00ednh m\u1ed9t c\u00e1ch m\u01b0\u1ee3t m\u00e0.<\/p>\n<p>T\u1ed1i \u01b0u h\u01a1n trong c\u1ea3 c\u00f4ng vi\u1ec7c hay gi\u1ea3i tr\u00ed khi s\u1edf h\u1eefu\u00a0RAM 8 GB\u00a0chu\u1ea9n\u00a0<strong>DDR4 2 khe (1 khe 8 GB + 1 khe r\u1eddi)<\/strong>\u00a0v\u1edbi t\u1ed1c \u0111\u1ed9 Bus RAM\u00a0<strong>3200\u00a0MHz\u00a0<\/strong>c\u00f9ng kh\u1ea3 n\u0103ng n\u00e2ng c\u1ea5p t\u1ed1i \u0111a \u0111\u1ebfn\u00a0<strong>32 GB,<\/strong>\u00a0\u0111\u00e1p \u1ee9ng m\u1ecdi nhu c\u1ea7u c\u1ee7a b\u1ea1n, cho ph\u00e9p m\u1edf h\u00e0ng ch\u1ee5c tab hay nhi\u1ec1u \u1ee9ng d\u1ee5ng c\u00f9ng l\u00fac m\u00e0 kh\u00f4ng lo x\u1ea3y ra t\u00ecnh tr\u1ea1ng gi\u1eadt lag, \u1ea3nh h\u01b0\u1edfng \u0111\u1ebfn ti\u1ebfn \u0111\u1ed9 c\u1ee7a b\u1ea1n.<\/p>\n<div><img decoding=\"async\" class=\" ls-is-cached lazyloaded\" title=\"Acer Nitro 5 Gaming AN515 57 720A i7 11800H (NH.QEQSV.004) - C\u1ea5u h\u00ecnh\" src=\"https:\/\/cdn.tgdd.vn\/Products\/Images\/44\/260058\/acer-nitro-5-gaming-an515-57-720a-i7-nhqeqsv004-4-1.jpg\" alt=\"Acer Nitro 5 Gaming AN515 57 720A i7 11800H (NH.QEQSV.004) - C\u1ea5u h\u00ecnh\" data-src=\"https:\/\/cdn.tgdd.vn\/Products\/Images\/44\/260058\/acer-nitro-5-gaming-an515-57-720a-i7-nhqeqsv004-4-1.jpg\" \/><\/div>\n<p>Card \u0111\u1ed3 h\u1ecda r\u1eddi\u00a0<strong>NVIDIA<\/strong>\u00a0GeForce RTX\u00a0<strong>3050Ti<\/strong><strong>, 4 GB<\/strong>\u00a0\u0111\u01b0\u1ee3c s\u1ea3n xu\u1ea5t tr\u00ean n\u1ec1n t\u1ea3ng c\u1ee7a ki\u1ebfn tr\u00fac\u00a0<strong>RTX Ampere\u00a0<\/strong>th\u1ebf h\u1ec7 th\u1ee9 2 NVIDIA mang \u0111\u1ebfn ngu\u1ed3n c\u1ea3m h\u1ee9ng v\u00f4 t\u1eadn cho b\u1ea1n khi cung c\u1ea5p h\u00ecnh \u1ea3nh r\u00f5 n\u00e9t \u0111\u1ebfn t\u1eebng chi ti\u1ebft, h\u1ed7 tr\u1ee3 t\u1ed1i \u0111a cho c\u00f4ng vi\u1ec7c s\u00e1ng t\u1ea1o n\u1ed9i dung, ch\u1ec9nh s\u1eeda h\u00ecnh \u1ea3nh, render video,&#8230; c\u1ee7a ng\u01b0\u1eddi d\u00f9ng tr\u00ean c\u00e1c \u1ee9ng d\u1ee5ng Photoshop, AI,&#8230; hay t\u1eadn h\u01b0\u1edfng nh\u1eefng tr\u1ea3i nghi\u1ec7m \u0111\u1ea7y \u1ea5n t\u01b0\u1ee3ng v\u1edbi c\u00e1c t\u1ef1a game nh\u01b0 LOL, PUBG: Battlegrounds, Cyberpunk 2077, Valorant,&#8230;<\/p>\n<p><img decoding=\"async\" class=\" ls-is-cached lazyloaded\" title=\"Acer Nitro 5 Gaming AN515 57 720A i7 11800H (NH.QEQSV.004) - Card \u0111\u1ed3 ho\u1ea1\" src=\"https:\/\/cdn.tgdd.vn\/Products\/Images\/44\/260058\/acer-nitro-5-gaming-an515-57-720a-i7-nhqeqsv004-5-1.jpg\" alt=\"Acer Nitro 5 Gaming AN515 57 720A i7 11800H (NH.QEQSV.004) - Card \u0111\u1ed3 ho\u1ea1\" data-src=\"https:\/\/cdn.tgdd.vn\/Products\/Images\/44\/260058\/acer-nitro-5-gaming-an515-57-720a-i7-nhqeqsv004-5-1.jpg\" \/><\/p>\n<p>\u0110\u1ee7 s\u1ee9c ch\u1ee9a cho m\u1ecdi lo\u1ea1i d\u1eef li\u1ec7u m\u00e0 b\u1ea1n y\u00eau th\u00edch, \u1ed5 c\u1ee9ng\u00a0SSD 512 GB\u00a0<strong>NVMe PCle\u00a0<\/strong>(C\u00f3 th\u1ec3 th\u00e1o ra, l\u1eafp thanh kh\u00e1c t\u1ed1i \u0111a\u00a0<strong>1 TB<\/strong>)<b>\u00a0<\/b>kh\u00f4ng ch\u1ec9 cung c\u1ea5p kh\u00f4ng gian l\u01b0u tr\u1eef r\u1ed9ng l\u1edbn, m\u00e0 c\u00f2n h\u1ed7 tr\u1ee3 m\u1edf m\u00e1y v\u00e0 v\u1eadn h\u00e0nh c\u00e1c \u1ee9ng d\u1ee5ng nhanh ch\u00f3ng ch\u1ec9 trong v\u00e0i gi\u00e2y.<\/p>\n<p>Nh\u1eb1m t\u1ea1o n\u00ean m\u1ed9t phi\u00ean b\u1ea3n v\u1edbi s\u1ee9c m\u1ea1nh v\u01b0\u1ee3t tr\u1ed9i h\u01a1n, Acer c\u00f2n trang b\u1ecb khe c\u1eafm<strong>\u00a0HDD SATA<\/strong>\u00a0v\u1edbi kh\u1ea3 n\u0103ng n\u00e2ng c\u1ea5p t\u1ed1i \u0111a<strong>\u00a02 TB<\/strong>\u00a0c\u00f9ng khe c\u1eafm\u00a0<strong>SSD M.2 PCIe<\/strong>\u00a0m\u1edf r\u1ed9ng c\u00f3 th\u1ec3 n\u00e2ng c\u1ea5p t\u1ed1i \u0111a\u00a0<strong>1 TB<\/strong>, ph\u1ee5c v\u1ee5 cho m\u1ecdi nhu c\u1ea7u t\u1eeb b\u1ea1n m\u1ed9t c\u00e1ch hi\u1ec7u qu\u1ea3 nh\u1ea5t.<\/p>\n<p><img decoding=\"async\" class=\" ls-is-cached lazyloaded\" title=\"Acer Nitro 5 Gaming AN515 57 720A i7 11800H (NH.QEQSV.004) - SSD\" src=\"https:\/\/cdn.tgdd.vn\/Products\/Images\/44\/260058\/acer-nitro-5-gaming-an515-57-720a-i7-nhqeqsv004-6-1.jpg\" alt=\"Acer Nitro 5 Gaming AN515 57 720A i7 11800H (NH.QEQSV.004) - SSD\" data-src=\"https:\/\/cdn.tgdd.vn\/Products\/Images\/44\/260058\/acer-nitro-5-gaming-an515-57-720a-i7-nhqeqsv004-6-1.jpg\" \/><\/p>\n<h3>M\u1ea1nh m\u1ebd t\u1eeb c\u1ea5u h\u00ecnh cho \u0111\u1ebfn di\u1ec7n m\u1ea1o<\/h3>\n<p>\u0110\u01b0\u1ee3c ch\u1ebf t\u00e1c t\u1eeb ch\u1ea5t li\u1ec7u nh\u1ef1a b\u1ec1n ch\u1eafc,\u00a0laptop Acer Nitro\u00a0s\u1edf h\u1eefu tr\u1ecdng l\u01b0\u1ee3ng\u00a0<strong>2.2 kg\u00a0<\/strong>v\u00e0 d\u00e0y\u00a0<strong>23.9 mm<\/strong>, \u0111\u01b0\u1ee3c thi\u1ebft k\u1ebf n\u1ed5i b\u1eadt v\u1edbi nh\u1eefng \u0111\u01b0\u1eddng c\u1eaft \u0111\u1eadm ch\u1ea5t gaming, lu\u00f4n trong t\u01b0 th\u1ebf s\u1eb5n s\u00e0ng c\u00f9ng b\u1ea1n \u0111i \u0111\u1ebfn b\u1ea5t k\u1ef3 \u0111\u00e2u, gi\u1ea3i quy\u1ebft m\u1ecdi c\u00f4ng vi\u1ec7c, chi\u1ebfn m\u1ecdi tr\u1eadn game.<\/p>\n<p><img decoding=\"async\" class=\" lazyloaded\" title=\"Acer Nitro 5 Gaming AN515 57 720A i7 11800H (NH.QEQSV.004) - Thi\u1ebft k\u1ebf\" src=\"https:\/\/cdn.tgdd.vn\/Products\/Images\/44\/260058\/acer-nitro-5-gaming-an515-57-720a-i7-nhqeqsv004-2-1.jpg\" alt=\"Acer Nitro 5 Gaming AN515 57 720A i7 11800H (NH.QEQSV.004) - Thi\u1ebft k\u1ebf\" data-src=\"https:\/\/cdn.tgdd.vn\/Products\/Images\/44\/260058\/acer-nitro-5-gaming-an515-57-720a-i7-nhqeqsv004-2-1.jpg\" \/><\/p>\n<p>Kh\u1ea3 n\u0103ng \u0111\u1ed5i m\u00e0u \u0111a d\u1ea1ng \u0111\u1ebfn t\u1eeb\u00a0<strong>\u0111\u00e8n n\u1ec1n chuy\u1ec3n m\u00e0u RGB\u00a0<\/strong>c\u1ee7a chi\u1ebfc\u00a0laptop Acer\u00a0t\u1ea1o n\u00ean c\u00e1 t\u00ednh ri\u00eang cho m\u1ed7i ng\u01b0\u1eddi d\u00f9ng, \u0111\u1ed3ng th\u1eddi\u00a0thi\u1ebft k\u1ebf b\u00e0n ph\u00edm\u00a0<strong>Fullsize<\/strong>\u00a0s\u1edf h\u1eefu \u0111\u1ed9 n\u1ea3y t\u1ed1t, h\u00e0nh tr\u00ecnh ph\u00edm s\u00e2u mang \u0111\u1ebfn\u00a0c\u1ea3m gi\u00e1c g\u00f5 ph\u00edm tho\u1ea3i m\u00e1i, n\u00e2ng cao hi\u1ec7u qu\u1ea3 l\u00e0m vi\u1ec7c.<\/p>\n<p><img decoding=\"async\" class=\" lazyloaded\" title=\"Acer Nitro 5 Gaming AN515 57 720A i7 11800H (NH.QEQSV.004) - B\u00e0n ph\u00edm\" src=\"https:\/\/cdn.tgdd.vn\/Products\/Images\/44\/260058\/acer-nitro-5-gaming-an515-57-720a-i7-nhqeqsv004-7-1.jpg\" alt=\"Acer Nitro 5 Gaming AN515 57 720A i7 11800H (NH.QEQSV.004) - B\u00e0n ph\u00edm\" data-src=\"https:\/\/cdn.tgdd.vn\/Products\/Images\/44\/260058\/acer-nitro-5-gaming-an515-57-720a-i7-nhqeqsv004-7-1.jpg\" \/><\/p>\n<p>D\u1ecdc hai b\u00ean\u00a0laptop\u00a0\u0111\u01b0\u1ee3c trang b\u1ecb c\u00e1c c\u1ed5ng giao ti\u1ebfp hi\u1ec7n \u0111\u1ea1i nh\u01b0 3 c\u1ed5ng USB 3.2, HDMI, Jack tai nghe 3.5 mm, LAN (RJ45) v\u00e0 USB Type-C cho ph\u00e9p b\u1ea1n k\u1ebft n\u1ed1i d\u1ec5 d\u00e0ng v\u1edbi c\u00e1c thi\u1ebft b\u1ecb ngo\u1ea1i vi kh\u00e1c nhau, n\u00e2ng cao hi\u1ec7u su\u1ea5t khi truy\u1ec1n xu\u1ea5t d\u1eef li\u1ec7u.<\/p>\n<p><img decoding=\"async\" class=\" lazyloaded\" title=\"Acer Nitro 5 Gaming AN515 57 720A i7 11800H (NH.QEQSV.004) - C\u1ed5ng k\u1ebft n\u1ed1i\" src=\"https:\/\/cdn.tgdd.vn\/Products\/Images\/44\/260058\/acer-nitro-5-gaming-an515-57-720a-i7-nhqeqsv004-12-1.jpg\" alt=\"Acer Nitro 5 Gaming AN515 57 720A i7 11800H (NH.QEQSV.004) - C\u1ed5ng k\u1ebft n\u1ed1i\" data-src=\"https:\/\/cdn.tgdd.vn\/Products\/Images\/44\/260058\/acer-nitro-5-gaming-an515-57-720a-i7-nhqeqsv004-12-1.jpg\" \/><\/p>\n<p>\u0110\u01b0\u1eddng truy\u1ec1n \u1ed5n \u0111\u1ecbnh d\u00f9 \u1edf b\u1ea5t k\u1ef3 kh\u00f4ng gian n\u00e0o, k\u1ec3 c\u1ea3 trong nh\u00e0 hay ngo\u00e0i tr\u1eddi nh\u1edd k\u1ebft n\u1ed1i kh\u00f4ng d\u00e2y\u00a0<strong>Bluetooth 5.1<\/strong>\u00a0v\u00e0\u00a0<b>Wi-Fi 6 (802.11ax),\u00a0<\/b>h\u1ed7 tr\u1ee3 b\u1ea1n l\u00e0m vi\u1ec7c thu\u1eadn l\u1ee3i m\u00e0 kh\u00f4ng lo gi\u00e1n \u0111o\u1ea1n, ng\u1eaft qu\u00e3ng \u00fd t\u01b0\u1edfng trong b\u1ea1n.<\/p>\n<h3>V\u01b0\u01a1n t\u1ea7m v\u1edbi nh\u1eefng tr\u1ea3i nghi\u1ec7m h\u00ecnh \u1ea3nh v\u00e0 \u00e2m thanh \u0111\u1ed9c \u0111\u00e1o<\/h3>\n<p>M\u00e0n h\u00ecnh tr\u00e0n vi\u1ec1n 15.6 inch\u00a0c\u00f3 \u0111\u1ed9 ph\u00e2n gi\u1ea3i<strong>\u00a0Full HD (1920 x 1080)\u00a0<\/strong>mang \u0111\u1ebfn h\u00ecnh \u1ea3nh r\u00f5 n\u00e9t, ch\u00e2n th\u1eadt \u0111\u1ebfn t\u1eebng chi ti\u1ebft, chuy\u1ec3n \u0111\u1ed9ng trong c\u1ea3 nh\u1eefng game hay phim h\u00e0nh \u0111\u1ed9ng \u0111\u1ea7y k\u1ecbch t\u00ednh nh\u1edd t\u1ed1c \u0111\u1ed9 \u0111\u1ecdc c\u1ef1c nhanh c\u1ee7a<strong>\u00a0<\/strong>t\u1ea7n s\u1ed1 qu\u00e9t 144 Hz<b>,\u00a0<\/b>h\u1ea1n ch\u1ebf t\u1ed1i \u0111a\u00a0t\u00ecnh tr\u1ea1ng x\u00e9 \u1ea3nh.<\/p>\n<p><img decoding=\"async\" class=\" lazyloaded\" title=\"Acer Nitro 5 Gaming AN515 57 720A i7 11800H (NH.QEQSV.004) - M\u00e0n h\u00ecnh\" src=\"https:\/\/cdn.tgdd.vn\/Products\/Images\/44\/260058\/acer-nitro-5-gaming-an515-57-720a-i7-nhqeqsv004-9-1.jpg\" alt=\"Acer Nitro 5 Gaming AN515 57 720A i7 11800H (NH.QEQSV.004) - M\u00e0n h\u00ecnh\" data-src=\"https:\/\/cdn.tgdd.vn\/Products\/Images\/44\/260058\/acer-nitro-5-gaming-an515-57-720a-i7-nhqeqsv004-9-1.jpg\" \/><\/p>\n<p>S\u1ef1 k\u1ebft h\u1ee3p c\u1ee7a 2 c\u00f4ng ngh\u1ec7 m\u00e0n h\u00ecnh t\u00e2n ti\u1ebfn\u00a0Acer ComfyView\u00a0v\u00e0\u00a0TFT\u00a0mang \u0111\u1ebfn cho ng\u01b0\u1eddi d\u00f9ng nh\u1eefng tr\u1ea3i nghi\u1ec7m h\u00ecnh \u1ea3nh s\u1ed1ng \u0111\u1ed9ng v\u1edbi m\u00e0u s\u1eafc chu\u1ea9n x\u00e1c, cho ph\u00e9p b\u1ea1n s\u1eed d\u1ee5ng c\u1ea3 ngo\u00e0i tr\u1eddi m\u00e0 kh\u00f4ng l\u00e0m \u1ea3nh h\u01b0\u1edfng \u0111\u1ebfn ch\u1ea5t l\u01b0\u1ee3ng h\u00ecnh \u1ea3nh.<\/p>\n<p>Cho b\u1ea1n t\u1eadn h\u01b0\u1edfng khung h\u00ecnh r\u1ed9ng m\u1edf l\u00ean \u0111\u1ebfn\u00a0<strong>178 \u0111\u1ed9<\/strong>\u00a0nh\u1edd \u0111\u01b0\u1ee3c trang b\u1ecb t\u1ea5m n\u1ec1n\u00a0<strong>IPS<\/strong>\u00a0v\u1edbi nh\u1eefng h\u00ecnh \u1ea3nh s\u1eafc n\u00e9t d\u00f9 kh\u00f4ng\u00a0ng\u1ed3i tr\u1ef1c di\u1ec7n, \u0111\u1ed3ng th\u1eddi ti\u1ebft ki\u1ec7m t\u1ed1i \u01b0u \u0111i\u1ec7n n\u0103ng ti\u00eau th\u1ee5 nh\u1edd c\u00f4ng ngh\u1ec7\u00a0<strong>LED Backlit<\/strong>.<\/p>\n<p><img decoding=\"async\" class=\" lazyloaded\" title=\"Acer Nitro 5 Gaming AN515 57 720A i7 11800H (NH.QEQSV.004) - T\u1ea7n s\u1ed1 qu\u00e9t\" src=\"https:\/\/cdn.tgdd.vn\/Products\/Images\/44\/260058\/acer-nitro-5-gaming-an515-57-720a-i7-nhqeqsv004-10-1.jpg\" alt=\"Acer Nitro 5 Gaming AN515 57 720A i7 11800H (NH.QEQSV.004) - T\u1ea7n s\u1ed1 qu\u00e9t\" data-src=\"https:\/\/cdn.tgdd.vn\/Products\/Images\/44\/260058\/acer-nitro-5-gaming-an515-57-720a-i7-nhqeqsv004-10-1.jpg\" \/><\/p>\n<p>Mang \u0111\u1ebfn \u00e2m v\u00f2m \u0111\u1eb3ng c\u1ea5p c\u00f9ng kh\u1ea3 n\u0103ng t\u00e1i t\u1ea1o \u00e2m 3D \u0111\u1eb7c s\u1eafc nh\u1edd s\u1ef1 k\u1ebft h\u1ee3p c\u1ee7a c\u00f4ng ngh\u1ec7<strong>\u00a0Acer TrueHarmony\u00a0<\/strong>v\u00e0<strong>\u00a0DTS:X Ultra Audio<\/strong>, mang \u0111\u1ebfn \u00e2m thanh to r\u00f5, \u00edt b\u1ecb bi\u1ebfn d\u1ea1ng, cho b\u1ea1n \u0111\u1eafm ch\u00ecm v\u00e0o th\u1ebf gi\u1edbi \u00e2m nh\u1ea1c, phim \u1ea3nh hay tr\u00f2 ch\u01a1i m\u1ed9t c\u00e1ch th\u1eadt nh\u1ea5t trong th\u1ebf gi\u1edbi \u1ea3o \u0111\u1ea7y l\u00f4i cu\u1ed1n.<\/p>\n<p><img decoding=\"async\" class=\" lazyloaded\" title=\"Acer Nitro 5 Gaming AN515 57 720A i7 11800H (NH.QEQSV.004) - \u00c2m thanh\" src=\"https:\/\/cdn.tgdd.vn\/Products\/Images\/44\/260058\/acer-nitro-5-gaming-an515-57-720a-i7-nhqeqsv004-11-1.jpg\" alt=\"Acer Nitro 5 Gaming AN515 57 720A i7 11800H (NH.QEQSV.004) - \u00c2m thanh\" data-src=\"https:\/\/cdn.tgdd.vn\/Products\/Images\/44\/260058\/acer-nitro-5-gaming-an515-57-720a-i7-nhqeqsv004-11-1.jpg\" \/><\/p>\n<p>Acer Nitro 5 Gaming AN515 57 720A i7 (NH.QEQSV.004) l\u00e0 phi\u00ean b\u1ea3n\u00a0laptop gaming\u00a0\u0111\u00e1ng s\u1edf h\u1eefu v\u1edbi v\u1ebb ngo\u00e0i c\u00e1 t\u00ednh c\u00f9ng c\u1ea5u h\u00ecnh m\u1ea1nh m\u1ebd v\u01b0\u1ee3t tr\u1ed9i, l\u00e0 s\u1ef1 l\u1ef1a ch\u1ecdn s\u00e1ng su\u1ed1t cho c\u1ea3 game th\u1ee7 hay b\u1ea5t k\u1ef3 ai.<\/p>\n","protected":false},"excerpt":{"rendered":"<ul>\n<li>Giao h\u00e0ng tr\u00ean to\u00e0n qu\u1ed1c<\/li>\n<li>B\u1ea3o h\u00e0nh ch\u00ednh h\u00e3ng<\/li>\n<li>Cam k\u1ebft ch\u1ea5t l\u01b0\u1ee3ng<\/li>\n<li>Hotline t\u01b0 v\u1ea5n: 035 609 3690<\/li>\n<\/ul>\n","protected":false},"featured_media":313,"comment_status":"closed","ping_status":"closed","template":"","meta":[],"product_cat":[17,18,20,21,22,19,25,34,35,28,26,39,40,41,42,29,37,43,32,36,38,44,33,27,30,31,49,50,24,51,52,53,54,55,23],"product_tag":[],"class_list":["post-78","product","type-product","status-publish","has-post-thumbnail","hentry","product_cat-san-pham-ban-chay","product_cat-laptop-chinh-hang","product_cat-may-tinh-choi-game","product_cat-may-tinh-workstation","product_cat-man-hinh-may-tinh","product_cat-linh-kien-may-tinh","product_cat-cpu-bo-vi-xu-ly","product_cat-cpu-intel","product_cat-cpu-amd","product_cat-ram-bo-nho-trong","product_cat-ram-adata","product_cat-ram-corsair","product_cat-ram-kingston","product_cat-ram-kingmax","product_cat-ram-gskill","product_cat-mainboard","product_cat-mainboard-amd","product_cat-mainboard-intel","product_cat-psu-nguon-may-tinh","product_cat-nguon-corsair","product_cat-nguon-acbel","product_cat-nguon-seasonic","product_cat-nguon-thermaltake","product_cat-case-vo-may-tinh","product_cat-hdd-ssd-usb","product_cat-do-choi-may-tinh","product_cat-odd-o-dia-quang","product_cat-gia-treo-man-hinh","product_cat-vga-card-man-hinh","product_cat-phim-chuot-gaming-gear","product_cat-camera-dau-ghi-hinh","product_cat-ban-ghe-gaming","product_cat-lap-dat-phong-game","product_cat-thiet-bi-mang","product_cat-thiet-bi-van-phong"],"yoast_head":"<!-- This site is optimized with the Yoast SEO plugin v18.9 - https:\/\/yoast.com\/wordpress\/plugins\/seo\/ -->\n<title>Laptop Acer Nitro 5 Gaming AN515 57 720A i7 11800H\/8GB\/512GB\/4GB RTX3050Ti\/144Hz\/Win11 (NH.QEQSV.004) - Ho\u00e0 B\u00ecnh Web<\/title>\n<meta name=\"robots\" content=\"noindex, follow, max-snippet:-1, max-image-preview:large, max-video-preview:-1\" \/>\n<meta property=\"og:locale\" content=\"vi_VN\" \/>\n<meta property=\"og:type\" content=\"article\" \/>\n<meta property=\"og:title\" content=\"Laptop Acer Nitro 5 Gaming AN515 57 720A i7 11800H\/8GB\/512GB\/4GB RTX3050Ti\/144Hz\/Win11 (NH.QEQSV.004) - Ho\u00e0 B\u00ecnh Web\" \/>\n<meta property=\"og:description\" content=\"Giao h\u00e0ng tr\u00ean to\u00e0n qu\u1ed1c  B\u1ea3o h\u00e0nh ch\u00ednh h\u00e3ng  Cam k\u1ebft ch\u1ea5t l\u01b0\u1ee3ng  Hotline t\u01b0 v\u1ea5n: 035 609 3690\" \/>\n<meta property=\"og:url\" content=\"http:\/\/mau.hoabinhweb.com\/maytinh1\/san-pham\/laptop-acer-nitro-5-gaming-an515-57-720a-i7-11800h-8gb-512gb-4gb-rtx3050ti-144hz-win11-nh-qeqsv-004\/\" \/>\n<meta property=\"og:site_name\" content=\"Ho\u00e0 B\u00ecnh Web\" \/>\n<meta property=\"article:modified_time\" content=\"2022-05-18T07:08:26+00:00\" \/>\n<meta property=\"og:image\" content=\"http:\/\/mau.hoabinhweb.com\/maytinh1\/wp-content\/uploads\/2022\/03\/sanpham-maytinh10.jpg\" \/>\n\t<meta property=\"og:image:width\" content=\"656\" \/>\n\t<meta property=\"og:image:height\" content=\"656\" \/>\n\t<meta property=\"og:image:type\" content=\"image\/jpeg\" \/>\n<meta name=\"twitter:card\" content=\"summary_large_image\" \/>\n<meta name=\"twitter:label1\" content=\"\u01af\u1edbc t\u00ednh th\u1eddi gian \u0111\u1ecdc\" \/>\n\t<meta name=\"twitter:data1\" content=\"7 ph\u00fat\" \/>\n<script type=\"application\/ld+json\" class=\"yoast-schema-graph\">{\"@context\":\"https:\/\/schema.org\",\"@graph\":[{\"@type\":\"WebSite\",\"@id\":\"https:\/\/mau.hoabinhweb.com\/maytinh1\/#website\",\"url\":\"https:\/\/mau.hoabinhweb.com\/maytinh1\/\",\"name\":\"Ho\u00e0 B\u00ecnh Web\",\"description\":\"\",\"potentialAction\":[{\"@type\":\"SearchAction\",\"target\":{\"@type\":\"EntryPoint\",\"urlTemplate\":\"https:\/\/mau.hoabinhweb.com\/maytinh1\/?s={search_term_string}\"},\"query-input\":\"required name=search_term_string\"}],\"inLanguage\":\"vi\"},{\"@type\":\"ImageObject\",\"inLanguage\":\"vi\",\"@id\":\"http:\/\/mau.hoabinhweb.com\/maytinh1\/san-pham\/laptop-acer-nitro-5-gaming-an515-57-720a-i7-11800h-8gb-512gb-4gb-rtx3050ti-144hz-win11-nh-qeqsv-004\/#primaryimage\",\"url\":\"http:\/\/mau.hoabinhweb.com\/maytinh1\/wp-content\/uploads\/2022\/03\/sanpham-maytinh10.jpg\",\"contentUrl\":\"http:\/\/mau.hoabinhweb.com\/maytinh1\/wp-content\/uploads\/2022\/03\/sanpham-maytinh10.jpg\",\"width\":656,\"height\":656,\"caption\":\"Sanpham Maytinh10\"},{\"@type\":\"WebPage\",\"@id\":\"http:\/\/mau.hoabinhweb.com\/maytinh1\/san-pham\/laptop-acer-nitro-5-gaming-an515-57-720a-i7-11800h-8gb-512gb-4gb-rtx3050ti-144hz-win11-nh-qeqsv-004\/#webpage\",\"url\":\"http:\/\/mau.hoabinhweb.com\/maytinh1\/san-pham\/laptop-acer-nitro-5-gaming-an515-57-720a-i7-11800h-8gb-512gb-4gb-rtx3050ti-144hz-win11-nh-qeqsv-004\/\",\"name\":\"Laptop Acer Nitro 5 Gaming AN515 57 720A i7 11800H\/8GB\/512GB\/4GB RTX3050Ti\/144Hz\/Win11 (NH.QEQSV.004) - Ho\u00e0 B\u00ecnh Web\",\"isPartOf\":{\"@id\":\"https:\/\/mau.hoabinhweb.com\/maytinh1\/#website\"},\"primaryImageOfPage\":{\"@id\":\"http:\/\/mau.hoabinhweb.com\/maytinh1\/san-pham\/laptop-acer-nitro-5-gaming-an515-57-720a-i7-11800h-8gb-512gb-4gb-rtx3050ti-144hz-win11-nh-qeqsv-004\/#primaryimage\"},\"datePublished\":\"2022-03-24T07:27:44+00:00\",\"dateModified\":\"2022-05-18T07:08:26+00:00\",\"breadcrumb\":{\"@id\":\"http:\/\/mau.hoabinhweb.com\/maytinh1\/san-pham\/laptop-acer-nitro-5-gaming-an515-57-720a-i7-11800h-8gb-512gb-4gb-rtx3050ti-144hz-win11-nh-qeqsv-004\/#breadcrumb\"},\"inLanguage\":\"vi\",\"potentialAction\":[{\"@type\":\"ReadAction\",\"target\":[\"http:\/\/mau.hoabinhweb.com\/maytinh1\/san-pham\/laptop-acer-nitro-5-gaming-an515-57-720a-i7-11800h-8gb-512gb-4gb-rtx3050ti-144hz-win11-nh-qeqsv-004\/\"]}]},{\"@type\":\"BreadcrumbList\",\"@id\":\"http:\/\/mau.hoabinhweb.com\/maytinh1\/san-pham\/laptop-acer-nitro-5-gaming-an515-57-720a-i7-11800h-8gb-512gb-4gb-rtx3050ti-144hz-win11-nh-qeqsv-004\/#breadcrumb\",\"itemListElement\":[{\"@type\":\"ListItem\",\"position\":1,\"name\":\"Trang ch\u1ee7\",\"item\":\"https:\/\/mau.hoabinhweb.com\/maytinh1\/\"},{\"@type\":\"ListItem\",\"position\":2,\"name\":\"S\u1ea3n ph\u1ea9m\",\"item\":\"https:\/\/mau.hoabinhweb.com\/maytinh1\/san-pham\/\"},{\"@type\":\"ListItem\",\"position\":3,\"name\":\"Tin t\u1ee9c\",\"item\":\"http:\/\/mau.hoabinhweb.com\/maytinh1\/tin-tuc\/\"},{\"@type\":\"ListItem\",\"position\":4,\"name\":\"Laptop Acer Nitro 5 Gaming AN515 57 720A i7 11800H\/8GB\/512GB\/4GB RTX3050Ti\/144Hz\/Win11 (NH.QEQSV.004)\"}]}]}<\/script>\n<!-- \/ Yoast SEO plugin. -->","yoast_head_json":{"title":"Laptop Acer Nitro 5 Gaming AN515 57 720A i7 11800H\/8GB\/512GB\/4GB RTX3050Ti\/144Hz\/Win11 (NH.QEQSV.004) - Ho\u00e0 B\u00ecnh Web","robots":{"index":"noindex","follow":"follow","max-snippet":"max-snippet:-1","max-image-preview":"max-image-preview:large","max-video-preview":"max-video-preview:-1"},"og_locale":"vi_VN","og_type":"article","og_title":"Laptop Acer Nitro 5 Gaming AN515 57 720A i7 11800H\/8GB\/512GB\/4GB RTX3050Ti\/144Hz\/Win11 (NH.QEQSV.004) - Ho\u00e0 B\u00ecnh Web","og_description":"Giao h\u00e0ng tr\u00ean to\u00e0n qu\u1ed1c  B\u1ea3o h\u00e0nh ch\u00ednh h\u00e3ng  Cam k\u1ebft ch\u1ea5t l\u01b0\u1ee3ng  Hotline t\u01b0 v\u1ea5n: 035 609 3690","og_url":"http:\/\/mau.hoabinhweb.com\/maytinh1\/san-pham\/laptop-acer-nitro-5-gaming-an515-57-720a-i7-11800h-8gb-512gb-4gb-rtx3050ti-144hz-win11-nh-qeqsv-004\/","og_site_name":"Ho\u00e0 B\u00ecnh Web","article_modified_time":"2022-05-18T07:08:26+00:00","og_image":[{"width":656,"height":656,"url":"http:\/\/mau.hoabinhweb.com\/maytinh1\/wp-content\/uploads\/2022\/03\/sanpham-maytinh10.jpg","type":"image\/jpeg"}],"twitter_card":"summary_large_image","twitter_misc":{"\u01af\u1edbc t\u00ednh th\u1eddi gian \u0111\u1ecdc":"7 ph\u00fat"},"schema":{"@context":"https:\/\/schema.org","@graph":[{"@type":"WebSite","@id":"https:\/\/mau.hoabinhweb.com\/maytinh1\/#website","url":"https:\/\/mau.hoabinhweb.com\/maytinh1\/","name":"Ho\u00e0 B\u00ecnh Web","description":"","potentialAction":[{"@type":"SearchAction","target":{"@type":"EntryPoint","urlTemplate":"https:\/\/mau.hoabinhweb.com\/maytinh1\/?s={search_term_string}"},"query-input":"required name=search_term_string"}],"inLanguage":"vi"},{"@type":"ImageObject","inLanguage":"vi","@id":"http:\/\/mau.hoabinhweb.com\/maytinh1\/san-pham\/laptop-acer-nitro-5-gaming-an515-57-720a-i7-11800h-8gb-512gb-4gb-rtx3050ti-144hz-win11-nh-qeqsv-004\/#primaryimage","url":"http:\/\/mau.hoabinhweb.com\/maytinh1\/wp-content\/uploads\/2022\/03\/sanpham-maytinh10.jpg","contentUrl":"http:\/\/mau.hoabinhweb.com\/maytinh1\/wp-content\/uploads\/2022\/03\/sanpham-maytinh10.jpg","width":656,"height":656,"caption":"Sanpham Maytinh10"},{"@type":"WebPage","@id":"http:\/\/mau.hoabinhweb.com\/maytinh1\/san-pham\/laptop-acer-nitro-5-gaming-an515-57-720a-i7-11800h-8gb-512gb-4gb-rtx3050ti-144hz-win11-nh-qeqsv-004\/#webpage","url":"http:\/\/mau.hoabinhweb.com\/maytinh1\/san-pham\/laptop-acer-nitro-5-gaming-an515-57-720a-i7-11800h-8gb-512gb-4gb-rtx3050ti-144hz-win11-nh-qeqsv-004\/","name":"Laptop Acer Nitro 5 Gaming AN515 57 720A i7 11800H\/8GB\/512GB\/4GB RTX3050Ti\/144Hz\/Win11 (NH.QEQSV.004) - Ho\u00e0 B\u00ecnh Web","isPartOf":{"@id":"https:\/\/mau.hoabinhweb.com\/maytinh1\/#website"},"primaryImageOfPage":{"@id":"http:\/\/mau.hoabinhweb.com\/maytinh1\/san-pham\/laptop-acer-nitro-5-gaming-an515-57-720a-i7-11800h-8gb-512gb-4gb-rtx3050ti-144hz-win11-nh-qeqsv-004\/#primaryimage"},"datePublished":"2022-03-24T07:27:44+00:00","dateModified":"2022-05-18T07:08:26+00:00","breadcrumb":{"@id":"http:\/\/mau.hoabinhweb.com\/maytinh1\/san-pham\/laptop-acer-nitro-5-gaming-an515-57-720a-i7-11800h-8gb-512gb-4gb-rtx3050ti-144hz-win11-nh-qeqsv-004\/#breadcrumb"},"inLanguage":"vi","potentialAction":[{"@type":"ReadAction","target":["http:\/\/mau.hoabinhweb.com\/maytinh1\/san-pham\/laptop-acer-nitro-5-gaming-an515-57-720a-i7-11800h-8gb-512gb-4gb-rtx3050ti-144hz-win11-nh-qeqsv-004\/"]}]},{"@type":"BreadcrumbList","@id":"http:\/\/mau.hoabinhweb.com\/maytinh1\/san-pham\/laptop-acer-nitro-5-gaming-an515-57-720a-i7-11800h-8gb-512gb-4gb-rtx3050ti-144hz-win11-nh-qeqsv-004\/#breadcrumb","itemListElement":[{"@type":"ListItem","position":1,"name":"Trang ch\u1ee7","item":"https:\/\/mau.hoabinhweb.com\/maytinh1\/"},{"@type":"ListItem","position":2,"name":"S\u1ea3n ph\u1ea9m","item":"https:\/\/mau.hoabinhweb.com\/maytinh1\/san-pham\/"},{"@type":"ListItem","position":3,"name":"Tin t\u1ee9c","item":"http:\/\/mau.hoabinhweb.com\/maytinh1\/tin-tuc\/"},{"@type":"ListItem","position":4,"name":"Laptop Acer Nitro 5 Gaming AN515 57 720A i7 11800H\/8GB\/512GB\/4GB RTX3050Ti\/144Hz\/Win11 (NH.QEQSV.004)"}]}]}},"_links":{"self":[{"href":"http:\/\/mau.hoabinhweb.com\/maytinh1\/wp-json\/wp\/v2\/product\/78","targetHints":{"allow":["GET"]}}],"collection":[{"href":"http:\/\/mau.hoabinhweb.com\/maytinh1\/wp-json\/wp\/v2\/product"}],"about":[{"href":"http:\/\/mau.hoabinhweb.com\/maytinh1\/wp-json\/wp\/v2\/types\/product"}],"replies":[{"embeddable":true,"href":"http:\/\/mau.hoabinhweb.com\/maytinh1\/wp-json\/wp\/v2\/comments?post=78"}],"wp:featuredmedia":[{"embeddable":true,"href":"http:\/\/mau.hoabinhweb.com\/maytinh1\/wp-json\/wp\/v2\/media\/313"}],"wp:attachment":[{"href":"http:\/\/mau.hoabinhweb.com\/maytinh1\/wp-json\/wp\/v2\/media?parent=78"}],"wp:term":[{"taxonomy":"product_cat","embeddable":true,"href":"http:\/\/mau.hoabinhweb.com\/maytinh1\/wp-json\/wp\/v2\/product_cat?post=78"},{"taxonomy":"product_tag","embeddable":true,"href":"http:\/\/mau.hoabinhweb.com\/maytinh1\/wp-json\/wp\/v2\/product_tag?post=78"}],"curies":[{"name":"wp","href":"https:\/\/api.w.org\/{rel}","templated":true}]}}