{"id":20,"date":"2022-03-24T03:45:32","date_gmt":"2022-03-24T03:45:32","guid":{"rendered":"https:\/\/webcam24h.net\/?page_id=20"},"modified":"2022-03-24T03:45:32","modified_gmt":"2022-03-24T03:45:32","slug":"gioi-thieu","status":"publish","type":"page","link":"http:\/\/mau.hoabinhweb.com\/maytinh1\/gioi-thieu\/","title":{"rendered":"Gi\u1edbi thi\u1ec7u"},"content":{"rendered":"<p>L\u1eddi \u0111\u1ea7u, Ho\u00e0 B\u00ecnh Web xin g\u1eedi \u0111\u1ebfn Qu\u00fd Kh\u00e1ch h\u00e0ng l\u1eddi ch\u00fac s\u1ee9c kh\u1ecfe, th\u00e0nh c\u00f4ng v\u00e0 th\u1ecbnh v\u01b0\u1ee3ng. Ho\u00e0 B\u00ecnh Web\u00a0xin c\u1ea3m \u01a1n Qu\u00fd Kh\u00e1ch h\u00e0ng \u0111\u00e3 t\u00edn nhi\u1ec7m, tin d\u00f9ng v\u00e0 \u0111\u1ed3ng h\u00e0nh c\u00f9ng s\u1ef1 ph\u00e1t tri\u1ec3n c\u1ee7a ch\u00fang t\u00f4i trong th\u1eddi gian qua.<\/p>\n<p>Ho\u00e0 B\u00ecnh Web l\u00e0 m\u1ed9t trong nh\u1eefng C\u00f4ng ty h\u00e0ng \u0111\u1ea7u cung c\u1ea5p c\u00e1c gi\u1ea3i ph\u00e1p c\u00f4ng ngh\u1ec7, thi c\u00f4ng v\u00e0 l\u1eafp \u0111\u1eb7t, n\u00e2ng c\u1ea5p \u2013 b\u1ea3o tr\u00ec trong c\u00e1c l\u0129nh v\u1ef1c\u00a0h\u1ec7 th\u1ed1ng camera quan s\u00e1t, h\u1ec7 th\u1ed1ng b\u00e1o \u0111\u1ed9ng \u2013 b\u00e1o ch\u00e1y, h\u1ec7 th\u1ed1ng ng\u00f4i nh\u00e0 th\u00f4ng minh, thi\u1ebft b\u1ecb v\u0103n ph\u00f2ng, chi\u1ebfu s\u00e1ng, h\u1ec7 th\u1ed1ng \u0111i\u1ec7n d\u00e2n d\u1ee5ng\u2026t\u1ea1i Vi\u1ec7t Nam. V\u1edbi tr\u00ean 7 n\u0103m kinh nghi\u1ec7m ho\u1ea1t \u0111\u1ed9ng kinh doanh, Ho\u00e0 B\u00ecnh Web tin t\u01b0\u1edfng s\u1ebd lu\u00f4n mang \u0111\u1ebfn cho kh\u00e1ch h\u00e0ng s\u1ef1 h\u00e0i l\u00f2ng v\u00e0 ti\u1ec7n \u00edch nh\u1ea5t. \u0110i c\u00f9ng nhu c\u1ea7u c\u1ee7a Qu\u00fd kh\u00e1ch, ch\u00fang t\u00f4i cam k\u1ebft mang \u0111\u1ebfn cho kh\u00e1ch h\u00e0ng ti\u1ec7n d\u1ee5ng nh\u1ea5t b\u1eb1ng c\u00e1ch cung c\u1ea5p s\u1ea3n ph\u1ea9m m\u1ed9t c\u00e1ch tr\u1ecdn g\u00f3i, bi\u1ebfn \u00fd t\u01b0\u1edfng c\u1ee7a Qu\u00fd kh\u00e1ch h\u00e0ng th\u00e0nh hi\u1ec7n th\u1ef1c, bao g\u1ed3m: x\u00e2y d\u1ef1ng \u00fd t\u01b0\u1edfng, thi\u1ebft k\u1ebf, thi c\u00f4ng, v\u1eadn h\u00e0nh v\u00e0 chuy\u1ec3n giao c\u00f4ng ngh\u1ec7. V\u1edbi ph\u01b0\u01a1ng tr\u00e2m ch\u1eef T\u00edn \u0111i c\u00f9ng ch\u1ea5t l\u01b0\u1ee3ng, s\u1ef1 h\u00e0i l\u00f2ng c\u1ee7a Qu\u00fd kh\u00e1ch l\u00e0 th\u00e0nh c\u00f4ng c\u1ee7a ch\u00fang t\u00f4i, Ho\u00e0 B\u00ecnh Web lu\u00f4n \u0111\u1eb7t ch\u1ea5t l\u01b0\u1ee3ng s\u1ea3n ph\u1ea9m, c\u00f4ng tr\u00ecnh l\u00ean h\u00e0ng \u0111\u1ea7u, l\u1ea5y s\u1ef1 h\u00e0i l\u00f2ng c\u1ee7a Qu\u00fd kh\u00e1ch h\u00e0ng l\u00e0m t\u00f4n ch\u1ec9 h\u00e0nh \u0111\u1ed9ng, C\u00f4ng ty ch\u00fang t\u00f4i \u0111\u00e3 gi\u00e0nh \u0111\u01b0\u1ee3c s\u1ef1 quan t\u00e2m, tin t\u01b0\u1edfng tuy\u1ec7t \u0111\u1ed1i t\u1eeb c\u00e1c \u0111\u1ed1i t\u00e1c v\u00e0 kh\u00e1ch h\u00e0ng tr\u00ean to\u00e0n qu\u1ed1c.<\/p>\n<p>Nh\u1eb1m cung c\u1ea5p cho kh\u00e1ch h\u00e0ng gi\u00e1 c\u1ea3 h\u1ee3p l\u00fd nh\u1ea5t, c\u00f9ng v\u1edbi th\u1ef1c hi\u1ec7n c\u00e1c d\u1ef1 \u00e1n, Ho\u00e0 B\u00ecnh Web th\u1ef1c hi\u1ec7n c\u00e1c c\u00f4ng vi\u1ec7c xu\u1ea5t nh\u1eadp kh\u1ea9u thi\u1ebft b\u1ecb ngo\u1ea1i nh\u1eadp v\u00e0 nh\u1eb1m cung c\u1ea5p d\u1ecbch v\u1ee5 \u01b0u \u0111\u00e3i nh\u1ea5t. Ngo\u00e0i ra Ho\u00e0 B\u00ecnh Web\u00a0c\u00f2n \u0111\u0103ng k\u00fd l\u00e0m \u0111\u1ea1i di\u1ec7n \u0111\u1ed9c quy\u1ec1n, \u0111\u1ea1i di\u1ec7n ph\u00e2n ph\u1ed1i cho m\u1ed9t s\u1ed1 h\u00e3ng cung c\u1ea5p thi\u1ebft b\u1ecb tr\u00ean th\u1ecb tr\u01b0\u1eddng Vi\u1ec7t Nam nh\u01b0 Hikvision, Dahua\u2026(Camera quan s\u00e1t), Panasonic, Kocom\u2026( chu\u00f4ng c\u1eeda)\u2026v\u00e0 nhi\u1ec1u h\u00e3ng kh\u00e1c, \u2026<\/p>\n<p>Ho\u1ea1t \u0111\u1ed9ng kh\u00f4ng ng\u1eebng ngh\u1ec9, Ho\u00e0 B\u00ecnh Web c\u00f2n l\u00e0 nh\u00e0 t\u01b0 v\u1ea5n thi\u1ebft k\u1ebf chuy\u00ean nghi\u1ec7p v\u1edbi \u0111\u1ed9i ng\u0169 c\u00e1n b\u1ed9, k\u1ef9 s\u01b0, k\u1ef9 thu\u1eadt vi\u00ean gi\u00e0u kinh nghi\u1ec7m.<\/p>\n<p>Ch\u00fang t\u00f4i \u0111\u00e3 th\u1ef1c hi\u1ec7n nhi\u1ec1u c\u00f4ng tr\u00ecnh trong c\u00e1c l\u0129nh v\u1ef1c ph\u1ee5c v\u1ee5 cho c\u00e1c c\u00f4ng tr\u00ecnh t\u01b0 nh\u00e2n, c\u00f4ng c\u1ed9ng nh\u01b0: C\u01a1 quan nh\u00e0 n\u01b0\u1edbc, Tr\u01b0\u1eddng h\u1ecdc, khu c\u00f4ng nghi\u1ec7p, khu \u0111\u00f4 th\u1ecb, h\u1ec7 th\u1ed1ng si\u00eau th\u1ecb, bi\u1ec7t th\u1ef1, v\u0103n ph\u00f2ng, nh\u00e0 d\u00e2n, c\u1eeda h\u00e0ng,\u2026<\/p>\n<p>\u0110\u1ebfn v\u1edbi ch\u00fang t\u00f4i, \u0111\u1ea3m b\u1ea3o Qu\u00fd kh\u00e1ch h\u00e0ng s\u1ebd lu\u00f4n c\u00f3 \u0111\u01b0\u1ee3c nh\u1eefng thi\u1ebft k\u1ebf \u01b0ng \u00fd, nh\u1eefng s\u1ea3n ph\u1ea9m c\u00f3 ch\u1ea5t l\u01b0\u1ee3ng t\u1ed1t nh\u1ea5t v\u00e0 d\u1ecbch v\u1ee5 h\u1eadu m\u00e3i ch\u1ea5t l\u01b0\u1ee3ng cao nh\u1ea5t.<\/p>\n<p>V\u1edbi \u00fd ngh\u0129a c\u1ee7a th\u01b0\u01a1ng hi\u1ec7u Ho\u00e0 B\u00ecnh Web JSC<strong>\u00a0\u2013 An T\u00e2m m\u1ecdi l\u00fac \u2013 An T\u00e2m m\u1ecdi n\u01a1i<\/strong>\u00a0<em>lu\u00f4n<\/em>\u00a0<em>\u0111\u1ea3m b\u1ea3o d\u1ecbch v\u1ee5 \u2013 lu\u00f4n \u0111\u1ea3m b\u1ea3o an ninh c\u0169ng nh\u01b0 vi\u1ec7c qu\u1ea3n l\u00fd cho kh\u00e1ch h\u00e0ng c\u1ea3 ng\u00e0y l\u1eabn \u0111\u00eam<\/em>, ch\u00fang t\u00f4i cam k\u1ebft s\u1ebd x\u1eed l\u00fd c\u00e1c s\u1ef1 c\u1ed1 cho kh\u00e1ch h\u00e0ng trong th\u1eddi gian 24h k\u1ec3 t\u1eeb khi nh\u1eadn \u0111\u01b0\u1ee3c th\u00f4ng b\u00e1o c\u1ee7a kh\u00e1ch h\u00e0ng.<\/p>\n<p>Ch\u00fang t\u00f4i hi\u1ec3u r\u1eb1ng, \u0111\u1ed3ng h\u00e0nh c\u00f9ng s\u1ef1 ph\u00e1t tri\u1ec3n c\u1ee7a Ho\u00e0 B\u00ecnh Web l\u00e0 s\u1ef1 th\u1ecbnh v\u01b0\u1ee3ng c\u1ee7a Qu\u00fd kh\u00e1ch h\u00e0ng, Ho\u00e0 B\u00ecnh Web\u00a0lu\u00f4n ch\u00e0o \u0111\u00f3n h\u1ee3p t\u00e1c c\u1ee7a c\u00e1c \u0111\u1ed1i t\u00e1c trong v\u00e0 ngo\u00e0i n\u01b0\u1edbc, tr\u00ean c\u01a1 s\u1edf chia s\u1ebb l\u1ee3i \u00edch c\u00f9ng h\u01b0\u1edbng t\u1edbi s\u1ef1 ph\u00e1t tri\u1ec3n b\u1ec1n v\u1eefng l\u00e2u d\u00e0i.<\/p>\n","protected":false},"excerpt":{"rendered":"<p>L\u1eddi \u0111\u1ea7u, Ho\u00e0 B\u00ecnh Web xin g\u1eedi \u0111\u1ebfn Qu\u00fd Kh\u00e1ch h\u00e0ng l\u1eddi ch\u00fac s\u1ee9c kh\u1ecfe, th\u00e0nh c\u00f4ng v\u00e0 th\u1ecbnh v\u01b0\u1ee3ng. Ho\u00e0 B\u00ecnh Web\u00a0xin c\u1ea3m \u01a1n Qu\u00fd Kh\u00e1ch h\u00e0ng \u0111\u00e3 t\u00edn nhi\u1ec7m, tin d\u00f9ng v\u00e0 \u0111\u1ed3ng h\u00e0nh c\u00f9ng s\u1ef1 ph\u00e1t tri\u1ec3n c\u1ee7a ch\u00fang t\u00f4i trong th\u1eddi gian qua. Ho\u00e0 B\u00ecnh Web l\u00e0 m\u1ed9t trong nh\u1eefng C\u00f4ng<\/p>\n","protected":false},"author":1,"featured_media":0,"parent":0,"menu_order":0,"comment_status":"closed","ping_status":"closed","template":"","meta":{"footnotes":""},"class_list":["post-20","page","type-page","status-publish","hentry"],"yoast_head":"<!-- This site is optimized with the Yoast SEO plugin v18.9 - https:\/\/yoast.com\/wordpress\/plugins\/seo\/ -->\n<title>Gi\u1edbi thi\u1ec7u - Ho\u00e0 B\u00ecnh Web<\/title>\n<meta name=\"robots\" content=\"noindex, follow, max-snippet:-1, max-image-preview:large, max-video-preview:-1\" \/>\n<meta property=\"og:locale\" content=\"vi_VN\" \/>\n<meta property=\"og:type\" content=\"article\" \/>\n<meta property=\"og:title\" content=\"Gi\u1edbi thi\u1ec7u - Ho\u00e0 B\u00ecnh Web\" \/>\n<meta property=\"og:description\" content=\"L\u1eddi \u0111\u1ea7u, Ho\u00e0 B\u00ecnh Web xin g\u1eedi \u0111\u1ebfn Qu\u00fd Kh\u00e1ch h\u00e0ng l\u1eddi ch\u00fac s\u1ee9c kh\u1ecfe, th\u00e0nh c\u00f4ng v\u00e0 th\u1ecbnh v\u01b0\u1ee3ng. Ho\u00e0 B\u00ecnh Web\u00a0xin c\u1ea3m \u01a1n Qu\u00fd Kh\u00e1ch h\u00e0ng \u0111\u00e3 t\u00edn nhi\u1ec7m, tin d\u00f9ng v\u00e0 \u0111\u1ed3ng h\u00e0nh c\u00f9ng s\u1ef1 ph\u00e1t tri\u1ec3n c\u1ee7a ch\u00fang t\u00f4i trong th\u1eddi gian qua. Ho\u00e0 B\u00ecnh Web l\u00e0 m\u1ed9t trong nh\u1eefng C\u00f4ng\" \/>\n<meta property=\"og:url\" content=\"http:\/\/mau.hoabinhweb.com\/maytinh1\/gioi-thieu\/\" \/>\n<meta property=\"og:site_name\" content=\"Ho\u00e0 B\u00ecnh Web\" \/>\n<meta name=\"twitter:card\" content=\"summary_large_image\" \/>\n<meta name=\"twitter:label1\" content=\"\u01af\u1edbc t\u00ednh th\u1eddi gian \u0111\u1ecdc\" \/>\n\t<meta name=\"twitter:data1\" content=\"4 ph\u00fat\" \/>\n<script type=\"application\/ld+json\" class=\"yoast-schema-graph\">{\"@context\":\"https:\/\/schema.org\",\"@graph\":[{\"@type\":\"WebSite\",\"@id\":\"https:\/\/mau.hoabinhweb.com\/maytinh1\/#website\",\"url\":\"https:\/\/mau.hoabinhweb.com\/maytinh1\/\",\"name\":\"Ho\u00e0 B\u00ecnh Web\",\"description\":\"\",\"potentialAction\":[{\"@type\":\"SearchAction\",\"target\":{\"@type\":\"EntryPoint\",\"urlTemplate\":\"https:\/\/mau.hoabinhweb.com\/maytinh1\/?s={search_term_string}\"},\"query-input\":\"required name=search_term_string\"}],\"inLanguage\":\"vi\"},{\"@type\":\"WebPage\",\"@id\":\"http:\/\/mau.hoabinhweb.com\/maytinh1\/gioi-thieu\/#webpage\",\"url\":\"http:\/\/mau.hoabinhweb.com\/maytinh1\/gioi-thieu\/\",\"name\":\"Gi\u1edbi thi\u1ec7u - Ho\u00e0 B\u00ecnh Web\",\"isPartOf\":{\"@id\":\"https:\/\/mau.hoabinhweb.com\/maytinh1\/#website\"},\"datePublished\":\"2022-03-24T03:45:32+00:00\",\"dateModified\":\"2022-03-24T03:45:32+00:00\",\"breadcrumb\":{\"@id\":\"http:\/\/mau.hoabinhweb.com\/maytinh1\/gioi-thieu\/#breadcrumb\"},\"inLanguage\":\"vi\",\"potentialAction\":[{\"@type\":\"ReadAction\",\"target\":[\"http:\/\/mau.hoabinhweb.com\/maytinh1\/gioi-thieu\/\"]}]},{\"@type\":\"BreadcrumbList\",\"@id\":\"http:\/\/mau.hoabinhweb.com\/maytinh1\/gioi-thieu\/#breadcrumb\",\"itemListElement\":[{\"@type\":\"ListItem\",\"position\":1,\"name\":\"Trang ch\u1ee7\",\"item\":\"https:\/\/mau.hoabinhweb.com\/maytinh1\/\"},{\"@type\":\"ListItem\",\"position\":2,\"name\":\"Gi\u1edbi thi\u1ec7u\"}]}]}<\/script>\n<!-- \/ Yoast SEO plugin. -->","yoast_head_json":{"title":"Gi\u1edbi thi\u1ec7u - Ho\u00e0 B\u00ecnh Web","robots":{"index":"noindex","follow":"follow","max-snippet":"max-snippet:-1","max-image-preview":"max-image-preview:large","max-video-preview":"max-video-preview:-1"},"og_locale":"vi_VN","og_type":"article","og_title":"Gi\u1edbi thi\u1ec7u - Ho\u00e0 B\u00ecnh Web","og_description":"L\u1eddi \u0111\u1ea7u, Ho\u00e0 B\u00ecnh Web xin g\u1eedi \u0111\u1ebfn Qu\u00fd Kh\u00e1ch h\u00e0ng l\u1eddi ch\u00fac s\u1ee9c kh\u1ecfe, th\u00e0nh c\u00f4ng v\u00e0 th\u1ecbnh v\u01b0\u1ee3ng. Ho\u00e0 B\u00ecnh Web\u00a0xin c\u1ea3m \u01a1n Qu\u00fd Kh\u00e1ch h\u00e0ng \u0111\u00e3 t\u00edn nhi\u1ec7m, tin d\u00f9ng v\u00e0 \u0111\u1ed3ng h\u00e0nh c\u00f9ng s\u1ef1 ph\u00e1t tri\u1ec3n c\u1ee7a ch\u00fang t\u00f4i trong th\u1eddi gian qua. Ho\u00e0 B\u00ecnh Web l\u00e0 m\u1ed9t trong nh\u1eefng C\u00f4ng","og_url":"http:\/\/mau.hoabinhweb.com\/maytinh1\/gioi-thieu\/","og_site_name":"Ho\u00e0 B\u00ecnh Web","twitter_card":"summary_large_image","twitter_misc":{"\u01af\u1edbc t\u00ednh th\u1eddi gian \u0111\u1ecdc":"4 ph\u00fat"},"schema":{"@context":"https:\/\/schema.org","@graph":[{"@type":"WebSite","@id":"https:\/\/mau.hoabinhweb.com\/maytinh1\/#website","url":"https:\/\/mau.hoabinhweb.com\/maytinh1\/","name":"Ho\u00e0 B\u00ecnh Web","description":"","potentialAction":[{"@type":"SearchAction","target":{"@type":"EntryPoint","urlTemplate":"https:\/\/mau.hoabinhweb.com\/maytinh1\/?s={search_term_string}"},"query-input":"required name=search_term_string"}],"inLanguage":"vi"},{"@type":"WebPage","@id":"http:\/\/mau.hoabinhweb.com\/maytinh1\/gioi-thieu\/#webpage","url":"http:\/\/mau.hoabinhweb.com\/maytinh1\/gioi-thieu\/","name":"Gi\u1edbi thi\u1ec7u - Ho\u00e0 B\u00ecnh Web","isPartOf":{"@id":"https:\/\/mau.hoabinhweb.com\/maytinh1\/#website"},"datePublished":"2022-03-24T03:45:32+00:00","dateModified":"2022-03-24T03:45:32+00:00","breadcrumb":{"@id":"http:\/\/mau.hoabinhweb.com\/maytinh1\/gioi-thieu\/#breadcrumb"},"inLanguage":"vi","potentialAction":[{"@type":"ReadAction","target":["http:\/\/mau.hoabinhweb.com\/maytinh1\/gioi-thieu\/"]}]},{"@type":"BreadcrumbList","@id":"http:\/\/mau.hoabinhweb.com\/maytinh1\/gioi-thieu\/#breadcrumb","itemListElement":[{"@type":"ListItem","position":1,"name":"Trang ch\u1ee7","item":"https:\/\/mau.hoabinhweb.com\/maytinh1\/"},{"@type":"ListItem","position":2,"name":"Gi\u1edbi thi\u1ec7u"}]}]}},"_links":{"self":[{"href":"http:\/\/mau.hoabinhweb.com\/maytinh1\/wp-json\/wp\/v2\/pages\/20","targetHints":{"allow":["GET"]}}],"collection":[{"href":"http:\/\/mau.hoabinhweb.com\/maytinh1\/wp-json\/wp\/v2\/pages"}],"about":[{"href":"http:\/\/mau.hoabinhweb.com\/maytinh1\/wp-json\/wp\/v2\/types\/page"}],"author":[{"embeddable":true,"href":"http:\/\/mau.hoabinhweb.com\/maytinh1\/wp-json\/wp\/v2\/users\/1"}],"replies":[{"embeddable":true,"href":"http:\/\/mau.hoabinhweb.com\/maytinh1\/wp-json\/wp\/v2\/comments?post=20"}],"version-history":[{"count":0,"href":"http:\/\/mau.hoabinhweb.com\/maytinh1\/wp-json\/wp\/v2\/pages\/20\/revisions"}],"wp:attachment":[{"href":"http:\/\/mau.hoabinhweb.com\/maytinh1\/wp-json\/wp\/v2\/media?parent=20"}],"curies":[{"name":"wp","href":"https:\/\/api.w.org\/{rel}","templated":true}]}}