{"id":13,"date":"2022-07-24T13:13:53","date_gmt":"2022-07-24T06:13:53","guid":{"rendered":"http:\/\/mau.hoabinhweb.com\/luat1\/?page_id=13"},"modified":"2022-07-27T15:17:10","modified_gmt":"2022-07-27T08:17:10","slug":"gioi-thieu","status":"publish","type":"page","link":"http:\/\/mau.hoabinhweb.com\/luat1\/gioi-thieu\/","title":{"rendered":"Gi\u1edbi thi\u1ec7u"},"content":{"rendered":"\n<p>V\u0103n ph\u00f2ng lu\u1eadt s\u01b0 Nguy\u1ec5n An B\u00ecnh v\u00e0 c\u1ed9ng s\u1ef1 &#8211; \u0111\u01a1n v\u1ecb thu\u1ed9c S\u1edf t\u01b0 ph\u00e1p th\u00e0nh ph\u1ed1 H\u00e0 N\u1ed9i, c\u00f3 t\u01b0 c\u00e1ch ph\u00e1p nh\u00e2n, c\u00f3 t\u00e0i kho\u1ea3n v\u00e0 con d\u1ea5u ri\u00eang. Ti\u1ec1n th\u00e2n c\u1ee7a v\u0103n ph\u00f2ng l\u00e0 c\u00f4ng ty TNHH t\u01b0 v\u1ea5n B\u00ecnh An th\u00e0nh l\u1eadp th\u00e1ng 01\/2013 t\u1ea1i Ngh\u1ec7 An, n\u0103m 2019 \u0111\u1ed5i t\u00ean th\u00e0nh V\u0103n ph\u00f2ng lu\u1eadt s\u01b0 Nguy\u1ec5n An B\u00ecnh v\u00e0 c\u1ed9ng s\u1ef1 do S\u1edf T\u01b0 ph\u00e1p Th\u00e0nh ph\u1ed1 H\u00e0 N\u1ed9i c\u1ea5p ph\u00e9p ho\u1ea1t \u0111\u1ed9ng.<\/p>\n<p><img loading=\"lazy\" decoding=\"async\" class=\"aligncenter wp-image-162 size-full\" src=\"http:\/\/mau.hoabinhweb.com\/luat1\/wp-content\/uploads\/2022\/07\/banner-about1.jpg\" alt=\"Banner About1\" width=\"600\" height=\"400\" \/><\/p>\n<p>V\u0103n ph\u00f2ng c\u00f3 b\u1ed1n l\u0129nh v\u1ef1c ho\u1ea1t \u0111\u1ed9ng ch\u1ee7 y\u1ebfu l\u00e0: Tham gia t\u1ed1 t\u1ee5ng; T\u01b0 v\u1ea5n ph\u00e1p lu\u1eadt; \u0110\u1ea1i di\u1ec7n ngo\u00e0i t\u1ed1 t\u1ee5ng v\u00e0 c\u00e1c d\u1ecbch v\u1ee5 ph\u00e1p l\u00fd kh\u00e1c. V\u1edbi \u0111\u1ed9i ng\u0169 lu\u1eadt s\u01b0 \u0111\u01b0\u1ee3c \u0111\u00e0o t\u1ea1o b\u00e0i b\u1ea3n, nhi\u1ec7t t\u00ecnh, c\u00f3 tr\u00e1ch nhi\u1ec7m v\u1edbi c\u00f4ng vi\u1ec7c v\u00e0 nh\u1eefng chuy\u00ean gia t\u01b0 v\u1ea5n c\u00f3 nhi\u1ec1u kinh nghi\u1ec7m t\u01b0 v\u1ea5n thu\u1ed9c nhi\u1ec1u l\u0129nh v\u1ef1c ph\u00e1p lu\u1eadt, v\u0103n ph\u00f2ng c\u00f3 nhi\u1ec1u thu\u1eadn l\u1ee3i trong vi\u1ec7c t\u1ed5 ch\u1ee9c v\u00e0 ti\u1ebfn h\u00e0nh c\u00e1c ho\u1ea1t \u0111\u1ed9ng t\u01b0 v\u1ea5n cho m\u1ecdi \u0111\u1ed1i t\u01b0\u1ee3ng, \u0111\u1eb7c bi\u1ec7t l\u00e0 t\u01b0 v\u1ea5n cho c\u00e1c doanh nghi\u1ec7p.<\/p>\n<p>Cho \u0111\u1ebfn nay, c\u00e1c kh\u00e1ch h\u00e0ng c\u1ee7a v\u0103n ph\u00f2ng bao g\u1ed3m c\u00e1c doanh nghi\u1ec7p v\u1eeba v\u00e0 nh\u1ecf, c\u00e1c doanh nghi\u1ec7p Vi\u1ec7t Nam, c\u00e1c doanh nghi\u1ec7p c\u00f3 v\u1ed1n \u0111\u1ea7u t\u01b0 n\u01b0\u1edbc ngo\u00e0i v\u00e0 c\u00e1c c\u00e1 nh\u00e2n c\u00f3 nhu c\u1ea7u.<\/p>\n\t<section class=\"section home-section home-page home-page6\" id=\"section_1693075817\">\n\t\t<div class=\"bg section-bg fill bg-fill  bg-loaded\">\n\n\t\t\t\n\t\t\t\n\t\t\t\n\n\t\t<\/div>\n\n\t\t\n\n\t\t<div class=\"section-content relative\">\n\t\t\t\n\n<div class=\"accordion\" rel=\"1\">\n\n<div class=\"accordion-item\"><a href=\"#\" class=\"accordion-title plain\"><button class=\"toggle\"><i class=\"icon-angle-down\"><\/i><\/button><span>S\u1ee9 m\u1ec7nh v\u00e0 t\u1ea7m nh\u00ecn<\/span><\/a><div class=\"accordion-inner\">\n\n<p>V\u0103n ph\u00f2ng cam k\u1ebft cung c\u1ea5p c\u00e1c d\u1ecbch v\u1ee5 ph\u00e1p lu\u1eadt v\u1edbi ch\u1ea5t l\u01b0\u1ee3ng cao nh\u1ea5t cho kh\u00e1ch h\u00e0ng d\u1ef1a tr\u00ean s\u1ef1 c\u1ea9n tr\u1ecdng, chu \u0111\u00e1o v\u00e0 tr\u00e1ch nhi\u1ec7m trong t\u1eebng v\u1ee5 vi\u1ec7c, tu\u00e2n th\u1ee7 \u0111\u1ea1o \u0111\u1ee9c ngh\u1ec1 nghi\u1ec7p v\u00e0 cam k\u1ebft b\u1ea3o m\u1eadt tuy\u1ec7t \u0111\u1ed1i th\u00f4ng tin c\u1ee7a kh\u00e1ch h\u00e0ng. Gi\u00e1 tr\u1ecb c\u1ee7a v\u0103n ph\u00f2ng \u0111\u01b0\u1ee3c x\u00e2y d\u1ef1ng tr\u00ean n\u1ec1n t\u1ea3ng ki\u1ebfn th\u1ee9c chuy\u00ean s\u00e2u, s\u1ef1 chuy\u00ean nghi\u1ec7p v\u00e0 tinh th\u1ea7n tr\u00e1ch nhi\u1ec7m cao c\u1ee7a \u0111\u1ed9i ng\u0169 lu\u1eadt s\u01b0 &#8211; chuy\u00ean gia t\u01b0 v\u1ea5n \u0111\u01b0\u1ee3c ch\u1ecdn l\u1ecdc k\u1ef9 c\u00e0ng.<\/p>\n\n<\/div><\/div>\n<div class=\"accordion-item\"><a href=\"#\" class=\"accordion-title plain\"><button class=\"toggle\"><i class=\"icon-angle-down\"><\/i><\/button><span>N\u0103ng l\u1ef1c ho\u1ea1t \u0111\u1ed9ng c\u1ee7a v\u0103n ph\u00f2ng<\/span><\/a><div class=\"accordion-inner\">\n\n<ul>\n<li>T\u1ed5 ch\u1ee9c ho\u1ea1t \u0111\u1ed9ng t\u01b0 v\u1ea5n ph\u00e1p lu\u1eadt, tham gia tranh t\u1ee5ng, \u0111\u1ea1i di\u1ec7n ngo\u00e0i t\u1ed1 t\u1ee5ng v\u00e0 c\u00e1c d\u1ecbch v\u1ee5 ph\u00e1p l\u00fd kh\u00e1c trong ph\u1ea1m vi ph\u00e1p lu\u1eadt quy\u00a0 \u0111\u1ecbnh.\u00a0<\/li>\n<li>\u0110\u1ec1 ngh\u1ecb c\u01a1 quan, t\u1ed5 ch\u1ee9c cung c\u1ea5p th\u00f4ng tin v\u1ec1 nh\u1eefng v\u1ea5n \u0111\u1ec1 c\u00f3 li\u00ean quan \u0111\u1ebfn quy\u1ec1n, l\u1ee3i \u00edch h\u1ee3p ph\u00e1p c\u1ee7a c\u00e1 nh\u00e2n, t\u1ed5 ch\u1ee9c c\u00f3 y\u00eau c\u1ea7u t\u01b0 v\u1ea5n ph\u00e1p lu\u1eadt\u00a0<\/li>\n<li>Ki\u1ebfn ngh\u1ecb v\u1edbi c\u01a1 quan nh\u00e0 n\u01b0\u1edbc v\u1ec1 nh\u1eefng v\u1ea5n \u0111\u1ec1 c\u00f3 li\u00ean quan \u0111\u1ebfn quy\u1ec1n, l\u1ee3i \u00edch h\u1ee3p ph\u00e1p c\u1ee7a t\u1ed5 ch\u1ee9c, c\u00e1 nh\u00e2n y\u00eau c\u1ea7u t\u01b0 v\u1ea5n ph\u00e1p lu\u1eadt.\u00a0<\/li>\n<li>Ch\u1ecbu tr\u00e1ch nhi\u1ec7m tr\u01b0\u1edbc kh\u00e1ch h\u00e0ng v\u1ec1 vi\u1ec7c s\u1eed d\u1ee5ng lu\u1eadt s\u01b0, c\u1ed9ng t\u00e1c vi\u00ean t\u01b0 v\u1ea5n ph\u00e1p lu\u1eadt, c\u00e1c nh\u00e2n vi\u00ean kh\u00e1c c\u1ee7a v\u0103n ph\u00f2ng theo Quy ch\u1ebf t\u1ed5 ch\u1ee9c v\u00e0 ho\u1ea1t \u0111\u1ed9ng c\u1ee7a v\u0103n ph\u00f2ng, \u0111\u1ed3ng th\u1eddi ch\u1ecbu tr\u00e1ch nhi\u1ec7m v\u1ec1 c\u00e1c h\u1ee3p \u0111\u1ed3ng k\u00fd k\u1ebft gi\u1eefa v\u0103n ph\u00f2ng v\u1edbi lu\u1eadt s\u01b0, c\u1ed9ng t\u00e1c vi\u00ean, c\u00e1c nh\u00e2n vi\u00ean kh\u00e1c c\u1ee7a v\u0103n ph\u00f2ng.<\/li>\n<li>\u0110\u1ea3m b\u1ea3o ho\u1ea1t \u0111\u1ed9ng t\u01b0 v\u1ea5n ph\u00e1p lu\u1eadt lu\u00f4n tu\u00e2n theo \u0111\u00fang quy \u0111\u1ecbnh c\u1ee7a ph\u00e1p lu\u1eadt.<\/li>\n<\/ul>\n\n<\/div><\/div>\n<div class=\"accordion-item\"><a href=\"#\" class=\"accordion-title plain\"><button class=\"toggle\"><i class=\"icon-angle-down\"><\/i><\/button><span>C\u01a1 c\u1ea5u t\u1ed5 ch\u1ee9c<\/span><\/a><div class=\"accordion-inner\">\n\n<p><img loading=\"lazy\" decoding=\"async\" class=\"aligncenter wp-image-211 size-full\" src=\"http:\/\/mau.hoabinhweb.com\/luat1\/wp-content\/uploads\/2022\/07\/a12.jpg\" alt=\"A12\" width=\"1049\" height=\"718\" \/><\/p>\n\n<\/div><\/div>\n\n<\/div>\n\n\t\t<\/div>\n\n\t\t\n<style>\n#section_1693075817 {\n  padding-top: 30px;\n  padding-bottom: 30px;\n}\n#section_1693075817 .ux-shape-divider--top svg {\n  height: 150px;\n  --divider-top-width: 100%;\n}\n#section_1693075817 .ux-shape-divider--bottom svg {\n  height: 150px;\n  --divider-width: 100%;\n}\n<\/style>\n\t<\/section>\n\t\n\n","protected":false},"excerpt":{"rendered":"","protected":false},"author":1,"featured_media":0,"parent":0,"menu_order":0,"comment_status":"closed","ping_status":"closed","template":"","meta":{"footnotes":""},"class_list":["post-13","page","type-page","status-publish","hentry"],"yoast_head":"<!-- This site is optimized with the Yoast SEO plugin v18.6 - https:\/\/yoast.com\/wordpress\/plugins\/seo\/ -->\n<title>Gi\u1edbi thi\u1ec7u - Lu\u1eadt An B\u00ecnh<\/title>\n<meta name=\"robots\" content=\"noindex, follow, max-snippet:-1, max-image-preview:large, max-video-preview:-1\" \/>\n<meta property=\"og:locale\" content=\"vi_VN\" \/>\n<meta property=\"og:type\" content=\"article\" \/>\n<meta property=\"og:title\" content=\"Gi\u1edbi thi\u1ec7u - Lu\u1eadt An B\u00ecnh\" \/>\n<meta property=\"og:url\" content=\"http:\/\/mau.hoabinhweb.com\/luat1\/gioi-thieu\/\" \/>\n<meta property=\"og:site_name\" content=\"Lu\u1eadt An B\u00ecnh\" \/>\n<meta property=\"article:modified_time\" content=\"2022-07-27T08:17:10+00:00\" \/>\n<meta property=\"og:image\" content=\"http:\/\/mau.hoabinhweb.com\/luat1\/wp-content\/uploads\/2022\/07\/banner-about1.jpg\" \/>\n<meta name=\"twitter:card\" content=\"summary_large_image\" \/>\n<meta name=\"twitter:label1\" content=\"\u01af\u1edbc t\u00ednh th\u1eddi gian \u0111\u1ecdc\" \/>\n\t<meta name=\"twitter:data1\" content=\"2 ph\u00fat\" \/>\n<script type=\"application\/ld+json\" class=\"yoast-schema-graph\">{\"@context\":\"https:\/\/schema.org\",\"@graph\":[{\"@type\":\"WebSite\",\"@id\":\"http:\/\/mau.hoabinhweb.com\/luat1\/#website\",\"url\":\"http:\/\/mau.hoabinhweb.com\/luat1\/\",\"name\":\"Lu\u1eadt An B\u00ecnh\",\"description\":\"\",\"potentialAction\":[{\"@type\":\"SearchAction\",\"target\":{\"@type\":\"EntryPoint\",\"urlTemplate\":\"http:\/\/mau.hoabinhweb.com\/luat1\/?s={search_term_string}\"},\"query-input\":\"required name=search_term_string\"}],\"inLanguage\":\"vi\"},{\"@type\":\"ImageObject\",\"@id\":\"http:\/\/mau.hoabinhweb.com\/luat1\/gioi-thieu\/#primaryimage\",\"inLanguage\":\"vi\",\"url\":\"http:\/\/mau.hoabinhweb.com\/luat1\/wp-content\/uploads\/2022\/07\/banner-about1.jpg\",\"contentUrl\":\"http:\/\/mau.hoabinhweb.com\/luat1\/wp-content\/uploads\/2022\/07\/banner-about1.jpg\",\"width\":600,\"height\":400,\"caption\":\"Banner About1\"},{\"@type\":\"WebPage\",\"@id\":\"http:\/\/mau.hoabinhweb.com\/luat1\/gioi-thieu\/#webpage\",\"url\":\"http:\/\/mau.hoabinhweb.com\/luat1\/gioi-thieu\/\",\"name\":\"Gi\u1edbi thi\u1ec7u - Lu\u1eadt An B\u00ecnh\",\"isPartOf\":{\"@id\":\"http:\/\/mau.hoabinhweb.com\/luat1\/#website\"},\"primaryImageOfPage\":{\"@id\":\"http:\/\/mau.hoabinhweb.com\/luat1\/gioi-thieu\/#primaryimage\"},\"datePublished\":\"2022-07-24T06:13:53+00:00\",\"dateModified\":\"2022-07-27T08:17:10+00:00\",\"breadcrumb\":{\"@id\":\"http:\/\/mau.hoabinhweb.com\/luat1\/gioi-thieu\/#breadcrumb\"},\"inLanguage\":\"vi\",\"potentialAction\":[{\"@type\":\"ReadAction\",\"target\":[\"http:\/\/mau.hoabinhweb.com\/luat1\/gioi-thieu\/\"]}]},{\"@type\":\"BreadcrumbList\",\"@id\":\"http:\/\/mau.hoabinhweb.com\/luat1\/gioi-thieu\/#breadcrumb\",\"itemListElement\":[{\"@type\":\"ListItem\",\"position\":1,\"name\":\"Trang ch\u1ee7\",\"item\":\"http:\/\/mau.hoabinhweb.com\/luat1\/\"},{\"@type\":\"ListItem\",\"position\":2,\"name\":\"Gi\u1edbi thi\u1ec7u\"}]}]}<\/script>\n<!-- \/ Yoast SEO plugin. -->","yoast_head_json":{"title":"Gi\u1edbi thi\u1ec7u - Lu\u1eadt An B\u00ecnh","robots":{"index":"noindex","follow":"follow","max-snippet":"max-snippet:-1","max-image-preview":"max-image-preview:large","max-video-preview":"max-video-preview:-1"},"og_locale":"vi_VN","og_type":"article","og_title":"Gi\u1edbi thi\u1ec7u - Lu\u1eadt An B\u00ecnh","og_url":"http:\/\/mau.hoabinhweb.com\/luat1\/gioi-thieu\/","og_site_name":"Lu\u1eadt An B\u00ecnh","article_modified_time":"2022-07-27T08:17:10+00:00","og_image":[{"url":"http:\/\/mau.hoabinhweb.com\/luat1\/wp-content\/uploads\/2022\/07\/banner-about1.jpg"}],"twitter_card":"summary_large_image","twitter_misc":{"\u01af\u1edbc t\u00ednh th\u1eddi gian \u0111\u1ecdc":"2 ph\u00fat"},"schema":{"@context":"https:\/\/schema.org","@graph":[{"@type":"WebSite","@id":"http:\/\/mau.hoabinhweb.com\/luat1\/#website","url":"http:\/\/mau.hoabinhweb.com\/luat1\/","name":"Lu\u1eadt An B\u00ecnh","description":"","potentialAction":[{"@type":"SearchAction","target":{"@type":"EntryPoint","urlTemplate":"http:\/\/mau.hoabinhweb.com\/luat1\/?s={search_term_string}"},"query-input":"required name=search_term_string"}],"inLanguage":"vi"},{"@type":"ImageObject","@id":"http:\/\/mau.hoabinhweb.com\/luat1\/gioi-thieu\/#primaryimage","inLanguage":"vi","url":"http:\/\/mau.hoabinhweb.com\/luat1\/wp-content\/uploads\/2022\/07\/banner-about1.jpg","contentUrl":"http:\/\/mau.hoabinhweb.com\/luat1\/wp-content\/uploads\/2022\/07\/banner-about1.jpg","width":600,"height":400,"caption":"Banner About1"},{"@type":"WebPage","@id":"http:\/\/mau.hoabinhweb.com\/luat1\/gioi-thieu\/#webpage","url":"http:\/\/mau.hoabinhweb.com\/luat1\/gioi-thieu\/","name":"Gi\u1edbi thi\u1ec7u - Lu\u1eadt An B\u00ecnh","isPartOf":{"@id":"http:\/\/mau.hoabinhweb.com\/luat1\/#website"},"primaryImageOfPage":{"@id":"http:\/\/mau.hoabinhweb.com\/luat1\/gioi-thieu\/#primaryimage"},"datePublished":"2022-07-24T06:13:53+00:00","dateModified":"2022-07-27T08:17:10+00:00","breadcrumb":{"@id":"http:\/\/mau.hoabinhweb.com\/luat1\/gioi-thieu\/#breadcrumb"},"inLanguage":"vi","potentialAction":[{"@type":"ReadAction","target":["http:\/\/mau.hoabinhweb.com\/luat1\/gioi-thieu\/"]}]},{"@type":"BreadcrumbList","@id":"http:\/\/mau.hoabinhweb.com\/luat1\/gioi-thieu\/#breadcrumb","itemListElement":[{"@type":"ListItem","position":1,"name":"Trang ch\u1ee7","item":"http:\/\/mau.hoabinhweb.com\/luat1\/"},{"@type":"ListItem","position":2,"name":"Gi\u1edbi thi\u1ec7u"}]}]}},"_links":{"self":[{"href":"http:\/\/mau.hoabinhweb.com\/luat1\/wp-json\/wp\/v2\/pages\/13","targetHints":{"allow":["GET"]}}],"collection":[{"href":"http:\/\/mau.hoabinhweb.com\/luat1\/wp-json\/wp\/v2\/pages"}],"about":[{"href":"http:\/\/mau.hoabinhweb.com\/luat1\/wp-json\/wp\/v2\/types\/page"}],"author":[{"embeddable":true,"href":"http:\/\/mau.hoabinhweb.com\/luat1\/wp-json\/wp\/v2\/users\/1"}],"replies":[{"embeddable":true,"href":"http:\/\/mau.hoabinhweb.com\/luat1\/wp-json\/wp\/v2\/comments?post=13"}],"version-history":[{"count":4,"href":"http:\/\/mau.hoabinhweb.com\/luat1\/wp-json\/wp\/v2\/pages\/13\/revisions"}],"predecessor-version":[{"id":215,"href":"http:\/\/mau.hoabinhweb.com\/luat1\/wp-json\/wp\/v2\/pages\/13\/revisions\/215"}],"wp:attachment":[{"href":"http:\/\/mau.hoabinhweb.com\/luat1\/wp-json\/wp\/v2\/media?parent=13"}],"curies":[{"name":"wp","href":"https:\/\/api.w.org\/{rel}","templated":true}]}}