{"id":499,"date":"2022-09-15T08:33:51","date_gmt":"2022-09-15T01:33:51","guid":{"rendered":"https:\/\/mau.hoabinhweb.com\/duocpham2\/?page_id=499"},"modified":"2022-09-19T10:06:32","modified_gmt":"2022-09-19T03:06:32","slug":"phuong-thuc-van-chuyen","status":"publish","type":"page","link":"http:\/\/mau.hoabinhweb.com\/duocpham2\/phuong-thuc-van-chuyen\/","title":{"rendered":"Ph\u01b0\u01a1ng th\u1ee9c v\u1eadn chuy\u1ec3n"},"content":{"rendered":"<div class=\"block-content block-content1 m-b-24 m-b-md-16\">\n<h2 class=\"ppc-typography-heading4 paragraph-padding\">I. V\u1ec1 \u0111\u01a1n thu\u1ed1c<\/h2>\n<div class=\"block-content-child m-b-24\">\n<p class=\"ppc-typography-heading5 m-b-8\"><strong class=\"f-w-500\">1. Nh\u00e0 thu\u1ed1c Namvim c\u00f3 giao h\u00e0ng thu\u1ed1c kh\u00f4ng?<\/strong><\/p>\n<p class=\"paragraph paragraph-normal m-b-8\"><strong class=\"f-w-500\">Thu\u1ed1c k\u00ea \u0111\u01a1n:<\/strong>\u00a0Nh\u00e0 thu\u1ed1c Namvim ch\u1ec9 b\u00e1n thu\u1ed1c k\u00ea \u0111\u01a1n t\u1ea1i nh\u00e0 thu\u1ed1c khi c\u00f3 \u0111\u01a1n thu\u1ed1c h\u1ee3p l\u1ec7, theo \u0111\u00fang ch\u1ec9 \u0111\u1ecbnh c\u1ee7a ng\u01b0\u1eddi k\u00ea \u0111\u01a1n, Thu\u1ed1c k\u00ea \u0111\u01a1n kh\u00f4ng b\u00e1n tr\u1ef1c tuy\u1ebfn.<\/p>\n<p class=\"paragraph paragraph-normal m-b-8\"><strong class=\"f-w-500\">Thu\u1ed1c kh\u00f4ng k\u00ea \u0111\u01a1n:\u00a0<\/strong>Qu\u00fd kh\u00e1ch c\u00f3 th\u1ec3 \u0111\u1eb7t h\u00e0ng thu\u1ed1c kh\u00f4ng k\u00ea \u0111\u01a1n tr\u1ef1c tuy\u1ebfn qua trang web\u00a0Namvim.com, ho\u1eb7c th\u00f4ng qua \u1ee9ng d\u1ee5ng &#8220;<strong class=\"f-w-500\">Namvim<\/strong>&#8220;, Qu\u00fd kh\u00e1ch h\u00e0ng li\u00ean h\u1ec7\u00a0t\u1ed5ng \u0111\u00e0i\u00a00988 527 854 \u0111\u1ec3 \u0111\u01b0\u1ee3c h\u1ed7 tr\u1ee3 mi\u1ec5n ph\u00ed.<\/p>\n<\/div>\n<div class=\"block-content-child\">\n<p class=\"ppc-typography-heading5 m-b-8\"><strong class=\"f-w-500\">2. Khi n\u00e0o t\u00f4i c\u00f3 th\u1ec3 nh\u1eadn \u0111\u01b0\u1ee3c \u0111\u01a1n h\u00e0ng?<\/strong><\/p>\n<p class=\"paragraph paragraph-normal\">T\u1ea1i th\u1eddi \u0111i\u1ec3m \u0111\u1eb7t h\u00e0ng. Qu\u00fd Kh\u00e1ch c\u00f3 th\u1ec3 ki\u1ec3m tra tr\u1ea1ng th\u00e1i \u0111\u01a1n h\u00e0ng th\u00f4ng qua \u1ee9ng d\u1ee5ng Namvim ho\u1eb7c li\u00ean h\u1ec7 t\u1ed5ng \u0111\u00e0i mi\u1ec5n c\u01b0\u1edbc\u00a00988 527 854\u00a0\u0111\u1ec3 bi\u1ebft \u0111\u01b0\u1ee3c th\u1eddi gian nh\u1eadn \u0111\u01b0\u1ee3c \u0111\u01a1n h\u00e0ng d\u1ef1 ki\u1ebfn.<\/p>\n<\/div>\n<\/div>\n<div class=\"block-content block-content2 m-b-24 m-b-md-16\">\n<h2 class=\"ppc-typography-heading4 paragraph-padding\">II. Giao h\u00e0ng<\/h2>\n<div class=\"block-content-child\">\n<div class=\"block-child block-table1\">\n<p class=\"ppc-typography-heading5 m-b-8\"><strong class=\"f-w-500\">Giao h\u00e0ng trong n\u1ed9i t\u1ec9nh\/ th\u00e0nh ph\u1ed1<\/strong><\/p>\n<div class=\"list-table block-none\">\n<table class=\"table table-lg table-border table-radius\">\n<thead class=\"cell-light\">\n<tr>\n<th>Gi\u00e1 tr\u1ecb \u0111\u01a1n h\u00e0ng<\/th>\n<th>Ph\u00ed giao h\u00e0ng<\/th>\n<th>Th\u1eddi gian giao h\u00e0ng<\/th>\n<\/tr>\n<\/thead>\n<tbody>\n<tr>\n<td>\u0110\u01a1n h\u00e0ng t\u1eeb 300.000VN\u0110 tr\u1edf l\u00ean<\/td>\n<td>Mi\u1ec5n ph\u00ed<\/td>\n<td>T\u1eeb 8h &#8211; 20h t\u1ea5t c\u1ea3 c\u00e1c ng\u00e0y trong tu\u1ea7n<\/td>\n<\/tr>\n<tr>\n<td>\u0110\u01a1n h\u00e0ng d\u01b0\u1edbi 300.000VN\u0110<\/td>\n<td>25.000VN\u0110<\/td>\n<td>T\u1eeb 8h &#8211; 20h t\u1ea5t c\u1ea3 c\u00e1c ng\u00e0y trong tu\u1ea7n<\/td>\n<\/tr>\n<\/tbody>\n<\/table>\n<\/div>\n<\/div>\n<div class=\"block-child block-table2\">\n<p class=\"ppc-typography-heading5 m-b-8\"><strong class=\"f-w-500\">Giao h\u00e0ng li\u00ean t\u1ec9nh\/ th\u00e0nh ph\u1ed1<\/strong><\/p>\n<div class=\"list-table block-none\">\n<table class=\"table table-lg table-border table-radius\">\n<thead class=\"cell-light\">\n<tr>\n<th>Gi\u00e1 tr\u1ecb \u0111\u01a1n h\u00e0ng<\/th>\n<th>Ph\u00ed giao h\u00e0ng<\/th>\n<th>Kho\u1ea3ng c\u00e1ch<\/th>\n<th>Th\u1eddi gian giao h\u00e0ng<\/th>\n<\/tr>\n<\/thead>\n<tbody>\n<tr>\n<td rowspan=\"3\">T\u1ea5t c\u1ea3 \u0111\u01a1n h\u00e0ng \u0111\u01b0\u1ee3c mua t\u1ea1i<br \/>\nNh\u00e0 thu\u1ed1c Namvim<\/td>\n<td rowspan=\"3\">40.000VN\u0110<\/td>\n<td>D\u01b0\u1edbi 200 Km<\/td>\n<td>T\u1eeb 2 &#8211; 3 ng\u00e0y l\u00e0m vi\u1ec7c<\/td>\n<\/tr>\n<tr>\n<td>T\u1eeb 200 Km Tr\u1edf L\u00ean<\/td>\n<td>T\u1eeb 3 &#8211; 5 ng\u00e0y l\u00e0m vi\u1ec7c<\/td>\n<\/tr>\n<tr>\n<td>Tuy\u1ebfn Huy\u1ec7n\/ X\u00e3<\/td>\n<td>T\u1eeb 4 &#8211; 6 ng\u00e0y l\u00e0m vi\u1ec7c<\/td>\n<\/tr>\n<\/tbody>\n<\/table>\n<\/div>\n<\/div>\n<div class=\"block-child\">\n<p class=\"ppc-typography-heading5 m-b-8\"><strong class=\"f-w-500\">Giao h\u00e0ng qu\u1ed1c t\u1ebf<\/strong><\/p>\n<p class=\"paragraph paragraph-normal\">Nh\u00e0 thu\u1ed1c Namvim hi\u1ec7n t\u1ea1i ch\u1ec9 giao h\u00e0ng trong l\u00e3nh th\u1ed5 Vi\u1ec7t Nam v\u00e0 ch\u01b0a h\u1ed7 tr\u1ee3 giao h\u00e0ng qu\u1ed1c t\u1ebf.<\/p>\n<\/div>\n<div class=\"block-child\">\n<p class=\"ppc-typography-heading5\"><strong class=\"f-w-500\">H\u00ecnh th\u1ee9c thanh to\u00e1n, c\u00f3 3 c\u00e1ch:<\/strong><\/p>\n<ul>\n<li>\n<p class=\"paragraph paragraph-normal\"><strong class=\"f-w-500\">Thanh to\u00e1n t\u1ea1i ch\u1ed7 (Ship COD):\u00a0<\/strong>Namvim s\u1ebd g\u1ecdi l\u1ea1i cho kh\u00e1ch h\u00e0ng \u0111\u1ec3 xin \u0111\u1ecba ch\u1ec9 giao h\u00e0ng t\u1eadn n\u01a1i v\u00e0 nh\u1eadn thanh to\u00e1n t\u1ea1i ch\u1ed7.<\/p>\n<\/li>\n<li>\n<p class=\"paragraph paragraph-normal\"><strong class=\"f-w-500\">Thanh to\u00e1n qua th\u1ebb ng\u00e2n h\u00e0ng:<\/strong>\u00a0Ch\u1ea5p nh\u1eadn thanh to\u00e1n nhi\u1ec1u th\u01b0\u01a1ng hi\u1ec7u v\u00e0 lo\u1ea1i th\u1ebb bao g\u1ed3m th\u1ebb ATM, th\u1ebb Visa, MasterCard,&#8230;<\/p>\n<\/li>\n<li>\n<p class=\"paragraph paragraph-normal\"><strong class=\"f-w-500\">Chuy\u1ec3n kho\u1ea3n tr\u01b0\u1edbc:\u00a0<\/strong>Kh\u00e1ch h\u00e0ng c\u00f3 th\u1ec3 ch\u1ecdn chuy\u1ec3n kho\u1ea3n tr\u01b0\u1edbc v\u00e0o t\u00e0i kho\u1ea3n c\u1ee7a Nh\u00e0 thu\u1ed1c Namvim<\/p>\n<\/li>\n<\/ul>\n<\/div>\n<\/div>\n<\/div>\n<div class=\"block-content block-content3\">\n<h2 class=\"ppc-typography-heading4 paragraph-padding\">III. Th\u00f4ng tin giao h\u00e0ng<\/h2>\n<div class=\"block-content-child\">\n<ul>\n<li>\n<p class=\"ppc-typography-heading5\"><strong class=\"f-w-500\">1. Nh\u00e0 thu\u1ed1c Namvim c\u00f3\u00a0giao h\u00e0ng\u00a0v\u00e0o cu\u1ed1i tu\u1ea7n v\u00e0 ng\u00e0y l\u1ec5 kh\u00f4ng?<\/strong><\/p>\n<p class=\"paragraph paragraph-normal\">Nh\u00e0 thu\u1ed1c Namvim giao h\u00e0ng v\u00e0o t\u1ea5t c\u1ea3 c\u00e1c ng\u00e0y trong tu\u1ea7n.<\/p>\n<\/li>\n<li>\n<p class=\"ppc-typography-heading5\"><strong class=\"f-w-500\">2. T\u00f4i \u0111ang r\u1ea5t c\u1ea7n s\u1ea3n ph\u1ea9m, nh\u00e0 thu\u1ed1c Namvim c\u00f3 th\u1ec3\u00a0giao\u00a0g\u1ea5p cho t\u00f4i \u0111\u01b0\u1ee3c kh\u00f4ng?<\/strong><\/p>\n<p class=\"paragraph paragraph-normal\">Nh\u00e0 thu\u1ed1c Namvim s\u1ebd c\u1ed1 g\u1eafng giao h\u00e0ng trong th\u1eddi gian s\u1edbm nh\u1ea5t cho qu\u00fd kh\u00e1ch h\u00e0ng.<\/p>\n<\/li>\n<li>\n<p class=\"ppc-typography-heading5\"><strong class=\"f-w-500\">3. L\u00e0m sao \u0111\u1ec3 t\u00f4i bi\u1ebft \u0111\u01b0\u1ee3c ch\u00ednh x\u00e1c khi n\u00e0o t\u00f4i nh\u1eadn \u0111\u01b0\u1ee3c\u00a0h\u00e0ng?<\/strong><\/p>\n<p class=\"paragraph paragraph-normal\">Theo qui \u0111\u1ecbnh, Namvim ti\u1ebfp nh\u1eadn th\u00f4ng tin v\u00e0 x\u1eed l\u00fd \u0111\u01a1n h\u00e0ng, trong v\u00f2ng 15 ng\u00e0y k\u1ec3 t\u1eeb ng\u00e0y \u0111\u1eb7t c\u1ecdc \u0111\u1ea7u ti\u00ean Namvim s\u1ebd li\u00ean h\u1ec7 kh\u00e1ch h\u00e0ng nh\u1eadn \u0111\u01a1n h\u00e0ng \u0111\u00e3 \u0111\u1eb7t c\u1ecdc.<\/p>\n<\/li>\n<li>\n<p class=\"ppc-typography-heading5\"><strong class=\"f-w-500\">4. T\u00f4i c\u00f3 th\u1ec3 h\u1eb9n th\u1eddi gian giao h\u00e0ng \u0111\u01b0\u1ee3c kh\u00f4ng?<\/strong><\/p>\n<p class=\"paragraph paragraph-normal\">Qu\u00fd Kh\u00e1ch h\u00e0ng c\u00f3 th\u1ec3 h\u1eb9n gi\u1edd giao h\u00e0ng t\u1eeb 8h &#8211; 20h t\u1ea5t c\u1ea3 c\u00e1c ng\u00e0y trong tu\u1ea7n (Tr\u1eeb ch\u1ee7 nh\u1eadt)<\/p>\n<\/li>\n<li>\n<p class=\"ppc-typography-heading5\"><strong class=\"f-w-500\">5. Ki\u1ec3m tra h\u00e0ng tr\u01b0\u1edbc khi thanh to\u00e1n<\/strong><\/p>\n<p class=\"paragraph paragraph-normal\">Tr\u01b0\u1edbc khi thanh to\u00e1n cho \u0111\u01a1n h\u00e0ng, qu\u00fd kh\u00e1ch c\u00f3 th\u1ec3 y\u00eau c\u1ea7u nh\u00e2n vi\u00ean giao nh\u1eadn m\u1edf ki\u1ec7n h\u00e0ng \u0111\u1ec3 ki\u1ec3m tra t\u00ecnh tr\u1ea1ng ngo\u1ea1i quan c\u1ee7a s\u1ea3n ph\u1ea9m (kh\u00f4ng bao g\u1ed3m vi\u1ec7c d\u00f9ng th\u1eed s\u1ea3n ph\u1ea9m).<\/p>\n<p class=\"paragraph paragraph-normal\">Trong tr\u01b0\u1eddng h\u1ee3p qu\u00fd kh\u00e1ch kh\u00f4ng h\u00e0i l\u00f2ng v\u1edbi b\u1ea5t k\u00ec s\u1ea3n ph\u1ea9m trong \u0111\u01a1n h\u00e0ng, ngay t\u1ea1i th\u1eddi \u0111i\u1ec3m \u0111\u01b0\u1ee3c giao h\u00e0ng, qu\u00fd kh\u00e1ch vui l\u00f2ng t\u1eeb ch\u1ed1i kh\u00f4ng nh\u1eadn to\u00e0n b\u1ed9 ki\u1ec7n h\u00e0ng ho\u1eb7c thanh to\u00e1n to\u00e0n b\u1ed9 gi\u00e1 tr\u1ecb \u0111\u01a1n h\u00e0ng v\u00e0 ho\u00e0n tr\u1ea3 l\u1ea1i cho b\u01b0u t\u00e1 giao h\u00e0ng.<\/p>\n<p class=\"paragraph paragraph-normal\">N\u1ebfu c\u00f3 b\u1ea5t k\u1ef3 th\u1eafc m\u1eafc n\u00e0o, vui l\u00f2ng li\u00ean h\u1ec7 b\u1ed9 ph\u1eadn ch\u0103m s\u00f3c kh\u00e1ch h\u00e0ng\u00a00988 527 854\u00a0c\u1ee7a Nh\u00e0 thu\u1ed1c Namvim \u0111\u1ec3 \u0111\u01b0\u1ee3c h\u1ed7 tr\u1ee3 nhanh ch\u00f3ng.<\/p>\n<\/li>\n<li>\n<p class=\"ppc-typography-heading5\"><strong class=\"f-w-500\">6. N\u1ebfu giao h\u00e0ng kh\u00f4ng th\u00e0nh c\u00f4ng, Nh\u00e0 thu\u1ed1c Namvim c\u00f3 th\u00f4ng b\u00e1o cho t\u00f4i bi\u1ebft kh\u00f4ng?<\/strong><\/p>\n<p class=\"paragraph paragraph-normal\">Trong tr\u01b0\u1eddng h\u1ee3p \u0111\u01a1n h\u00e0ng ch\u01b0a \u0111\u01b0\u1ee3c giao th\u00e0nh c\u00f4ng \u0111\u1ebfn qu\u00fd kh\u00e1ch l\u1ea7n th\u1ee9 nh\u1ea5t, nh\u00e0 thu\u1ed1c Namvim s\u1ebd li\u00ean h\u1ec7 v\u1edbi qu\u00fd kh\u00e1ch \u0111\u1ec3 s\u1eafp x\u1ebfp l\u1ea1i l\u1ecbch giao h\u00e0ng.<\/p>\n<p class=\"paragraph paragraph-normal\">Tr\u01b0\u1eddng h\u1ee3p Nh\u00e0 thu\u1ed1c Namvim kh\u00f4ng th\u1ec3 k\u1ebft n\u1ed1i \u0111\u01b0\u1ee3c v\u1edbi qu\u00fd kh\u00e1ch ho\u1eb7c \u0111\u01a1n v\u1ecb v\u1eadn chuy\u1ec3n kh\u00f4ng th\u1ec3 giao h\u00e0ng th\u00e0nh c\u00f4ng \u0111\u1ebfn qu\u00fd kh\u00e1ch \u0111\u01a1n h\u00e0ng s\u1ebd \u0111\u01b0\u1ee3c h\u1ee7y b\u1edfi h\u1ec7 th\u1ed1ng.<\/p>\n<\/li>\n<\/ul>\n<\/div>\n<\/div>\n","protected":false},"excerpt":{"rendered":"<p>I. V\u1ec1 \u0111\u01a1n thu\u1ed1c 1. Nh\u00e0 thu\u1ed1c Namvim c\u00f3 giao h\u00e0ng thu\u1ed1c kh\u00f4ng? Thu\u1ed1c k\u00ea \u0111\u01a1n:\u00a0Nh\u00e0 thu\u1ed1c Namvim ch\u1ec9 b\u00e1n thu\u1ed1c k\u00ea \u0111\u01a1n t\u1ea1i nh\u00e0 thu\u1ed1c khi c\u00f3 \u0111\u01a1n thu\u1ed1c h\u1ee3p l\u1ec7, theo \u0111\u00fang ch\u1ec9 \u0111\u1ecbnh c\u1ee7a ng\u01b0\u1eddi k\u00ea \u0111\u01a1n, Thu\u1ed1c k\u00ea \u0111\u01a1n kh\u00f4ng b\u00e1n tr\u1ef1c tuy\u1ebfn. Thu\u1ed1c kh\u00f4ng k\u00ea \u0111\u01a1n:\u00a0Qu\u00fd kh\u00e1ch c\u00f3 th\u1ec3 \u0111\u1eb7t<\/p>\n","protected":false},"author":1,"featured_media":0,"parent":0,"menu_order":0,"comment_status":"closed","ping_status":"closed","template":"","meta":{"footnotes":""},"class_list":["post-499","page","type-page","status-publish","hentry"],"acf":[],"yoast_head":"<!-- This site is optimized with the Yoast SEO plugin v19.6 - https:\/\/yoast.com\/wordpress\/plugins\/seo\/ -->\n<title>Ph\u01b0\u01a1ng th\u1ee9c v\u1eadn chuy\u1ec3n - Namvim<\/title>\n<meta name=\"robots\" content=\"noindex, follow, max-snippet:-1, max-image-preview:large, max-video-preview:-1\" \/>\n<meta property=\"og:locale\" content=\"vi_VN\" \/>\n<meta property=\"og:type\" content=\"article\" \/>\n<meta property=\"og:title\" content=\"Ph\u01b0\u01a1ng th\u1ee9c v\u1eadn chuy\u1ec3n - Namvim\" \/>\n<meta property=\"og:description\" content=\"I. V\u1ec1 \u0111\u01a1n thu\u1ed1c 1. Nh\u00e0 thu\u1ed1c Namvim c\u00f3 giao h\u00e0ng thu\u1ed1c kh\u00f4ng? Thu\u1ed1c k\u00ea \u0111\u01a1n:\u00a0Nh\u00e0 thu\u1ed1c Namvim ch\u1ec9 b\u00e1n thu\u1ed1c k\u00ea \u0111\u01a1n t\u1ea1i nh\u00e0 thu\u1ed1c khi c\u00f3 \u0111\u01a1n thu\u1ed1c h\u1ee3p l\u1ec7, theo \u0111\u00fang ch\u1ec9 \u0111\u1ecbnh c\u1ee7a ng\u01b0\u1eddi k\u00ea \u0111\u01a1n, Thu\u1ed1c k\u00ea \u0111\u01a1n kh\u00f4ng b\u00e1n tr\u1ef1c tuy\u1ebfn. Thu\u1ed1c kh\u00f4ng k\u00ea \u0111\u01a1n:\u00a0Qu\u00fd kh\u00e1ch c\u00f3 th\u1ec3 \u0111\u1eb7t\" \/>\n<meta property=\"og:url\" content=\"http:\/\/mau.hoabinhweb.com\/duocpham2\/phuong-thuc-van-chuyen\/\" \/>\n<meta property=\"og:site_name\" content=\"Namvim\" \/>\n<meta property=\"article:modified_time\" content=\"2022-09-19T03:06:32+00:00\" \/>\n<meta name=\"twitter:card\" content=\"summary_large_image\" \/>\n<meta name=\"twitter:label1\" content=\"\u01af\u1edbc t\u00ednh th\u1eddi gian \u0111\u1ecdc\" \/>\n\t<meta name=\"twitter:data1\" content=\"4 ph\u00fat\" \/>\n<script type=\"application\/ld+json\" class=\"yoast-schema-graph\">{\"@context\":\"https:\/\/schema.org\",\"@graph\":[{\"@type\":\"WebPage\",\"@id\":\"http:\/\/mau.hoabinhweb.com\/duocpham2\/phuong-thuc-van-chuyen\/\",\"url\":\"http:\/\/mau.hoabinhweb.com\/duocpham2\/phuong-thuc-van-chuyen\/\",\"name\":\"Ph\u01b0\u01a1ng th\u1ee9c v\u1eadn chuy\u1ec3n - Namvim\",\"isPartOf\":{\"@id\":\"http:\/\/mau.hoabinhweb.com\/duocpham2\/#website\"},\"datePublished\":\"2022-09-15T01:33:51+00:00\",\"dateModified\":\"2022-09-19T03:06:32+00:00\",\"breadcrumb\":{\"@id\":\"http:\/\/mau.hoabinhweb.com\/duocpham2\/phuong-thuc-van-chuyen\/#breadcrumb\"},\"inLanguage\":\"vi\",\"potentialAction\":[{\"@type\":\"ReadAction\",\"target\":[\"http:\/\/mau.hoabinhweb.com\/duocpham2\/phuong-thuc-van-chuyen\/\"]}]},{\"@type\":\"BreadcrumbList\",\"@id\":\"http:\/\/mau.hoabinhweb.com\/duocpham2\/phuong-thuc-van-chuyen\/#breadcrumb\",\"itemListElement\":[{\"@type\":\"ListItem\",\"position\":1,\"name\":\"Trang ch\u1ee7\",\"item\":\"http:\/\/mau.hoabinhweb.com\/duocpham2\/\"},{\"@type\":\"ListItem\",\"position\":2,\"name\":\"Ph\u01b0\u01a1ng th\u1ee9c v\u1eadn chuy\u1ec3n\"}]},{\"@type\":\"WebSite\",\"@id\":\"http:\/\/mau.hoabinhweb.com\/duocpham2\/#website\",\"url\":\"http:\/\/mau.hoabinhweb.com\/duocpham2\/\",\"name\":\"Namvim\",\"description\":\"\",\"potentialAction\":[{\"@type\":\"SearchAction\",\"target\":{\"@type\":\"EntryPoint\",\"urlTemplate\":\"http:\/\/mau.hoabinhweb.com\/duocpham2\/?s={search_term_string}\"},\"query-input\":\"required name=search_term_string\"}],\"inLanguage\":\"vi\"}]}<\/script>\n<!-- \/ Yoast SEO plugin. -->","yoast_head_json":{"title":"Ph\u01b0\u01a1ng th\u1ee9c v\u1eadn chuy\u1ec3n - Namvim","robots":{"index":"noindex","follow":"follow","max-snippet":"max-snippet:-1","max-image-preview":"max-image-preview:large","max-video-preview":"max-video-preview:-1"},"og_locale":"vi_VN","og_type":"article","og_title":"Ph\u01b0\u01a1ng th\u1ee9c v\u1eadn chuy\u1ec3n - Namvim","og_description":"I. V\u1ec1 \u0111\u01a1n thu\u1ed1c 1. Nh\u00e0 thu\u1ed1c Namvim c\u00f3 giao h\u00e0ng thu\u1ed1c kh\u00f4ng? Thu\u1ed1c k\u00ea \u0111\u01a1n:\u00a0Nh\u00e0 thu\u1ed1c Namvim ch\u1ec9 b\u00e1n thu\u1ed1c k\u00ea \u0111\u01a1n t\u1ea1i nh\u00e0 thu\u1ed1c khi c\u00f3 \u0111\u01a1n thu\u1ed1c h\u1ee3p l\u1ec7, theo \u0111\u00fang ch\u1ec9 \u0111\u1ecbnh c\u1ee7a ng\u01b0\u1eddi k\u00ea \u0111\u01a1n, Thu\u1ed1c k\u00ea \u0111\u01a1n kh\u00f4ng b\u00e1n tr\u1ef1c tuy\u1ebfn. Thu\u1ed1c kh\u00f4ng k\u00ea \u0111\u01a1n:\u00a0Qu\u00fd kh\u00e1ch c\u00f3 th\u1ec3 \u0111\u1eb7t","og_url":"http:\/\/mau.hoabinhweb.com\/duocpham2\/phuong-thuc-van-chuyen\/","og_site_name":"Namvim","article_modified_time":"2022-09-19T03:06:32+00:00","twitter_card":"summary_large_image","twitter_misc":{"\u01af\u1edbc t\u00ednh th\u1eddi gian \u0111\u1ecdc":"4 ph\u00fat"},"schema":{"@context":"https:\/\/schema.org","@graph":[{"@type":"WebPage","@id":"http:\/\/mau.hoabinhweb.com\/duocpham2\/phuong-thuc-van-chuyen\/","url":"http:\/\/mau.hoabinhweb.com\/duocpham2\/phuong-thuc-van-chuyen\/","name":"Ph\u01b0\u01a1ng th\u1ee9c v\u1eadn chuy\u1ec3n - Namvim","isPartOf":{"@id":"http:\/\/mau.hoabinhweb.com\/duocpham2\/#website"},"datePublished":"2022-09-15T01:33:51+00:00","dateModified":"2022-09-19T03:06:32+00:00","breadcrumb":{"@id":"http:\/\/mau.hoabinhweb.com\/duocpham2\/phuong-thuc-van-chuyen\/#breadcrumb"},"inLanguage":"vi","potentialAction":[{"@type":"ReadAction","target":["http:\/\/mau.hoabinhweb.com\/duocpham2\/phuong-thuc-van-chuyen\/"]}]},{"@type":"BreadcrumbList","@id":"http:\/\/mau.hoabinhweb.com\/duocpham2\/phuong-thuc-van-chuyen\/#breadcrumb","itemListElement":[{"@type":"ListItem","position":1,"name":"Trang ch\u1ee7","item":"http:\/\/mau.hoabinhweb.com\/duocpham2\/"},{"@type":"ListItem","position":2,"name":"Ph\u01b0\u01a1ng th\u1ee9c v\u1eadn chuy\u1ec3n"}]},{"@type":"WebSite","@id":"http:\/\/mau.hoabinhweb.com\/duocpham2\/#website","url":"http:\/\/mau.hoabinhweb.com\/duocpham2\/","name":"Namvim","description":"","potentialAction":[{"@type":"SearchAction","target":{"@type":"EntryPoint","urlTemplate":"http:\/\/mau.hoabinhweb.com\/duocpham2\/?s={search_term_string}"},"query-input":"required name=search_term_string"}],"inLanguage":"vi"}]}},"_links":{"self":[{"href":"http:\/\/mau.hoabinhweb.com\/duocpham2\/wp-json\/wp\/v2\/pages\/499","targetHints":{"allow":["GET"]}}],"collection":[{"href":"http:\/\/mau.hoabinhweb.com\/duocpham2\/wp-json\/wp\/v2\/pages"}],"about":[{"href":"http:\/\/mau.hoabinhweb.com\/duocpham2\/wp-json\/wp\/v2\/types\/page"}],"author":[{"embeddable":true,"href":"http:\/\/mau.hoabinhweb.com\/duocpham2\/wp-json\/wp\/v2\/users\/1"}],"replies":[{"embeddable":true,"href":"http:\/\/mau.hoabinhweb.com\/duocpham2\/wp-json\/wp\/v2\/comments?post=499"}],"version-history":[{"count":4,"href":"http:\/\/mau.hoabinhweb.com\/duocpham2\/wp-json\/wp\/v2\/pages\/499\/revisions"}],"predecessor-version":[{"id":520,"href":"http:\/\/mau.hoabinhweb.com\/duocpham2\/wp-json\/wp\/v2\/pages\/499\/revisions\/520"}],"wp:attachment":[{"href":"http:\/\/mau.hoabinhweb.com\/duocpham2\/wp-json\/wp\/v2\/media?parent=499"}],"curies":[{"name":"wp","href":"https:\/\/api.w.org\/{rel}","templated":true}]}}