{"id":485,"date":"2022-09-15T08:32:00","date_gmt":"2022-09-15T01:32:00","guid":{"rendered":"https:\/\/mau.hoabinhweb.com\/duocpham2\/?page_id=485"},"modified":"2022-09-15T08:32:00","modified_gmt":"2022-09-15T01:32:00","slug":"chinh-sach-doi-tra-va-hoan-tien","status":"publish","type":"page","link":"http:\/\/mau.hoabinhweb.com\/duocpham2\/chinh-sach-doi-tra-va-hoan-tien\/","title":{"rendered":"Ch\u00ednh s\u00e1ch \u0111\u1ed5i tr\u1ea3 v\u00e0 ho\u00e0n ti\u1ec1n"},"content":{"rendered":"<p>V\u1edbi mong mu\u1ed1n mang \u0111\u1ebfn cho kh\u00e1ch h\u00e0ng nh\u1eefng tr\u1ea3i nghi\u1ec7m mua s\u1eafm t\u1ed1t nh\u1ea5t, c\u00e1c s\u1ea3n ph\u1ea9m c\u1ee7a NAM VIM khi g\u1eedi \u0111\u1ebfn kh\u00e1ch h\u00e0ng lu\u00f4n \u0111\u01b0\u1ee3c \u0111\u1ea3m b\u1ea3o l\u00e0 h\u00e0ng nguy\u00ean m\u1edbi, ch\u1ea5t l\u01b0\u1ee3ng, h\u1ea1n s\u1eed d\u1ee5ng c\u00f2n d\u00e0i v\u00e0 \u0111\u00fang v\u1edbi th\u00f4ng tin m\u00f4 t\u1ea3 v\u00e0 h\u00ecnh \u1ea3nh tr\u00ean website.<\/p>\n<p>Trong tr\u01b0\u1eddng h\u1ee3p hi\u1ebfm hoi s\u1ea3n ph\u1ea9m qu\u00fd kh\u00e1ch nh\u1eadn \u0111\u01b0\u1ee3c c\u00f3 khi\u1ebfm khuy\u1ebft, h\u01b0 h\u1ecfng ho\u1eb7c kh\u00f4ng nh\u01b0 m\u00f4 t\u1ea3, NAM VIM cam k\u1ebft b\u1ea3o v\u1ec7 kh\u00e1ch h\u00e0ng b\u1eb1ng ch\u00ednh s\u00e1ch \u0111\u1ed5i tr\u1ea3 v\u00e0 ho\u00e0n ti\u1ec1n sau \u0111\u00e2y:<\/p>\n<p><strong>K\u1ec3 t\u1eeb khi NAM VIM giao h\u00e0ng th\u00e0nh c\u00f4ng, trong 7 ng\u00e0y \u0111\u1ea7u ti\u00ean:<\/strong><\/p>\n<p><strong>&#8211; S\u1ea3n ph\u1ea9m l\u1ed7i (do nh\u00e0 cung c\u1ea5p): \u0110\u1ed5i m\u1edbi Tr\u1ea3 kh\u00f4ng thu ph\u00ed.<\/strong><\/p>\n<p><strong>&#8211; S\u1ea3n ph\u1ea9m kh\u00f4ng l\u1ed7i: Mi\u1ec5n ph\u00ed \u0111\u1ed5i tr\u1ea3, C\u00f3 t\u00ednh ph\u00ed v\u1eadn chuy\u1ec3n.<\/strong><\/p>\n<p>C\u00e1ch th\u1ee9c chuy\u1ec3n s\u1ea3n ph\u1ea9m \u0111\u1ed5i tr\u1ea3 v\u1ec1 NAM VIM:<\/p>\n<p>Khi y\u00eau c\u1ea7u \u0111\u1ed5i tr\u1ea3 \u0111\u01b0\u1ee3c ch\u1ea5p nh\u1eadn, Qu\u00fd kh\u00e1ch \u0111\u00f3ng g\u00f3i s\u1ea3n ph\u1ea9m v\u1ec1 nguy\u00ean hi\u1ec7n tr\u1ea1ng tr\u01b0\u1edbc khi nh\u1eadn h\u00e0ng<\/p>\n<p>NAM VIM s\u1ebd g\u1eedi h\u00e0ng \u0111\u1ed5i tr\u1ea3 m\u1edbi t\u1edbi tay cho qu\u00fd kh\u00e1ch v\u00e0 qu\u00fd kh\u00e1ch g\u1eedi l\u1ea1i \u0111\u00fang h\u00e0ng \u0111\u1ed5i tr\u1ea3 nguy\u00ean tr\u1ea1ng l\u1ea1i cho b\u1ea1n Shipper c\u1ee7a b\u00ean v\u1eadn chuy\u1ec3n h\u00e0ng h\u00f3a t\u1edbi cho qu\u00fd kh\u00e1ch.<\/p>\n<ol>\n<li><strong> L\u00dd DO CH\u1ea4P NH\u1eacN \u0110\u1ed4I TR\u1ea2<\/strong><\/li>\n<li><strong> \u0110i\u1ec1u ki\u1ec7n h\u00e0ng h\u00f3a \u0111\u1ea1t y\u00eau c\u1ea7u \u0111\u1ed5i tr\u1ea3<\/strong><\/li>\n<\/ol>\n<p>&#8211; S\u1ea3n ph\u1ea9m b\u1ecb giao sai v\u1ec1 s\u1ed1 l\u01b0\u1ee3ng, th\u00f4ng tin v\u00e0 m\u1eabu m\u00e3 so v\u1edbi \u0111\u01a1n \u0111\u1eb7t h\u00e0ng.<\/p>\n<p>&#8211; S\u1ea3n ph\u1ea9m b\u1ecb h\u1ecfng do l\u1ed7i c\u1ee7a nh\u00e0 s\u1ea3n xu\u1ea5t (h\u1ecfng h\u00f3c v\u1ec1 k\u0129 thu\u1eadt, l\u1ed7i v\u1ec1 thi\u1ebft k\u1ebf, n\u1ed9i dung, kh\u00e1c bi\u1ec7t so v\u1edbi ti\u00eau chu\u1ea9n ch\u1ea5t l\u01b0\u1ee3ng \u0111\u00e3 c\u00f4ng b\u1ed1 c\u1ee7a NAM VIM) ho\u1eb7c l\u1ed7i trong qu\u00e1 tr\u00ecnh v\u1eadn chuy\u1ec3n (b\u1ecb bi\u1ebfn d\u1ea1ng, tr\u1ea7y x\u01b0\u1edbc, v\u1ea5y b\u1ea9n, n\u1ee9t, g\u00e3y,\u2026).<\/p>\n<ol start=\"2\">\n<li><strong> Kh\u00e1ch h\u00e0ng thay \u0111\u1ed5i nhu c\u1ea7u s\u1eed d\u1ee5ng:<\/strong><\/li>\n<\/ol>\n<p>&#8211; NAM VIM ch\u1ea5p nh\u1eadn \u0111\u1ed5i tr\u1ea3 \u0111\u1ed1i v\u1edbi l\u00fd do kh\u00e1ch h\u00e0ng thay \u0111\u1ed5i nhu c\u1ea7u s\u1eed d\u1ee5ng, tuy nhi\u00ean s\u1ea3n ph\u1ea9m \u0111\u01b0\u1ee3c ch\u1ea5p nh\u1eadn \u0111\u1ed5i s\u1ebd c\u0103n c\u1ee9 v\u00e0o ch\u00ednh s\u00e1ch kinh doanh t\u1ea1i th\u1eddi \u0111i\u1ec3m kh\u00e1ch h\u00e0ng y\u00eau c\u1ea7u.<\/p>\n<ol>\n<li><strong> Y\u00caU C\u1ea6U CHO S\u1ea2N PH\u1ea8M \u0110\u1ed4I TR\u1ea2<\/strong><\/li>\n<li><strong> \u0110i\u1ec1u ki\u1ec7n \u0111\u1ed5i tr\u1ea3:<\/strong><\/li>\n<\/ol>\n<p>&#8211; S\u1ea3n ph\u1ea9m kh\u00f4ng n\u1eb1m trong danh m\u1ee5c h\u1ea1n ch\u1ebf \u0111\u1ed5i tr\u1ea3 c\u1ee7a NAM VIM<\/p>\n<p>&#8211; S\u1ea3n ph\u1ea9m\/d\u1ecbch v\u1ee5 c\u00f2n \u0111\u1ea7y \u0111\u1ee7 ph\u1ee5 ki\u1ec7n v\u00e0 t\u1eb7ng ph\u1ea9m \u0111i k\u00e8m (n\u1ebfu c\u00f3).<\/p>\n<p>&#8211; S\u1ea3n ph\u1ea9m kh\u00f4ng b\u1ecb d\u01a1 b\u1ea9n, kh\u00f4ng c\u00f3 m\u00f9i l\u1ea1, kh\u00f4ng c\u00f3 d\u1ea5u hi\u1ec7u \u0111\u00e3 qua s\u1eed d\u1ee5ng.<\/p>\n<p>&#8211; Kh\u00e1ch h\u00e0ng c\u00f2n gi\u1eef x\u00e1c nh\u1eadn v\u1ec1 vi\u1ec7c \u0111\u00e3 mua h\u00e0ng t\u1ea1i NAM VIM (s\u1ed1 \u0111\u01a1n h\u00e0ng, h\u00f3a \u0111\u01a1n mua h\u00e0ng, bi\u00ean nh\u1eadn giao h\u00e0ng, sao k\u00ea c\u1ee7a ng\u00e2n h\u00e0ng\u2026).<\/p>\n<ol start=\"2\">\n<li><strong> Th\u1eddi gian \u00e1p d\u1ee5ng \u0111\u1ed5i tr\u1ea3<\/strong><\/li>\n<\/ol>\n<p>&#8211; Tr\u1eeb khi \u0111\u01b0\u1ee3c quy \u0111\u1ecbnh kh\u00e1c \u0111i trong ph\u1ea7n gi\u1edbi thi\u1ec7u v\u1ec1 s\u1ea3n ph\u1ea9m\/d\u1ecbch v\u1ee5 tr\u00ean website c\u1ee7a NAM VIM, kh\u00e1ch h\u00e0ng c\u00f3 th\u1eddi h\u1ea1n 07 ng\u00e0y k\u1ec3 t\u1eeb ng\u00e0y nh\u1eadn h\u00e0ng \u0111\u1ec3 g\u1eedi y\u00eau c\u1ea7u \u0111\u1ed5i tr\u1ea3.<\/p>\n<ol start=\"3\">\n<li><strong> Chi ph\u00ed \u0111\u1ed5i tr\u1ea3<\/strong><\/li>\n<\/ol>\n<p>&#8211; \u0110\u1ed1i v\u1edbi c\u00e1c s\u1ea3n ph\u1ea9m \u0111\u1ed5i l\u1ea1i do l\u1ed7i c\u1ee7a NAM VIM ho\u1eb7c nh\u00e0 cung c\u1ea5p, kh\u00e1ch h\u00e0ng s\u1ebd \u0111\u01b0\u1ee3c mi\u1ec5n ph\u00ed \u0111\u1ed5i tr\u1ea3 v\u00e0 \u0111\u01b0\u1ee3c giao h\u00e0ng mi\u1ec5n ph\u00ed t\u1edbi \u0111\u1ecba \u0111i\u1ec3m ghi tr\u00ean phi\u1ebfu y\u00eau c\u1ea7u \u0111\u1ed5i tr\u1ea3.<\/p>\n<p>&#8211; \u0110\u1ed1i v\u1edbi c\u00e1c s\u1ea3n ph\u1ea9m tr\u1ea3 l\u1ea1i do kh\u00e1ch h\u00e0ng thay \u0111\u1ed5i nhu c\u1ea7u s\u1eed d\u1ee5ng, tr\u1eeb tr\u01b0\u1eddng h\u1ee3p b\u00e0i gi\u1edbi thi\u1ec7u s\u1ea3n ph\u1ea9m quy \u0111\u1ecbnh \u00e1p d\u1ee5ng ph\u00ed \u0111\u1ed5i tr\u1ea3, kh\u00e1ch h\u00e0ng s\u1ebd \u0111\u01b0\u1ee3c mi\u1ec5n ph\u00ed \u0111\u1ed5i tr\u1ea3 v\u00e0 s\u1ebd ph\u1ea3i tr\u1ea3 ph\u00ed v\u1eadn chuy\u1ec3n theo ch\u00ednh s\u00e1ch giao v\u1eadn c\u1ee7a NAM VIM n\u1ebfu mu\u1ed1n \u0111\u01b0\u1ee3c g\u1eedi h\u00e0ng m\u1edbi \u0111\u1ebfn \u0111\u1ecba ch\u1ec9 y\u00eau c\u1ea7u.<\/p>\n<p><strong>III. QUY \u0110\u1ecaNH HO\u00c0N TI\u1ec0N<\/strong><\/p>\n<ol>\n<li><strong> Nguy\u00ean t\u1eafc ho\u00e0n ti\u1ec1n<\/strong><\/li>\n<\/ol>\n<p>&#8211; Ph\u01b0\u01a1ng th\u1ee9c ho\u00e0n ti\u1ec1n c\u0103n c\u1ee9 theo ph\u01b0\u01a1ng th\u1ee9c thanh to\u00e1n c\u1ee7a kh\u00e1ch h\u00e0ng khi mua h\u00e0ng, n\u1ebfu c\u00f3 th\u1ec3 NAM VIM s\u1ebd thay \u0111\u1ed5i ph\u01b0\u01a1ng th\u1ee9c theo y\u00eau c\u1ea7u c\u1ee7a kh\u00e1ch.<\/p>\n<p>&#8211; Ho\u00e0n ti\u1ec1n khi kh\u00e1ch h\u00e0ng s\u1eed d\u1ee5ng m\u00e3 \u01b0u \u0111\u00e3i (coupon): trong c\u00e1c tr\u01b0\u1eddng h\u1ee3p \u0111\u1eb7c bi\u1ec7t \u0111\u01b0\u1ee3c NAM VIM ch\u1ea5p nh\u1eadn ho\u00e0n ti\u1ec1n khi kh\u00e1ch h\u00e0ng s\u1eed d\u1ee5ng coupon, NAM VIM s\u1ebd kh\u00f4ng ho\u00e0n l\u1ea1i kho\u1ea3n gi\u00e1 tr\u1ecb coupon kh\u00e1ch h\u00e0ng \u0111\u00e3 s\u1eed d\u1ee5ng m\u00e0 ch\u1ec9 ho\u00e0n l\u1ea1i kho\u1ea3n ti\u1ec1n kh\u00e1ch h\u00e0ng th\u1ef1c t\u1ebf b\u1ecf ra khi mua h\u00e0ng.<\/p>\n<ol start=\"2\">\n<li><strong> Ph\u01b0\u01a1ng th\u1ee9c ho\u00e0n ti\u1ec1n<\/strong><\/li>\n<\/ol>\n<p>H\u1ed7 tr\u1ee3 theo th\u1ee9 t\u1ef1 \u01b0u ti\u00ean:<\/p>\n<p>&#8211; KH c\u00f3 th\u1ec3 s\u1eed d\u1ee5ng \u0111\u1ec3 ti\u1ebfp t\u1ee5c mua nh\u1eefng s\u1ea3n ph\u1ea9m kh\u00e1c t\u1ea1i hiennha.com<\/p>\n<p>&#8211; Ho\u00e0n ti\u1ec1n qua t\u00e0i kho\u1ea3n ng\u00e2n h\u00e0ng: 3-7 <strong>ng\u00e0y l\u00e0m vi\u1ec7c.<\/strong><\/p>\n<p>NAM VIM kh\u00f4ng ho\u00e0n ti\u1ec1n m\u1eb7t cho h\u00e0ng h\u00f3a li\u00ean t\u1ec9nh: \u01b0u ti\u00ean ho\u00e0n ti\u1ec1n qua h\u00ecnh th\u1ee9c chuy\u1ec3n kho\u1ea3n ng\u00e2n h\u00e0ng c\u1ee7a kh\u00e1ch h\u00e0ng.<\/p>\n<p>V\u1edbi y\u00eau c\u1ea7u ho\u00e0n tr\u1ea3 s\u1ea3n ph\u1ea9m do thay \u0111\u1ed5i nhu c\u1ea7u c\u1ee7a Kh\u00e1ch h\u00e0ng, NAM VIM s\u1ebd ho\u00e0n ti\u1ec1n v\u00e0o th\u1ebb\/t\u00e0i kho\u1ea3n c\u1ee7a Kh\u00e1ch h\u00e0ng ho\u1eb7c h\u00ecnh th\u1ee9c kh\u00e1c theo quy\u1ebft \u0111\u1ecbnh c\u1ee7a NAM VIM.<\/p>\n<ol start=\"3\">\n<li><strong> Th\u1eddi gian x\u1eed l\u00fd<\/strong><\/li>\n<\/ol>\n<p>&#8211; NAM VIM s\u1ebd g\u1eedi k\u1ebft qu\u1ea3 ph\u1ea3n h\u1ed3i y\u00eau c\u1ea7u ho\u00e0n tr\u1ea3 t\u1edbi Kh\u00e1ch h\u00e0ng th\u00f4ng qua email ho\u1eb7c\/v\u00e0 tin nh\u1eafn SMS trong v\u00f2ng t\u1ed1i \u0111a 02 ng\u00e0y l\u00e0m vi\u1ec7c k\u1ec3 t\u1eeb khi NAM VIM nh\u1eadn l\u1ea1i s\u1ea3n ph\u1ea9m.<\/p>\n<p>&#8211; N\u1ebfu y\u00eau c\u1ea7u ho\u00e0n tr\u1ea3 \u0111\u00e1p \u1ee9ng c\u00e1c y\u00eau c\u1ea7u t\u1ea1i m\u1ee5c 2, NAM VIM s\u1ebd th\u1ef1c hi\u1ec7n th\u1ee7 t\u1ee5c ho\u00e0n ti\u1ec1n cho kh\u00e1ch h\u00e0ng k\u1ec3 t\u1eeb khi y\u00eau c\u1ea7u \u0111\u1ed5i tr\u1ea3 \u0111\u01b0\u1ee3c th\u1ef1c hi\u1ec7n trong th\u1eddi gian nh\u01b0 sau:<\/p>\n<p>+ V\u1edbi ph\u01b0\u01a1ng th\u1ee9c thanh to\u00e1n kh\u00f4ng th\u00f4ng qua ng\u00e2n h\u00e0ng: kh\u00e1ch h\u00e0ng s\u1ebd nh\u1eadn \u0111\u01b0\u1ee3c ti\u1ec1n ho\u00e0n t\u1eeb 5-7 ng\u00e0y l\u00e0m vi\u1ec7c.<\/p>\n<p>+ V\u1edbi ph\u01b0\u01a1ng th\u1ee9c thanh to\u00e1n th\u00f4ng qua ng\u00e2n h\u00e0ng: NAM VIM s\u1ebd ho\u00e0n t\u1ea5t th\u1ee7 t\u1ee5c ho\u00e0n ti\u1ec1n t\u1eeb 2-3 ng\u00e0y l\u00e0m vi\u1ec7c.<\/p>\n<p>Ch\u00fac qu\u00fd kh\u00e1ch m\u1ed9t ng\u00e0y b\u00ecnh an v\u00e0 nhi\u1ec1u ni\u1ec1m vui!<\/p>\n","protected":false},"excerpt":{"rendered":"<p>V\u1edbi mong mu\u1ed1n mang \u0111\u1ebfn cho kh\u00e1ch h\u00e0ng nh\u1eefng tr\u1ea3i nghi\u1ec7m mua s\u1eafm t\u1ed1t nh\u1ea5t, c\u00e1c s\u1ea3n ph\u1ea9m c\u1ee7a NAM VIM khi g\u1eedi \u0111\u1ebfn kh\u00e1ch h\u00e0ng lu\u00f4n \u0111\u01b0\u1ee3c \u0111\u1ea3m b\u1ea3o l\u00e0 h\u00e0ng nguy\u00ean m\u1edbi, ch\u1ea5t l\u01b0\u1ee3ng, h\u1ea1n s\u1eed d\u1ee5ng c\u00f2n d\u00e0i v\u00e0 \u0111\u00fang v\u1edbi th\u00f4ng tin m\u00f4 t\u1ea3 v\u00e0 h\u00ecnh \u1ea3nh tr\u00ean website. Trong tr\u01b0\u1eddng<\/p>\n","protected":false},"author":1,"featured_media":0,"parent":0,"menu_order":0,"comment_status":"closed","ping_status":"closed","template":"","meta":{"footnotes":""},"class_list":["post-485","page","type-page","status-publish","hentry"],"acf":[],"yoast_head":"<!-- This site is optimized with the Yoast SEO plugin v19.6 - https:\/\/yoast.com\/wordpress\/plugins\/seo\/ -->\n<title>Ch\u00ednh s\u00e1ch \u0111\u1ed5i tr\u1ea3 v\u00e0 ho\u00e0n ti\u1ec1n - Namvim<\/title>\n<meta name=\"robots\" content=\"noindex, follow, max-snippet:-1, max-image-preview:large, max-video-preview:-1\" \/>\n<meta property=\"og:locale\" content=\"vi_VN\" \/>\n<meta property=\"og:type\" content=\"article\" \/>\n<meta property=\"og:title\" content=\"Ch\u00ednh s\u00e1ch \u0111\u1ed5i tr\u1ea3 v\u00e0 ho\u00e0n ti\u1ec1n - Namvim\" \/>\n<meta property=\"og:description\" content=\"V\u1edbi mong mu\u1ed1n mang \u0111\u1ebfn cho kh\u00e1ch h\u00e0ng nh\u1eefng tr\u1ea3i nghi\u1ec7m mua s\u1eafm t\u1ed1t nh\u1ea5t, c\u00e1c s\u1ea3n ph\u1ea9m c\u1ee7a NAM VIM khi g\u1eedi \u0111\u1ebfn kh\u00e1ch h\u00e0ng lu\u00f4n \u0111\u01b0\u1ee3c \u0111\u1ea3m b\u1ea3o l\u00e0 h\u00e0ng nguy\u00ean m\u1edbi, ch\u1ea5t l\u01b0\u1ee3ng, h\u1ea1n s\u1eed d\u1ee5ng c\u00f2n d\u00e0i v\u00e0 \u0111\u00fang v\u1edbi th\u00f4ng tin m\u00f4 t\u1ea3 v\u00e0 h\u00ecnh \u1ea3nh tr\u00ean website. Trong tr\u01b0\u1eddng\" \/>\n<meta property=\"og:url\" content=\"http:\/\/mau.hoabinhweb.com\/duocpham2\/chinh-sach-doi-tra-va-hoan-tien\/\" \/>\n<meta property=\"og:site_name\" content=\"Namvim\" \/>\n<meta name=\"twitter:card\" content=\"summary_large_image\" \/>\n<meta name=\"twitter:label1\" content=\"\u01af\u1edbc t\u00ednh th\u1eddi gian \u0111\u1ecdc\" \/>\n\t<meta name=\"twitter:data1\" content=\"6 ph\u00fat\" \/>\n<script type=\"application\/ld+json\" class=\"yoast-schema-graph\">{\"@context\":\"https:\/\/schema.org\",\"@graph\":[{\"@type\":\"WebPage\",\"@id\":\"http:\/\/mau.hoabinhweb.com\/duocpham2\/chinh-sach-doi-tra-va-hoan-tien\/\",\"url\":\"http:\/\/mau.hoabinhweb.com\/duocpham2\/chinh-sach-doi-tra-va-hoan-tien\/\",\"name\":\"Ch\u00ednh s\u00e1ch \u0111\u1ed5i tr\u1ea3 v\u00e0 ho\u00e0n ti\u1ec1n - Namvim\",\"isPartOf\":{\"@id\":\"http:\/\/mau.hoabinhweb.com\/duocpham2\/#website\"},\"datePublished\":\"2022-09-15T01:32:00+00:00\",\"dateModified\":\"2022-09-15T01:32:00+00:00\",\"breadcrumb\":{\"@id\":\"http:\/\/mau.hoabinhweb.com\/duocpham2\/chinh-sach-doi-tra-va-hoan-tien\/#breadcrumb\"},\"inLanguage\":\"vi\",\"potentialAction\":[{\"@type\":\"ReadAction\",\"target\":[\"http:\/\/mau.hoabinhweb.com\/duocpham2\/chinh-sach-doi-tra-va-hoan-tien\/\"]}]},{\"@type\":\"BreadcrumbList\",\"@id\":\"http:\/\/mau.hoabinhweb.com\/duocpham2\/chinh-sach-doi-tra-va-hoan-tien\/#breadcrumb\",\"itemListElement\":[{\"@type\":\"ListItem\",\"position\":1,\"name\":\"Trang ch\u1ee7\",\"item\":\"http:\/\/mau.hoabinhweb.com\/duocpham2\/\"},{\"@type\":\"ListItem\",\"position\":2,\"name\":\"Ch\u00ednh s\u00e1ch \u0111\u1ed5i tr\u1ea3 v\u00e0 ho\u00e0n ti\u1ec1n\"}]},{\"@type\":\"WebSite\",\"@id\":\"http:\/\/mau.hoabinhweb.com\/duocpham2\/#website\",\"url\":\"http:\/\/mau.hoabinhweb.com\/duocpham2\/\",\"name\":\"Namvim\",\"description\":\"\",\"potentialAction\":[{\"@type\":\"SearchAction\",\"target\":{\"@type\":\"EntryPoint\",\"urlTemplate\":\"http:\/\/mau.hoabinhweb.com\/duocpham2\/?s={search_term_string}\"},\"query-input\":\"required name=search_term_string\"}],\"inLanguage\":\"vi\"}]}<\/script>\n<!-- \/ Yoast SEO plugin. -->","yoast_head_json":{"title":"Ch\u00ednh s\u00e1ch \u0111\u1ed5i tr\u1ea3 v\u00e0 ho\u00e0n ti\u1ec1n - Namvim","robots":{"index":"noindex","follow":"follow","max-snippet":"max-snippet:-1","max-image-preview":"max-image-preview:large","max-video-preview":"max-video-preview:-1"},"og_locale":"vi_VN","og_type":"article","og_title":"Ch\u00ednh s\u00e1ch \u0111\u1ed5i tr\u1ea3 v\u00e0 ho\u00e0n ti\u1ec1n - Namvim","og_description":"V\u1edbi mong mu\u1ed1n mang \u0111\u1ebfn cho kh\u00e1ch h\u00e0ng nh\u1eefng tr\u1ea3i nghi\u1ec7m mua s\u1eafm t\u1ed1t nh\u1ea5t, c\u00e1c s\u1ea3n ph\u1ea9m c\u1ee7a NAM VIM khi g\u1eedi \u0111\u1ebfn kh\u00e1ch h\u00e0ng lu\u00f4n \u0111\u01b0\u1ee3c \u0111\u1ea3m b\u1ea3o l\u00e0 h\u00e0ng nguy\u00ean m\u1edbi, ch\u1ea5t l\u01b0\u1ee3ng, h\u1ea1n s\u1eed d\u1ee5ng c\u00f2n d\u00e0i v\u00e0 \u0111\u00fang v\u1edbi th\u00f4ng tin m\u00f4 t\u1ea3 v\u00e0 h\u00ecnh \u1ea3nh tr\u00ean website. Trong tr\u01b0\u1eddng","og_url":"http:\/\/mau.hoabinhweb.com\/duocpham2\/chinh-sach-doi-tra-va-hoan-tien\/","og_site_name":"Namvim","twitter_card":"summary_large_image","twitter_misc":{"\u01af\u1edbc t\u00ednh th\u1eddi gian \u0111\u1ecdc":"6 ph\u00fat"},"schema":{"@context":"https:\/\/schema.org","@graph":[{"@type":"WebPage","@id":"http:\/\/mau.hoabinhweb.com\/duocpham2\/chinh-sach-doi-tra-va-hoan-tien\/","url":"http:\/\/mau.hoabinhweb.com\/duocpham2\/chinh-sach-doi-tra-va-hoan-tien\/","name":"Ch\u00ednh s\u00e1ch \u0111\u1ed5i tr\u1ea3 v\u00e0 ho\u00e0n ti\u1ec1n - Namvim","isPartOf":{"@id":"http:\/\/mau.hoabinhweb.com\/duocpham2\/#website"},"datePublished":"2022-09-15T01:32:00+00:00","dateModified":"2022-09-15T01:32:00+00:00","breadcrumb":{"@id":"http:\/\/mau.hoabinhweb.com\/duocpham2\/chinh-sach-doi-tra-va-hoan-tien\/#breadcrumb"},"inLanguage":"vi","potentialAction":[{"@type":"ReadAction","target":["http:\/\/mau.hoabinhweb.com\/duocpham2\/chinh-sach-doi-tra-va-hoan-tien\/"]}]},{"@type":"BreadcrumbList","@id":"http:\/\/mau.hoabinhweb.com\/duocpham2\/chinh-sach-doi-tra-va-hoan-tien\/#breadcrumb","itemListElement":[{"@type":"ListItem","position":1,"name":"Trang ch\u1ee7","item":"http:\/\/mau.hoabinhweb.com\/duocpham2\/"},{"@type":"ListItem","position":2,"name":"Ch\u00ednh s\u00e1ch \u0111\u1ed5i tr\u1ea3 v\u00e0 ho\u00e0n ti\u1ec1n"}]},{"@type":"WebSite","@id":"http:\/\/mau.hoabinhweb.com\/duocpham2\/#website","url":"http:\/\/mau.hoabinhweb.com\/duocpham2\/","name":"Namvim","description":"","potentialAction":[{"@type":"SearchAction","target":{"@type":"EntryPoint","urlTemplate":"http:\/\/mau.hoabinhweb.com\/duocpham2\/?s={search_term_string}"},"query-input":"required name=search_term_string"}],"inLanguage":"vi"}]}},"_links":{"self":[{"href":"http:\/\/mau.hoabinhweb.com\/duocpham2\/wp-json\/wp\/v2\/pages\/485","targetHints":{"allow":["GET"]}}],"collection":[{"href":"http:\/\/mau.hoabinhweb.com\/duocpham2\/wp-json\/wp\/v2\/pages"}],"about":[{"href":"http:\/\/mau.hoabinhweb.com\/duocpham2\/wp-json\/wp\/v2\/types\/page"}],"author":[{"embeddable":true,"href":"http:\/\/mau.hoabinhweb.com\/duocpham2\/wp-json\/wp\/v2\/users\/1"}],"replies":[{"embeddable":true,"href":"http:\/\/mau.hoabinhweb.com\/duocpham2\/wp-json\/wp\/v2\/comments?post=485"}],"version-history":[{"count":1,"href":"http:\/\/mau.hoabinhweb.com\/duocpham2\/wp-json\/wp\/v2\/pages\/485\/revisions"}],"predecessor-version":[{"id":494,"href":"http:\/\/mau.hoabinhweb.com\/duocpham2\/wp-json\/wp\/v2\/pages\/485\/revisions\/494"}],"wp:attachment":[{"href":"http:\/\/mau.hoabinhweb.com\/duocpham2\/wp-json\/wp\/v2\/media?parent=485"}],"curies":[{"name":"wp","href":"https:\/\/api.w.org\/{rel}","templated":true}]}}