{"id":195,"date":"2022-05-28T22:23:54","date_gmt":"2022-05-28T15:23:54","guid":{"rendered":"https:\/\/mau.hoabinhweb.com\/duocpham1\/?post_type=product&#038;p=195"},"modified":"2022-05-28T22:23:54","modified_gmt":"2022-05-28T15:23:54","slug":"vien-uong-tang-cuong-sinh-ly-nam-gioi-l-arginine-1000mg-va-zinc-orihiro","status":"publish","type":"product","link":"http:\/\/mau.hoabinhweb.com\/duocpham1\/san-pham\/vien-uong-tang-cuong-sinh-ly-nam-gioi-l-arginine-1000mg-va-zinc-orihiro\/","title":{"rendered":"Vi\u00ean u\u1ed1ng t\u0103ng c\u01b0\u1eddng sinh l\u00fd nam gi\u1edbi L-Arginine 1000mg v\u00e0 Zinc Orihiro"},"content":{"rendered":"<h1><strong>Vi\u00ean u\u1ed1ng t\u0103ng c\u01b0\u1eddng sinh l\u00fd nam gi\u1edbi L-Arginine 1000mg v\u00e0 Zinc Orihiro<\/strong><\/h1>\n<h2><strong>1. Th\u00f4ng tin chi ti\u1ebft s\u1ea3n ph\u1ea9m<\/strong><\/h2>\n<ul>\n<li>M\u00e3 code: 4571157256863<\/li>\n<li>Xu\u1ea5t x\u1ee9: Nh\u1eadt B\u1ea3n<\/li>\n<li>Nh\u00e0 s\u1ea3n xu\u1ea5t: Orihiro<\/li>\n<li>Quy c\u00e1ch \u0111\u00f3ng g\u00f3i: D\u1ea1ng vi\u00ean, 120 vi\u00ean\/h\u1ed9p<\/li>\n<li>Tr\u1ecdng l\u01b0\u1ee3ng: 205g\/120 vi\u00ean<\/li>\n<\/ul>\n<h2><strong>2. C\u00f4ng d\u1ee5ng ch\u00ednh c\u1ee7a s\u1ea3n ph\u1ea9m<\/strong><\/h2>\n<div>\u2013 L-arginine c\u00f3 t\u00e1c d\u1ee5ng l\u00e0m gi\u00e3n t\u0129nh m\u1ea1ch, th\u00fac \u0111\u1ea9y l\u01b0u th\u00f4ng m\u00e1u, nu\u00f4i d\u01b0\u1ee1ng c\u00e1c th\u00e0nh m\u1ea1ch m\u00e1u v\u00e0 h\u1ed7 tr\u1ee3 th\u00e0nh m\u1ea1ch m\u00e1u kho\u1ebb m\u1ea1nh. L-arginine gi\u00fap nam gi\u1edbi \u0111i\u1ec1u ch\u1ec9nh c\u1ea3m x\u00fac, \u0111i\u1ec1u khi\u1ec3n c\u00e1c ch\u1ee9c n\u0103ng sinh d\u1ee5c, h\u1ed7 tr\u1ee3 c\u1ea3i thi\u1ec7n v\u00e0 ch\u1eefa tr\u1ecb c\u00e1c t\u00ecnh tr\u1ea1ng r\u1ed1i lo\u1ea1n c\u01b0\u01a1ng d\u01b0\u01a1ng hi\u1ec7u qu\u1ea3.<\/div>\n<div>\u2013 L-arginine l\u00e0 th\u00e0nh ph\u1ea7n qu\u00fd \u0111\u01b0\u1ee3c s\u1eed d\u1ee5ng nhi\u1ec1u trong \u0111i\u1ec1u tr\u1ecb c\u00e1c b\u1ec7nh nam khoa. Th\u00e0nh ph\u1ea7n L-arginine gi\u00fap t\u0103ng c\u01b0\u1eddng ch\u1ea5t l\u01b0\u1ee3ng tinh tr\u00f9ng. Nh\u1edd v\u1eady m\u00e0 nam gi\u1edbi b\u1ed5 sung L-arginine s\u1ebd t\u0103ng kh\u1ea3 n\u0103ng th\u1ee5 thai, t\u0103ng c\u01b0\u1eddng ch\u1ea5t l\u01b0\u1ee3ng v\u00e0 s\u1ee9c kho\u1ebb c\u1ee7a b\u00e0o thai t\u1eeb khi c\u00f2n b\u00e9, l\u00e0 y\u1ebfu t\u1ed1 c\u01a1 b\u1ea3n \u0111\u1ec3 sinh ra \u0111\u1ee9a con kho\u1ebb m\u1ea1nh sau n\u00e0y.<\/div>\n<div>\u2013 L-arginine t\u0103ng c\u01b0\u1eddng ch\u1ee9c n\u0103ng c\u01b0\u01a1ng d\u01b0\u01a1ng do c\u01a1 ch\u1ebf t\u00e1c \u0111\u1ed9ng k\u00edch th\u00edch hormone, gi\u00fap t\u0103ng s\u1ef1 ham mu\u1ed1n, h\u01b0ng ph\u1ea5n v\u00e0 gi\u00fap k\u00e9o d\u00e0i h\u01a1n nh\u1eefng \u0111i\u1ec1u n\u00e0y \u1edf nam gi\u1edbi. Nh\u1edd \u0111\u00f3 t\u0103ng th\u1eddi gian v\u00e0 ch\u1ea5t l\u01b0\u1ee3ng c\u1ee7a vi\u1ec7c \u2018quan h\u1ec7\u2019.<\/div>\n<div>\u2013 L-arginine c\u00f2n l\u00e0 th\u00e0nh ph\u1ea7n c\u00f3 t\u00e1c d\u1ee5ng b\u1ed5 th\u1eadn, t\u0103ng c\u01b0\u1eddng ch\u1ee9c n\u0103ng gan, th\u1eadn cho nam gi\u1edbi r\u1ea5t t\u1ed1t. Gan, th\u1eadn t\u1ed1t ch\u00ednh l\u00e0 m\u1ea5u ch\u1ed1t \u0111\u1ec3 nam gi\u1edbi c\u00f3 m\u1ed9t s\u1ee9c kho\u1ebb d\u1ebbo dai, b\u1ec1n b\u1ec9, th\u1ec3 hi\u1ec7n \u0111\u01b0\u1ee3c b\u1ea3n l\u0129nh \u0111\u00e0n \u00f4ng<\/div>\n<div>\u2013 L-arginine c\u00f2n gi\u00fap h\u1ed7 tr\u1ee3 t\u0103ng k\u00edch th\u01b0\u1edbc c\u01a1 b\u1eafp, ph\u00e1t tri\u1ec3n c\u01a1 b\u1eafp v\u00e0 s\u1ee9c b\u1ec1n, t\u0103ng c\u01b0\u1eddng h\u1ec7 mi\u1ec5n d\u1ecbch \u1edf nam gi\u1edbi. T\u0103ng s\u1ee9c b\u1ec1n b\u1ec9, d\u1ebbo dai cho ng\u01b0\u1eddi \u0111\u00e0n \u00f4ng trong m\u1ecdi ho\u1ea1t \u0111\u1ed9ng th\u1ec3 ch\u1ea5t<\/div>\n<div>\u2013 L-arginine gi\u00fap l\u01b0u th\u00f4ng kh\u00ed huy\u1ebft, c\u1ea3i thi\u1ec7n ch\u1ee9c n\u0103ng tu\u1ea7n ho\u00e0n, h\u1ec7 tim m\u1ea1ch, t\u0103ng c\u01b0\u1eddng tu\u1ea7n ho\u00e0n m\u00e1u. Gi\u1ea3m nguy c\u01a1 b\u1ecb huy\u1ebft \u00e1p cao.<\/div>\n<div>\u2013 K\u1ebdm zinc th\u01b0\u1eddng \u0111\u01b0\u1ee3c chi\u1ebft xu\u1ea5t t\u1eeb s\u00f2, h\u00e0u, c\u0169ng c\u00f3 c\u00f4ng d\u1ee5ng b\u1ed5 gan th\u1eadn, t\u0103ng c\u01b0\u1eddng ham mu\u1ed1n v\u00e0 t\u0103ng kh\u1ea3 n\u0103ng sinh l\u00fd nam gi\u1edbi.<\/div>\n<div>\u2013 Vitamin v\u00e0 kho\u00e1ng ch\u1ea5t kh\u00e1c r\u1ea5t c\u1ea7n thi\u1ebft cho \u0111\u00e0n \u00f4ng nh\u01b0 vitamin B1, B2, B6, selen .. c\u00f3 c\u00f4ng d\u1ee5ng t\u0103ng c\u01b0\u1eddng s\u1ee9c b\u1ec1n, t\u0103ng s\u1ee9c \u0111\u1ec1 kh\u00e1ng, gi\u1ea3m \u0111\u1ed9 nh\u1ea1y c\u1ea3m tr\u01b0\u1edbc c\u00e1c t\u00e1c \u0111\u1ed9ng b\u00ean ngo\u00e0i. Nh\u1eefng th\u00e0nh ph\u1ea7n n\u00e0y gi\u00fap ph\u00e1i m\u1ea1nh t\u0103ng c\u01b0\u1eddng th\u1ec3 l\u1ef1c, b\u1ed5 l\u00f4ng t\u00f3c m\u00f3ng, gi\u1ea3m nguy c\u01a1 b\u1ec7nh t\u1eadt.<\/div>\n<div>\u2013 L-Citrulline: L\u00e0 m\u1ed9t lo\u1ea1i acid amin c\u00f3 t\u00e1c d\u1ee5ng quan tr\u1ecdng trong vi\u1ec7c \u0111\u00e0o th\u1ea3i c\u00e1c ch\u1ea5t c\u00f3 h\u1ea1i (ure) ra kh\u1ecfi c\u01a1 th\u1ec3. \u0110\u1ed3ng th\u1eddi Citrulline gi\u00fap \u0111\u1ea9y m\u1ea1nh vi\u1ec7c gi\u00e3n n\u1edf m\u1ea1ch m\u00e1u, nh\u1edd \u0111\u00f3 l\u01b0u l\u01b0\u1ee3ng m\u00e1u l\u01b0u th\u00f4ng \u0111\u01b0\u1ee3c t\u0103ng l\u00ean, h\u1ec7 qu\u1ea3 l\u00e0 hi\u1ec7u qu\u1ea3 c\u1ee7a ho\u1ea1t \u0111\u1ed9ng th\u1ec3 ch\u1ea5t t\u0103ng, c\u00e1c c\u01a1 quan c\u01a1 th\u1ec3 kho\u1ebb m\u1ea1nh h\u01a1n, t\u0103ng s\u1ee9c \u0111\u1ec1 kh\u00e1ng, gi\u00fap duy tr\u00ec \u0111\u1ed3ng th\u1eddi t\u0103ng th\u00eam kh\u1ed1i l\u01b0\u1ee3ng c\u01a1 b\u1eafp trong c\u01a1 th\u1ec3.<\/div>\n<div>\u2013 Maca gi\u00fap c\u1ea3i thi\u1ec7n sinh l\u00fd v\u00e0 ham mu\u1ed1n.<\/div>\n<figure id=\"attachment_3569\" class=\"wp-caption aligncenter\" aria-describedby=\"caption-attachment-3569\"><figcaption id=\"caption-attachment-3569\" class=\"wp-caption-text\">Vi\u00ean u\u1ed1ng t\u0103ng c\u01b0\u1eddng sinh l\u00fd nam gi\u1edbi L-Arginine 1000mg v\u00e0 Zinc Orihiro<\/figcaption><\/figure>\n<h2><strong>3. Th\u00e0nh ph\u1ea7n ch\u00ednh c\u1ee7a s\u1ea3n ph\u1ea9m<\/strong><\/h2>\n<div>L-arginine: 1000mg, L-citrulline, vitamin B1, vitamin B2, vitamin B6, K\u1ebdm, Selen, Crom.<\/div>\n<div><strong>H\u00e0m l\u01b0\u1ee3ng dinh d\u01b0\u1ee1ng c\u00f3 trong 1 g\u00f3i (1.5g) m\u1ed7i ng\u00e0y<\/strong><\/div>\n<ul>\n<li>L\u01b0\u1ee3ng calo \u2026\u2026\u2026\u2026\u2026\u2026\u2026\u2026 6,5 kcal<\/li>\n<li>Protein \u2026\u2026\u2026\u2026\u2026\u2026\u2026\u2026\u2026. 1,3g<\/li>\n<li>Lipid \u2026\u2026\u2026\u2026\u2026\u2026\u2026\u2026\u2026\u2026.. 0,04g<\/li>\n<li>Carbohydrate \u2026\u2026\u2026\u2026\u2026\u2026.. 0,24g<\/li>\n<li>Mu\u1ed1i t\u01b0\u01a1ng t\u01b0\u01a1ng \u2026\u2026\u2026\u2026.. 0-0,02g<\/li>\n<\/ul>\n<h2><strong>4. C\u00e1ch s\u1eed d\u1ee5ng s\u1ea3n ph\u1ea9m<\/strong><\/h2>\n<ul>\n<li>U\u1ed1ng 4 vi\u00ean\/ ng\u00e0y, u\u1ed1ng kho\u1ea3ng 30 ph\u00fat sau b\u1eefa \u0103n<\/li>\n<li>N\u00ean chia 2 l\u1ea7n u\u1ed1ng trong ng\u00e0y \u0111\u1ec3 c\u01a1 th\u1ec3 d\u1ec5 h\u1ea5p th\u1ee5.<\/li>\n<\/ul>\n<h2><strong>5. \u0110\u1ed1i t\u01b0\u1ee3ng s\u1eed d\u1ee5ng s\u1ea3n ph\u1ea9m<\/strong><\/h2>\n<ul>\n<li>Nam gi\u1edbi m\u1eafc ch\u1ee9ng r\u1ed1i lo\u1ea1n c\u01b0\u01a1ng d\u01b0\u01a1ng, y\u1ebfu sinh l\u00fd, xu\u1ea5t tinh s\u1edbm.<\/li>\n<li>Nam gi\u1edbi thi\u1ebfu ham mu\u1ed1n trong chuy\u1ec7n ch\u0103n g\u1ed1i do qu\u00e1 m\u1ec7t m\u1ecfi, stress trong c\u00f4ng vi\u1ec7c, cu\u1ed9c s\u1ed1ng.<\/li>\n<li>Nam gi\u1edbi \u0111ang mu\u1ed1n b\u1ed3i b\u1ed5 s\u1ee9c kho\u1ebb, chu\u1ea9n b\u1ecb c\u00f3 con.<\/li>\n<li>Nam gi\u1edbi th\u1ea5y s\u1ee9c b\u1ec1n, s\u1ee9c kho\u1ebb c\u00f3 d\u1ea5u hi\u1ec7u \u0111i xu\u1ed1ng, c\u1ea7n b\u1ed3i b\u1ed5 t\u1ed5ng h\u1ee3p.<\/li>\n<\/ul>\n<figure id=\"attachment_3573\" class=\"wp-caption aligncenter\" aria-describedby=\"caption-attachment-3573\"><figcaption id=\"caption-attachment-3573\" class=\"wp-caption-text\">Vi\u00ean u\u1ed1ng t\u0103ng c\u01b0\u1eddng sinh l\u00fd nam gi\u1edbi L-Arginine 1000mg v\u00e0 Zinc Orihiro<\/figcaption><\/figure>\n<h2><strong>6. C\u00e2u h\u1ecfi th\u01b0\u1eddng g\u1eb7p trong qu\u00e1 tr\u00ecnh s\u1eed d\u1ee5ng s\u1ea3n ph\u1ea9m<\/strong><\/h2>\n<ul>\n<li>S\u1ea3n ph\u1ea9m c\u00f3 d\u00e0nh cho nam kh\u00f4ng?<\/li>\n<\/ul>\n<div>\u0110\u1ed1i t\u01b0\u1ee3ng nam gi\u1edbi c\u1ea7n thi\u1ebft n\u00ean s\u1eed d\u1ee5ng s\u1ea3n ph\u1ea9m.<\/div>\n<ul>\n<li>Vi\u00ean u\u1ed1ng t\u0103ng c\u01b0\u1eddng sinh l\u00fd nam gi\u1edbi L-Arginine 1000mg v\u00e0 Zinc Orihiro c\u00f3 g\u00e2y t\u00e1c d\u1ee5ng ph\u1ee5 kh\u00f4ng?<\/li>\n<\/ul>\n<div>Vi\u00ean u\u1ed1ng t\u0103ng c\u01b0\u1eddng sinh l\u00fd nam gi\u1edbi L-Arginine 1000mg v\u00e0 Zinc Orihiro \u0111\u00e3 \u0111\u01b0\u1ee3c ki\u1ec3m nghi\u1ec7m l\u00e2m s\u00e0ng kh\u1eaft khe tr\u01b0\u1edbc khi \u0111\u01b0a ra th\u1ecb tr\u01b0\u1eddng. \u0110\u1ebfn th\u1eddi \u0111i\u1ec3m hi\u1ec7n t\u1ea1i ch\u01b0a c\u00f3 kh\u00e1ch h\u00e0ng n\u00e0o ph\u1ea3n h\u1ed3i v\u1ec1 v\u1ea5n \u0111\u1ec1 n\u00e0y. V\u00ec v\u1eady, b\u1ea1n ho\u00e0n to\u00e0n y\u00ean t\u00e2m khi s\u1eed d\u1ee5ng s\u1ea3n ph\u1ea9m.<\/div>\n<ul>\n<li>Ng\u01b0\u1eddi tr\u00ean 20 tu\u1ed5i c\u00f3 th\u1ec3 s\u1eed d\u1ee5ng Vi\u00ean u\u1ed1ng t\u0103ng c\u01b0\u1eddng sinh l\u00fd nam gi\u1edbi L-Arginine 1000mg v\u00e0 Zinc Orihiro kh\u00f4ng?<\/li>\n<\/ul>\n<div>Vi\u00ean u\u1ed1ng t\u0103ng c\u01b0\u1eddng sinh l\u00fd nam gi\u1edbi L-Arginine 1000mg v\u00e0 Zinc Orihiro \u0111\u01b0\u1ee3c khuy\u1ebfn c\u00e1o s\u1eed d\u1ee5ng \u0111\u1ed1i v\u1edbi nam gi\u1edbi tr\u00ean 18 tu\u1ed5i. \u0110\u1ec3 duy tr\u00ec sinh l\u00fd v\u00e0 s\u1ee9c kho\u1ebb, n\u1ebfu c\u00f3 \u0111i\u1ec1u ki\u1ec7n, t\u1ed1t nh\u1ea5t b\u1ea1n n\u00ean u\u1ed1ng \u0111\u1ec1u \u0111\u1eb7n h\u00e0ng ng\u00e0y, kh\u00f4ng c\u1ea7n ng\u1eaft ngh\u1ec9 theo chu k\u1ef3.<\/div>\n<ul>\n<li>N\u00ean s\u1eed d\u1ee5ng vi\u00ean u\u1ed1ng t\u0103ng c\u01b0\u1eddng sinh l\u00fd nam gi\u1edbi L-Arginine 1000mg v\u00e0 Zinc Orihiro nh\u01b0 th\u1ebf n\u00e0o?<\/li>\n<\/ul>\n<div>U\u1ed1ng 4 vi\u00ean\/ ng\u00e0y v\u1edbi 1 ly n\u01b0\u1edbc, u\u1ed1ng kho\u1ea3ng 30 ph\u00fat sau b\u1eefa \u0103n. N\u00ean chia 2 l\u1ea7n u\u1ed1ng trong ng\u00e0y \u0111\u1ec3 c\u01a1 th\u1ec3 d\u1ec5 h\u1ea5p th\u1ee5<\/div>\n","protected":false},"excerpt":{"rendered":"<ul>\n<li>H\u1ed7 tr\u1ee3 c\u1ea3i thi\u1ec7n v\u00e0 ch\u1eefa tr\u1ecb c\u00e1c t\u00ecnh tr\u1ea1ng r\u1ed1i lo\u1ea1n c\u01b0\u01a1ng d\u01b0\u01a1ng.<\/li>\n<li>T\u0103ng c\u01b0\u1eddng ham mu\u1ed1n v\u00e0 t\u0103ng kh\u1ea3 n\u0103ng sinh l\u00fd nam gi\u1edbi.<\/li>\n<li>T\u0103ng c\u01b0\u1eddng ch\u1ea5t l\u01b0\u1ee3ng tinh tr\u00f9ng, t\u0103ng kh\u1ea3 n\u0103ng th\u1ee5 thai, t\u0103ng c\u01b0\u1eddng ch\u1ea5t l\u01b0\u1ee3ng v\u00e0 s\u1ee9c kho\u1ebb c\u1ee7a b\u00e0o thai<\/li>\n<li>T\u0103ng c\u01b0\u1eddng ch\u1ee9c n\u0103ng c\u01b0\u01a1ng d\u01b0\u01a1ng do c\u01a1 ch\u1ebf t\u00e1c \u0111\u1ed9ng k\u00edch th\u00edch hormone, gi\u00fap t\u0103ng s\u1ef1 ham mu\u1ed1n, h\u01b0ng ph\u1ea5n v\u00e0 gi\u00fap k\u00e9o d\u00e0i h\u01a1n<\/li>\n<\/ul>\n","protected":false},"featured_media":196,"comment_status":"closed","ping_status":"closed","template":"","meta":[],"product_cat":[22],"product_tag":[],"class_list":["post-195","product","type-product","status-publish","has-post-thumbnail","hentry","product_cat-sinh-ly-nam-nu"],"yoast_head":"<!-- This site is optimized with the Yoast SEO plugin v18.9 - https:\/\/yoast.com\/wordpress\/plugins\/seo\/ -->\n<title>Vi\u00ean u\u1ed1ng t\u0103ng c\u01b0\u1eddng sinh l\u00fd nam gi\u1edbi L-Arginine 1000mg v\u00e0 Zinc Orihiro - Nh\u1eadt T\u00edn Health<\/title>\n<meta name=\"robots\" content=\"noindex, follow, max-snippet:-1, max-image-preview:large, max-video-preview:-1\" \/>\n<meta property=\"og:locale\" content=\"vi_VN\" \/>\n<meta property=\"og:type\" content=\"article\" \/>\n<meta property=\"og:title\" content=\"Vi\u00ean u\u1ed1ng t\u0103ng c\u01b0\u1eddng sinh l\u00fd nam gi\u1edbi L-Arginine 1000mg v\u00e0 Zinc Orihiro - Nh\u1eadt T\u00edn Health\" \/>\n<meta property=\"og:description\" content=\"H\u1ed7 tr\u1ee3 c\u1ea3i thi\u1ec7n v\u00e0 ch\u1eefa tr\u1ecb c\u00e1c t\u00ecnh tr\u1ea1ng r\u1ed1i lo\u1ea1n c\u01b0\u01a1ng d\u01b0\u01a1ng.  T\u0103ng c\u01b0\u1eddng ham mu\u1ed1n v\u00e0 t\u0103ng kh\u1ea3 n\u0103ng sinh l\u00fd nam gi\u1edbi.  T\u0103ng c\u01b0\u1eddng ch\u1ea5t l\u01b0\u1ee3ng tinh tr\u00f9ng, t\u0103ng kh\u1ea3 n\u0103ng th\u1ee5 thai, t\u0103ng c\u01b0\u1eddng ch\u1ea5t l\u01b0\u1ee3ng v\u00e0 s\u1ee9c kho\u1ebb c\u1ee7a b\u00e0o thai  T\u0103ng c\u01b0\u1eddng ch\u1ee9c n\u0103ng c\u01b0\u01a1ng d\u01b0\u01a1ng do c\u01a1 ch\u1ebf t\u00e1c \u0111\u1ed9ng k\u00edch th\u00edch hormone, gi\u00fap t\u0103ng s\u1ef1 ham mu\u1ed1n, h\u01b0ng ph\u1ea5n v\u00e0 gi\u00fap k\u00e9o d\u00e0i h\u01a1n\" \/>\n<meta property=\"og:url\" content=\"http:\/\/mau.hoabinhweb.com\/duocpham1\/san-pham\/vien-uong-tang-cuong-sinh-ly-nam-gioi-l-arginine-1000mg-va-zinc-orihiro\/\" \/>\n<meta property=\"og:site_name\" content=\"Nh\u1eadt T\u00edn Health\" \/>\n<meta property=\"og:image\" content=\"http:\/\/mau.hoabinhweb.com\/duocpham1\/wp-content\/uploads\/2022\/05\/1112.jpg\" \/>\n\t<meta property=\"og:image:width\" content=\"500\" \/>\n\t<meta property=\"og:image:height\" content=\"500\" \/>\n\t<meta property=\"og:image:type\" content=\"image\/jpeg\" \/>\n<meta name=\"twitter:card\" content=\"summary_large_image\" \/>\n<meta name=\"twitter:label1\" content=\"\u01af\u1edbc t\u00ednh th\u1eddi gian \u0111\u1ecdc\" \/>\n\t<meta name=\"twitter:data1\" content=\"5 ph\u00fat\" \/>\n<script type=\"application\/ld+json\" class=\"yoast-schema-graph\">{\"@context\":\"https:\/\/schema.org\",\"@graph\":[{\"@type\":\"WebSite\",\"@id\":\"http:\/\/mau.hoabinhweb.com\/duocpham1\/#website\",\"url\":\"http:\/\/mau.hoabinhweb.com\/duocpham1\/\",\"name\":\"Nh\u1eadt T\u00edn Health\",\"description\":\"\",\"potentialAction\":[{\"@type\":\"SearchAction\",\"target\":{\"@type\":\"EntryPoint\",\"urlTemplate\":\"http:\/\/mau.hoabinhweb.com\/duocpham1\/?s={search_term_string}\"},\"query-input\":\"required name=search_term_string\"}],\"inLanguage\":\"vi\"},{\"@type\":\"ImageObject\",\"inLanguage\":\"vi\",\"@id\":\"http:\/\/mau.hoabinhweb.com\/duocpham1\/san-pham\/vien-uong-tang-cuong-sinh-ly-nam-gioi-l-arginine-1000mg-va-zinc-orihiro\/#primaryimage\",\"url\":\"http:\/\/mau.hoabinhweb.com\/duocpham1\/wp-content\/uploads\/2022\/05\/1112.jpg\",\"contentUrl\":\"http:\/\/mau.hoabinhweb.com\/duocpham1\/wp-content\/uploads\/2022\/05\/1112.jpg\",\"width\":500,\"height\":500,\"caption\":\"1112\"},{\"@type\":\"WebPage\",\"@id\":\"http:\/\/mau.hoabinhweb.com\/duocpham1\/san-pham\/vien-uong-tang-cuong-sinh-ly-nam-gioi-l-arginine-1000mg-va-zinc-orihiro\/#webpage\",\"url\":\"http:\/\/mau.hoabinhweb.com\/duocpham1\/san-pham\/vien-uong-tang-cuong-sinh-ly-nam-gioi-l-arginine-1000mg-va-zinc-orihiro\/\",\"name\":\"Vi\u00ean u\u1ed1ng t\u0103ng c\u01b0\u1eddng sinh l\u00fd nam gi\u1edbi L-Arginine 1000mg v\u00e0 Zinc Orihiro - Nh\u1eadt T\u00edn Health\",\"isPartOf\":{\"@id\":\"http:\/\/mau.hoabinhweb.com\/duocpham1\/#website\"},\"primaryImageOfPage\":{\"@id\":\"http:\/\/mau.hoabinhweb.com\/duocpham1\/san-pham\/vien-uong-tang-cuong-sinh-ly-nam-gioi-l-arginine-1000mg-va-zinc-orihiro\/#primaryimage\"},\"datePublished\":\"2022-05-28T15:23:54+00:00\",\"dateModified\":\"2022-05-28T15:23:54+00:00\",\"breadcrumb\":{\"@id\":\"http:\/\/mau.hoabinhweb.com\/duocpham1\/san-pham\/vien-uong-tang-cuong-sinh-ly-nam-gioi-l-arginine-1000mg-va-zinc-orihiro\/#breadcrumb\"},\"inLanguage\":\"vi\",\"potentialAction\":[{\"@type\":\"ReadAction\",\"target\":[\"http:\/\/mau.hoabinhweb.com\/duocpham1\/san-pham\/vien-uong-tang-cuong-sinh-ly-nam-gioi-l-arginine-1000mg-va-zinc-orihiro\/\"]}]},{\"@type\":\"BreadcrumbList\",\"@id\":\"http:\/\/mau.hoabinhweb.com\/duocpham1\/san-pham\/vien-uong-tang-cuong-sinh-ly-nam-gioi-l-arginine-1000mg-va-zinc-orihiro\/#breadcrumb\",\"itemListElement\":[{\"@type\":\"ListItem\",\"position\":1,\"name\":\"Trang ch\u1ee7\",\"item\":\"http:\/\/mau.hoabinhweb.com\/duocpham1\/\"},{\"@type\":\"ListItem\",\"position\":2,\"name\":\"S\u1ea3n ph\u1ea9m\",\"item\":\"http:\/\/mau.hoabinhweb.com\/duocpham1\/san-pham\/\"},{\"@type\":\"ListItem\",\"position\":3,\"name\":\"Sinh L\u00fd Nam, N\u1eef\",\"item\":\"http:\/\/mau.hoabinhweb.com\/duocpham1\/danh-muc\/sinh-ly-nam-nu\/\"},{\"@type\":\"ListItem\",\"position\":4,\"name\":\"Vi\u00ean u\u1ed1ng t\u0103ng c\u01b0\u1eddng sinh l\u00fd nam gi\u1edbi L-Arginine 1000mg v\u00e0 Zinc Orihiro\"}]}]}<\/script>\n<!-- \/ Yoast SEO plugin. -->","yoast_head_json":{"title":"Vi\u00ean u\u1ed1ng t\u0103ng c\u01b0\u1eddng sinh l\u00fd nam gi\u1edbi L-Arginine 1000mg v\u00e0 Zinc Orihiro - Nh\u1eadt T\u00edn Health","robots":{"index":"noindex","follow":"follow","max-snippet":"max-snippet:-1","max-image-preview":"max-image-preview:large","max-video-preview":"max-video-preview:-1"},"og_locale":"vi_VN","og_type":"article","og_title":"Vi\u00ean u\u1ed1ng t\u0103ng c\u01b0\u1eddng sinh l\u00fd nam gi\u1edbi L-Arginine 1000mg v\u00e0 Zinc Orihiro - Nh\u1eadt T\u00edn Health","og_description":"H\u1ed7 tr\u1ee3 c\u1ea3i thi\u1ec7n v\u00e0 ch\u1eefa tr\u1ecb c\u00e1c t\u00ecnh tr\u1ea1ng r\u1ed1i lo\u1ea1n c\u01b0\u01a1ng d\u01b0\u01a1ng.  T\u0103ng c\u01b0\u1eddng ham mu\u1ed1n v\u00e0 t\u0103ng kh\u1ea3 n\u0103ng sinh l\u00fd nam gi\u1edbi.  T\u0103ng c\u01b0\u1eddng ch\u1ea5t l\u01b0\u1ee3ng tinh tr\u00f9ng, t\u0103ng kh\u1ea3 n\u0103ng th\u1ee5 thai, t\u0103ng c\u01b0\u1eddng ch\u1ea5t l\u01b0\u1ee3ng v\u00e0 s\u1ee9c kho\u1ebb c\u1ee7a b\u00e0o thai  T\u0103ng c\u01b0\u1eddng ch\u1ee9c n\u0103ng c\u01b0\u01a1ng d\u01b0\u01a1ng do c\u01a1 ch\u1ebf t\u00e1c \u0111\u1ed9ng k\u00edch th\u00edch hormone, gi\u00fap t\u0103ng s\u1ef1 ham mu\u1ed1n, h\u01b0ng ph\u1ea5n v\u00e0 gi\u00fap k\u00e9o d\u00e0i h\u01a1n","og_url":"http:\/\/mau.hoabinhweb.com\/duocpham1\/san-pham\/vien-uong-tang-cuong-sinh-ly-nam-gioi-l-arginine-1000mg-va-zinc-orihiro\/","og_site_name":"Nh\u1eadt T\u00edn Health","og_image":[{"width":500,"height":500,"url":"http:\/\/mau.hoabinhweb.com\/duocpham1\/wp-content\/uploads\/2022\/05\/1112.jpg","type":"image\/jpeg"}],"twitter_card":"summary_large_image","twitter_misc":{"\u01af\u1edbc t\u00ednh th\u1eddi gian \u0111\u1ecdc":"5 ph\u00fat"},"schema":{"@context":"https:\/\/schema.org","@graph":[{"@type":"WebSite","@id":"http:\/\/mau.hoabinhweb.com\/duocpham1\/#website","url":"http:\/\/mau.hoabinhweb.com\/duocpham1\/","name":"Nh\u1eadt T\u00edn Health","description":"","potentialAction":[{"@type":"SearchAction","target":{"@type":"EntryPoint","urlTemplate":"http:\/\/mau.hoabinhweb.com\/duocpham1\/?s={search_term_string}"},"query-input":"required name=search_term_string"}],"inLanguage":"vi"},{"@type":"ImageObject","inLanguage":"vi","@id":"http:\/\/mau.hoabinhweb.com\/duocpham1\/san-pham\/vien-uong-tang-cuong-sinh-ly-nam-gioi-l-arginine-1000mg-va-zinc-orihiro\/#primaryimage","url":"http:\/\/mau.hoabinhweb.com\/duocpham1\/wp-content\/uploads\/2022\/05\/1112.jpg","contentUrl":"http:\/\/mau.hoabinhweb.com\/duocpham1\/wp-content\/uploads\/2022\/05\/1112.jpg","width":500,"height":500,"caption":"1112"},{"@type":"WebPage","@id":"http:\/\/mau.hoabinhweb.com\/duocpham1\/san-pham\/vien-uong-tang-cuong-sinh-ly-nam-gioi-l-arginine-1000mg-va-zinc-orihiro\/#webpage","url":"http:\/\/mau.hoabinhweb.com\/duocpham1\/san-pham\/vien-uong-tang-cuong-sinh-ly-nam-gioi-l-arginine-1000mg-va-zinc-orihiro\/","name":"Vi\u00ean u\u1ed1ng t\u0103ng c\u01b0\u1eddng sinh l\u00fd nam gi\u1edbi L-Arginine 1000mg v\u00e0 Zinc Orihiro - Nh\u1eadt T\u00edn Health","isPartOf":{"@id":"http:\/\/mau.hoabinhweb.com\/duocpham1\/#website"},"primaryImageOfPage":{"@id":"http:\/\/mau.hoabinhweb.com\/duocpham1\/san-pham\/vien-uong-tang-cuong-sinh-ly-nam-gioi-l-arginine-1000mg-va-zinc-orihiro\/#primaryimage"},"datePublished":"2022-05-28T15:23:54+00:00","dateModified":"2022-05-28T15:23:54+00:00","breadcrumb":{"@id":"http:\/\/mau.hoabinhweb.com\/duocpham1\/san-pham\/vien-uong-tang-cuong-sinh-ly-nam-gioi-l-arginine-1000mg-va-zinc-orihiro\/#breadcrumb"},"inLanguage":"vi","potentialAction":[{"@type":"ReadAction","target":["http:\/\/mau.hoabinhweb.com\/duocpham1\/san-pham\/vien-uong-tang-cuong-sinh-ly-nam-gioi-l-arginine-1000mg-va-zinc-orihiro\/"]}]},{"@type":"BreadcrumbList","@id":"http:\/\/mau.hoabinhweb.com\/duocpham1\/san-pham\/vien-uong-tang-cuong-sinh-ly-nam-gioi-l-arginine-1000mg-va-zinc-orihiro\/#breadcrumb","itemListElement":[{"@type":"ListItem","position":1,"name":"Trang ch\u1ee7","item":"http:\/\/mau.hoabinhweb.com\/duocpham1\/"},{"@type":"ListItem","position":2,"name":"S\u1ea3n ph\u1ea9m","item":"http:\/\/mau.hoabinhweb.com\/duocpham1\/san-pham\/"},{"@type":"ListItem","position":3,"name":"Sinh L\u00fd Nam, N\u1eef","item":"http:\/\/mau.hoabinhweb.com\/duocpham1\/danh-muc\/sinh-ly-nam-nu\/"},{"@type":"ListItem","position":4,"name":"Vi\u00ean u\u1ed1ng t\u0103ng c\u01b0\u1eddng sinh l\u00fd nam gi\u1edbi L-Arginine 1000mg v\u00e0 Zinc Orihiro"}]}]}},"_links":{"self":[{"href":"http:\/\/mau.hoabinhweb.com\/duocpham1\/wp-json\/wp\/v2\/product\/195","targetHints":{"allow":["GET"]}}],"collection":[{"href":"http:\/\/mau.hoabinhweb.com\/duocpham1\/wp-json\/wp\/v2\/product"}],"about":[{"href":"http:\/\/mau.hoabinhweb.com\/duocpham1\/wp-json\/wp\/v2\/types\/product"}],"replies":[{"embeddable":true,"href":"http:\/\/mau.hoabinhweb.com\/duocpham1\/wp-json\/wp\/v2\/comments?post=195"}],"wp:featuredmedia":[{"embeddable":true,"href":"http:\/\/mau.hoabinhweb.com\/duocpham1\/wp-json\/wp\/v2\/media\/196"}],"wp:attachment":[{"href":"http:\/\/mau.hoabinhweb.com\/duocpham1\/wp-json\/wp\/v2\/media?parent=195"}],"wp:term":[{"taxonomy":"product_cat","embeddable":true,"href":"http:\/\/mau.hoabinhweb.com\/duocpham1\/wp-json\/wp\/v2\/product_cat?post=195"},{"taxonomy":"product_tag","embeddable":true,"href":"http:\/\/mau.hoabinhweb.com\/duocpham1\/wp-json\/wp\/v2\/product_tag?post=195"}],"curies":[{"name":"wp","href":"https:\/\/api.w.org\/{rel}","templated":true}]}}