{"id":211,"date":"2022-10-31T07:07:56","date_gmt":"2022-10-31T00:07:56","guid":{"rendered":"https:\/\/mau.hoabinhweb.com\/dulich1\/?post_type=product&#038;p=211"},"modified":"2022-10-31T07:15:38","modified_gmt":"2022-10-31T00:15:38","slug":"tour-du-lich-sapa-3-ngay-3-dem","status":"publish","type":"product","link":"http:\/\/mau.hoabinhweb.com\/dulich1\/tours\/tour-du-lich-sapa-3-ngay-3-dem\/","title":{"rendered":"Tour du l\u1ecbch Sapa 3 ng\u00e0y 3 \u0111\u00eam"},"content":{"rendered":"<h2>Tour du l\u1ecbch Sapa 3 ng\u00e0y 3 \u0111\u00eam \u2013 Sapa \u2013 C\u00e1t C\u00e1t \u2013 H\u00e0m R\u1ed3ng \u2013 Lao Ch\u1ea3i \u2013 T\u1ea3 Van<\/h2>\n<p><strong>\u00a0 \u00a0 (3 Ng\u00e0y 3 \u0110\u00eam \u2013 Tour Gh\u00e9p \u2013 \u0110i Bus V\u1ec1 Bus)<\/strong><\/p>\n<p><em>\u0110\u1ebfn\u00a0<strong>Tour\u00a0Sapa\u00a03 ng\u00e0y 2 \u0111\u00eam<\/strong>\u00a0 Qu\u00fd kh\u00e1ch s\u1ebd \u0111\u01b0\u1ee3c t\u1eadn h\u01b0\u1edfng kh\u00f4ng kh\u00ed m\u00e1t m\u1ebb c\u1ee7a Sapa v\u1edbi nhi\u1ec7t \u0111\u1ed9 v\u00e0o m\u00f9a h\u00e8 trung b\u00ecnh ch\u1ec9 kho\u1ea3ng t\u1eeb 18 \u2013 22 \u0111\u1ed9 C. V\u1edbi l\u1ecbch tr\u00ecnh tour n\u00e0y s\u1ebd gi\u00fap Qu\u00fd kh\u00e1ch kh\u00f4ng c\u00f3 nhi\u1ec1u th\u1eddi gian c\u0169ng c\u00f3 th\u1ec3 kh\u00e1m ph\u00e1 \u0111\u01b0\u1ee3c c\u00e1c b\u1ea3n s\u1eafc v\u0103n h\u00f3a d\u00e2n t\u1ed9c v\u00f9ng cao. C\u0169ng nh\u01b0 t\u00ecm hi\u1ec3u cu\u1ed9c s\u1ed1ng c\u1ee7a ng\u01b0\u1eddi d\u00e2n t\u1ed9c M\u00f4ng, Dzao, vv.v. B\u00ean c\u1ea1nh \u0111\u00f3 Qu\u00fd kh\u00e1ch c\u00f3 c\u01a1 h\u1ed9i th\u01b0\u1edfng l\u00e3m c\u00e1c phong c\u1ea3nh \u0111\u1eb9p \u1edf Sapa nh\u01b0:<\/em><\/p>\n<p><em>-Khu du l\u1ecbch sinh th\u00e1i H\u00e0m R\u1ed3ng<\/em><\/p>\n<p><em>-B\u1ea3n du l\u1ecbch v\u0103n h\u00f3a C\u00e1t C\u00e1t (ng\u01b0\u1eddi M\u00f4ng sinh s\u1ed1ng)<\/em><\/p>\n<p><em>-B\u1ea3n d\u00e2n t\u1ed9c M\u00f4ng \u2013 b\u1ea3n T\u1ea3 Van \u2013 b\u1ea3n Lao Ch\u1ea3i.<\/em><\/p>\n<h3>L\u1ecbch tr\u00ecnh\u00a0tour du l\u1ecbch Sapa\u00a03 ng\u00e0y 3 \u0111\u00eam \u2013 Sapa \u2013 C\u00e1t C\u00e1t \u2013 H\u00e0m R\u1ed3ng \u2013 Lao Ch\u1ea3i \u2013 T\u1ea3 Van ( Xe bus)<\/h3>\n<p><strong>\u0110\u00eam ng\u00e0y 01<\/strong><b>:<\/b>\u00a0Qu\u00fd kh\u00e1ch t\u1eadp trung t\u1ea1i \u0111i\u1ec3m h\u1eb9n \u2013 H\u00e0 N\u1ed9i, l\u00ean xe Bus gi\u01b0\u1eddng n\u1eb1m du l\u1ecbch kh\u1edfi h\u00e0nh \u0111i Sapa<\/p>\n<h2><b>Sapa th\u1ecb tr\u1ea5n trong s\u01b0\u01a1ng \u2013 N\u00fai H\u00e0m R\u1ed3ng<\/b>\u00a0<b>(\u0103n tr\u01b0a, t\u1ed1i)<\/b><\/h2>\n<p><strong>4h00<\/strong>: \u0111o\u00e0n t\u1edbi th\u1ecb tr\u1ea5n Sapa, ng\u1ee7 l\u1ea1i tr\u00ean xe t\u1edbi s\u00e1ng<\/p>\n<p>6h00: r\u1eddi xe bus, h\u01b0\u1edbng d\u1eabn vi\u00ean \u0111\u00f3n qu\u00fd kh\u00e1ch v\u1ec1 kh\u00e1ch s\u1ea1n, \u0111o\u00e0n v\u1ec7 sinh, g\u1eedi l\u1ea1i h\u00e0nh l\u00fd, \u0103n s\u00e1ng t\u1ea1i kh\u00e1ch s\u1ea1n.\u00a0<i>(<strong>N\u1ebfu \u0111i b\u1eb1ng Bus<\/strong>)<\/i><\/p>\n<p><strong>06.00<\/strong>: Xe \u00f4 t\u00f4 bus Sapa v\u00e0 h\u01b0\u1edbng d\u1eabn vi\u00ean \u0111\u00f3n qu\u00fd kh\u00e1ch t\u1ea1i ga L\u00e0o Cai kh\u1edfi h\u00e0nh \u0111i Sapa. Tr\u00ean \u0111\u01b0\u1eddng \u0111i, Qu\u00fd kh\u00e1ch s\u1ebd \u0111\u01b0\u1ee3c chi\u00eam ng\u01b0\u1ee1ng v\u1ebb \u0111\u1eb9p c\u1ee7a n\u00fai r\u1eebng T\u00e2y B\u1eafc v\u1edbi nh\u1eefng th\u1eeda ru\u1ed9ng b\u1eadc thang l\u1ea5p l\u00e1nh trong \u00e1nh n\u1eafng ban mai hay m\u1ecbt m\u1edd trong s\u01b0\u01a1ng ph\u1ee7.<\/p>\n<p><strong>07.00<\/strong>: Qu\u00fd Kh\u00e1ch c\u00f3 m\u1eb7t t\u1ea1i Sapa. T\u1edbi kh\u00e1ch s\u1ea1n, \u0111o\u00e0n v\u1ec7 sinh, g\u1eedi l\u1ea1i h\u00e0nh l\u00fd, \u0103n s\u00e1ng t\u1ea1i kh\u00e1ch s\u1ea1n.<\/p>\n<p><strong>08.00<\/strong>: H\u01b0\u1edbng d\u1eabn vi\u00ean s\u1ebd \u0111\u01b0a qu\u00fd kh\u00e1ch leo n\u00fai, kh\u00e1m ph\u00e1 khu du l\u1ecbch n\u00fai H\u00e0m R\u1ed3ng v\u1edbi khung c\u1ea3nh hoang s\u01a1, k\u1ef3 v\u0129; th\u0103m v\u01b0\u1eddn lan \u0110\u00f4ng D\u01b0\u01a1ng v\u1edbi \u0111\u1ee7 lo\u1ea1i, mu\u00f4n s\u1eafc m\u00e0u; \u0111\u1ea7u R\u1ed3ng Th\u1ea1ch L\u00e2m k\u00ec v\u0129, v\u01b0\u1ee3t qua C\u1ed5ng tr\u1eddi 1, C\u1ed5ng tr\u1eddi 2, du kh\u00e1ch s\u1ebd \u0111\u01b0\u1ee3c \u0111\u1eb7t ch\u00e2n \u0111\u1ebfn n\u01a1i cao nh\u1ea5t c\u1ee7a H\u00e0m R\u1ed3ng \u0111\u00f3 l\u00e0 s\u00e2n M\u00e2y \u2013 n\u01a1i giao thoa c\u1ee7a \u0111\u1ea5t tr\u1eddi, ng\u1eafm to\u00e0n c\u1ea3nh Sapa t\u1eeb tr\u00ean cao.<\/p>\n<p><img loading=\"lazy\" decoding=\"async\" class=\"http:\/\/thesinhcafetouronline.com\/danh-muc\/du-lich-mien-bac\/tour-du-lich-sapa\/ aligncenter\" title=\"Du L\u1ecbch Sapa\" src=\"https:\/\/sapavietnam.vn\/wp-content\/uploads\/2020\/09\/nui-ham-rong-co-gi-du-khach-da-biet-chua-h1.jpg\" alt=\"Du L\u1ecbch Sapa\" width=\"531\" height=\"377\" \/><\/p>\n<p><strong>11.30<\/strong>: Qu\u00fd kh\u00e1ch \u0103n tr\u01b0a t\u1ea1i kh\u00e1ch s\u1ea1n, th\u01b0\u1edfng th\u1ee9c nh\u1eefng m\u00f3n \u0103n ngon \u0111\u1eb7c s\u1ea3n c\u1ee7a mi\u1ec1n n\u00fai ph\u00eda b\u1eafc.<\/p>\n<p><strong>12.30<\/strong>: nh\u1eadn ph\u00f2ng ngh\u1ec9 ng\u01a1i t\u1ea1i kh\u00e1ch s\u1ea1n.<\/p>\n<p><strong>Chi\u1ec1u<\/strong>:\u00a0<strong>Qu\u00fd kh\u00e1ch t\u1ef1 do th\u0103m quan Sapa<\/strong>\u00a0theo ch\u01b0\u01a1ng tr\u00ecnh m\u1edf, \u0111i l\u1ea1i t\u1ef1 t\u00fac. M\u1ed9t s\u1ed1 g\u1ee3i \u00fd d\u00e0nh cho qu\u00fd kh\u00e1ch, \u0111\u1ea1p xe \u0111\u1ea1p ho\u1eb7c thu\u00ea xe m\u00e1y \u0111i th\u0103m quan th\u1ecb tr\u1ea5n Sapa:<\/p>\n<p>H\u1ed3 Sapa (n\u1ebfu \u0111i v\u00e0o m\u00f9a Xu\u00e2n qu\u00fd kh\u00e1ch \u0111\u01b0\u1ee3c chi\u00eam ng\u01b0\u1ee1ng nh\u1eefng b\u00f4ng \u0110\u00e0o Phai n\u1edf r\u1ea5t \u0111\u1eb9p b\u00ean H\u1ed3) Ch\u1ee3 Sapa, n\u01a1i c\u00f3 nhi\u1ec1u \u0111\u1ed3 l\u01b0u ni\u1ec7m gi\u00e1 r\u1ebb, c\u0169ng nh\u01b0 c\u00e1c s\u1ea3n v\u1eadt \u0111\u1ecba ph\u01b0\u01a1ng \u0111\u01b0\u1ee3c b\u1ea7y b\u00e1n Nh\u00e0 th\u1edd Sapa<\/p>\n<p>Th\u00e1c B\u1ea1c v\u00e0 \u0111\u1ec9nh \u0111\u00e8o \u00d4 Qui H\u1ed3, d\u1ec5 d\u00e0ng \u0111i b\u1eb1ng xe m\u00e1y. N\u1ebfu qu\u00fd kh\u00e1ch \u0111i theo nh\u00f3m, c\u00f3 th\u1ec3 \u0111\u1eb7t th\u00eam d\u1ecbch v\u1ee5 xe \u00f4 t\u00f4 ri\u00eang, Du l\u1ecbch C\u00e1nh Di\u1ec1u c\u00f3 th\u1ec3 h\u1ed7 tr\u1ee3 v\u1edbi chi ph\u00ed t\u1ed1t nh\u1ea5t.<\/p>\n<p><strong>18.30<\/strong>: Qu\u00fd kh\u00e1ch d\u00f9ng b\u1eefa t\u1ed1i t\u1ea1i nh\u00e0 h\u00e0ng, sau \u0111\u00f3 qu\u00fd kh\u00e1ch t\u1ef1 do kh\u00e1m ph\u00e1 d\u1ea1o ch\u01a1i kh\u00e1m ph\u00e1 v\u1ebb quy\u1ebfn r\u0169 c\u1ee7a Sapa trong \u0111\u00eam, th\u01b0\u1edfng th\u1ee9c ng\u00f4 n\u01b0\u1edbng, tr\u1ee9ng n\u01b0\u1edbng trong s\u01b0\u01a1ng gi\u00f3 n\u00fai r\u1eebng b\u00ean b\u1ebfp than h\u1ed3ng. T\u1ef1 do mua s\u1eafm \u0111\u1ed3 l\u01b0u ni\u1ec7m.<\/p>\n<p>\u0110\u1eb7c bi\u1ec7t v\u00e0o t\u1ed1i th\u1ee9 b\u1ea3y Qu\u00fd kh\u00e1ch c\u00f3 th\u1ec3 tham d\u1ef1 phi\u00ean Ch\u1ee3 T\u00ecnh Sapa \u2013 m\u1ed9t n\u00e9t v\u0103n h\u00f3a truy\u1ec1n th\u1ed1ng c\u1ee7a \u0111\u1ed3ng b\u00e0o c\u00e1c d\u00e2n t\u1ed9c M\u00f4ng, Dao \u1edf v\u00f9ng cao L\u00e0o Cai n\u00f3i ri\u00eang v\u00e0 v\u00f9ng T\u00e2y B\u1eafc n\u01b0\u1edbc ta n\u00f3i chung t\u1eeb xa x\u01b0a.<\/p>\n<div class=\"title-day\">\n<h2><b>NG\u00c0Y 02:Sapa \u2013 B\u1ea3n C\u00e1t C\u00e1t \u2013 Kh\u00e1m ph\u00e1 Sapa\u00a0<\/b><b>(\u0103n s\u00e1ng, tr\u01b0a, t\u1ed1i)<\/b><\/h2>\n<\/div>\n<p>Du kh\u00e1ch vui ch\u01a1i v\u00e0 ch\u1ee5p h\u00ecnh l\u01b0u ni\u1ec7m sau \u0111\u00f3 quay tr\u1edf v\u1ec1 kh\u00e1ch s\u1ea1n.<strong>07.00<\/strong>: Qu\u00fd kh\u00e1ch \u0103n s\u00e1ng t\u1ea1i kh\u00e1ch s\u1ea1n. Sau b\u1eefa s\u00e1ng, qu\u00fd kh\u00e1ch \u0111i b\u1ed9 b\u1eaft \u0111\u1ea7u h\u00e0nh tr\u00ecnh kh\u00e1m ph\u00e1 b\u1ea3n l\u00e0ng C\u00e1t C\u00e1t \u2013 Shin Ch\u1ea3i c\u1ee7a ng\u01b0\u1eddi H\u2019M\u00f4ng \u2013 do ng\u01b0\u1eddi Ph\u00e1p ph\u00e1t hi\u1ec7n v\u00e0 ch\u1ecdn n\u01a1i \u0111\u00e2y l\u00e0m khu ngh\u1ec9 d\u01b0\u1ee1ng cho c\u00e1c quan ch\u1ee9c t\u1eeb \u0111\u1ea7u th\u1ebf k\u1ef7 XX. \u0110\u1ebfn v\u1edbi b\u1ea3n C\u00e1t C\u00e1t, du kh\u00e1ch s\u1ebd \u0111\u01b0\u1ee3c th\u0103m b\u1ea3n l\u00e0ng C\u00e1t C\u00e1t, tr\u1ea1m th\u1ee7y \u0111i\u1ec7n C\u00e1t C\u00e1t, th\u00e1c n\u01b0\u1edbc C\u00e1t C\u00e1t, t\u00ecm hi\u1ec3u v\u0103n h\u00f3a, phong t\u1ee5c \u0111\u1ed9c \u0111\u00e1o c\u1ee7a ng\u01b0\u1eddi d\u00e2n n\u01a1i \u0111\u00e2y v\u1edbi ngh\u1ec1 truy\u1ec1n th\u1ed1ng nh\u01b0 d\u1ec7t v\u1ea3i, ch\u1ea1m tr\u1ed5 b\u1ea1c, r\u00e8n n\u00f4ng c\u1ee5, t\u1ee5c k\u00e9o v\u1ee3,\u2026<\/p>\n<p><img loading=\"lazy\" decoding=\"async\" class=\"http:\/\/thesinhcafetouronline.com\/danh-muc\/du-lich-mien-bac\/tour-du-lich-sapa\/ aligncenter\" title=\"Du L\u1ecbch Sapa\" src=\"https:\/\/sapaexpress.com\/TWFiles\/du-lich\/sapa-tours\/cat-cat-village-5.jpg\" alt=\"Du L\u1ecbch Sapa\" width=\"531\" height=\"324\" \/><\/p>\n<p><strong>12.00<\/strong>: Qu\u00fd kh\u00e1ch \u0103n tr\u01b0a t\u1ea1i nh\u00e0 s\u00e0n d\u00e2n t\u1ed9c \u1edf b\u1ea3n. Th\u01b0\u1edfng th\u1ee9c c\u00e1c m\u00f3n \u0103n d\u00e2n t\u1ed9c \u0111\u1eadm ch\u1ea5t mi\u1ec1n n\u00fai Sapa.<\/p>\n<p>Bu\u1ed5i chi\u1ec1u Qu\u00fd kh\u00e1ch ngh\u1ec9 ng\u01a1i t\u1ef1 do kh\u00e1m ph\u00e1 th\u1ecb tr\u1ea5n Sapa, ch\u1ee5p \u1ea3nh, mua s\u1eafm qu\u00e0 l\u01b0u ni\u1ec7m ho\u1eb7c th\u0103m th\u00e1c T\u00ecnh Y\u00eau, Th\u00e1c B\u1ea1c, v\u00e0 \u0111\u1ec9nh \u0111\u00e8o \u00d4 Qui H\u1ed3<\/p>\n<p><strong>19.00<\/strong>: Qu\u00fd kh\u00e1ch \u0103n t\u1ed1i t\u1ea1i Nh\u00e0 H\u00e0ng t\u1ea1i th\u1ecb tr\u1ea5n Sapa. Bu\u1ed5i t\u1ed1i qu\u00fd kh\u00e1ch T\u1ef1 do Ngh\u1ec9 ng\u01a1i d\u1ea1o th\u1ecb tr\u1ea5n<\/p>\n<p><i>Ngh\u1ec9 \u0111\u00eam t\u1ea1i kh\u00e1ch s\u1ea1n \u1edf Sapa.<\/i><\/p>\n<h2><b>NG\u00c0Y 03: Sapa \u2013 Lao Ch\u1ea3i \u2013 T\u1ea3 Van \u2013 M\u01b0\u1eddng Hoa \u2013 H\u00e0 N\u1ed9i\u00a0<\/b><b>(\u0103n s\u00e1ng, tr\u01b0a)<\/b><\/h2>\n<p><strong>7h00<\/strong>: Sau b\u1eefa s\u00e1ng, Qu\u00fd kh\u00e1ch s\u1ebd l\u00e0m th\u1ee7 t\u1ee5c tr\u1ea3 ph\u00f2ng t\u1ea1i qu\u1ea7y l\u1ec5 t\u00e2n v\u00e0 g\u1eedi \u0111\u1ed3 l\u1ea1i t\u1ea1i kh\u00e1ch s\u1ea1n. HDV s\u1ebd \u0111\u00f3n Qu\u00fd kh\u00e1ch \u0111i th\u0103m b\u1ea3n Lao Ch\u1ea3i \u2013 T\u1ea3 Van, t\u00ecm hi\u1ec3u cu\u1ed9c s\u1ed1ng c\u1ee7a \u0111\u1ed3ng b\u00e0o c\u00e1c d\u00e2n t\u1ed9c thi\u1ec3u s\u1ed1, chi\u00eam ng\u01b0\u1ee1ng khung c\u1ea3nh thi\u00ean nhi\u00ean h\u00f9ng v\u0129 v\u1edbi nh\u1eefng th\u1eeda ru\u1ed9ng b\u1eadc thang t\u1ea7ng t\u1ea7ng l\u1edbp l\u1edbp.<\/p>\n<p><strong>12.00<\/strong>: Qu\u00fd kh\u00e1ch d\u00f9ng b\u1eefa tr\u01b0a t\u1ea1i nh\u00e0 h\u00e0ng, ngh\u1ec9 ng\u01a1i, th\u01b0 gi\u00e3n.<\/p>\n<p><strong>15.00<\/strong>: Sau khi th\u0103m quan c\u00e2y C\u1ea7u M\u00e2y t\u1ea1i b\u1ea3n T\u1ea3 Van, xe v\u00e0 HDV s\u1ebd \u0111\u00f3n Qu\u00fd kh\u00e1ch v\u1ec1 kh\u00e1ch s\u1ea1n l\u1ea5y \u0111\u1ed3, thay qu\u1ea7n \u00e1o.<\/p>\n<p><img loading=\"lazy\" decoding=\"async\" class=\"http:\/\/thesinhcafetouronline.com\/danh-muc\/du-lich-mien-bac\/tour-du-lich-sapa\/ aligncenter\" title=\"Du L\u1ecbch Sapa\" src=\"https:\/\/www.vietnambooking.com\/wp-content\/uploads\/2020\/07\/lao-chai-ta-van-co-gi-2.jpg\" alt=\"Du L\u1ecbch Sapa\" width=\"531\" height=\"339\" \/><\/p>\n<p><strong>15.30<\/strong>: Qu\u00fd Kh\u00e1ch l\u00ean xe, t\u1ea1m bi\u1ec7t Sapa, tr\u1edf v\u1ec1 H\u00e0 N\u1ed9i. Tr\u00ean \u0111\u01b0\u1eddng \u0111i, Qu\u00fd Kh\u00e1ch l\u1ea1i m\u1ed9t l\u1ea7n n\u1eefa \u0111\u01b0\u1ee3c chi\u00eam ng\u01b0\u1ee1ng v\u1ebb \u0111\u1eb9p huy\u1ec1n di\u1ec7u c\u1ee7a n\u00fai r\u1eebng T\u00e2y B\u1eafc.<\/p>\n<p><strong>22.00<\/strong><b>:\u00a0<\/b>Qu\u00fd kh\u00e1ch c\u00f3 m\u1eb7t t\u1ea1i H\u00e0 N\u1ed9i.<\/p>\n<p>-K\u1ebft th\u00fac\u00a0<strong>Tour\u00a0Sapa\u00a03 ng\u00e0y 2 \u0111\u00eam<\/strong>\u00a0\u0111\u1ea7y \u00fd ngh\u0129a, h\u1eb9n g\u1eb7p l\u1ea1i qu\u00fd kh\u00e1ch trong nh\u1eefng chuy\u1ebfn \u0111i ti\u1ebfp theo c\u00f9ng\u00a0c\u00f4ng ty the sinh cafe tour<\/p>\n<h3><strong>Gi\u00e1 bao g\u1ed3m:<\/strong><\/h3>\n<p>-Xe \u00f4 t\u00f4 \u0111\u01b0a \u0111\u00f3n theo ch\u01b0\u01a1ng tr\u00ecnh\u00a0(BUS du l\u1ecbch gi\u01b0\u1eddng n\u1eb1m )<\/p>\n<p>-Kh\u00e1ch s\u1ea1n \u0111\u1ea7y \u0111\u1ee7 ti\u1ec7n nghi: 02 kh\u00e1ch\/ ph\u00f2ng.<\/p>\n<p>-\u0102n c\u00e1c b\u1eefa trong ch\u01b0\u01a1ng tr\u00ecnh.<\/p>\n<p>-H\u01b0\u1edbng d\u1eabn vi\u00ean su\u1ed1t tuy\u1ebfn, nhi\u1ec7t t\u00ecnh, kinh nghi\u1ec7m.<\/p>\n<p>-Ph\u00ed tham quan t\u1ea1i Sapa.<\/p>\n<h3><strong>Gi\u00e1 Kh\u00f4ng bao g\u1ed3m:<\/strong><\/h3>\n<p>-\u0110\u1ed3 u\u1ed1ng, chi ph\u00ed c\u00e1 nh\u00e2n.<\/p>\n<p>-Ph\u1ee5 thu ng\u00e0y l\u1ec5 t\u1ebft.<\/p>\n<p>-Thu\u1ebf 10% VAT (\u00e1p d\u1ee5ng khi kh\u00e1ch l\u1ea5y H\u00f3a \u0111\u01a1n \u0111\u1ecf).<\/p>\n<h3><strong>G\u00eda d\u00e0nh cho tr\u1ebb em:<\/strong><\/h3>\n<p>-Tr\u1ebb em d\u01b0\u1edbi 5 tu\u1ed5i mi\u1ec5n ph\u00ed gi\u00e1 tour.<\/p>\n<p>-Tr\u1ebb em 5 \u2013 9 tu\u1ed5i t\u00ednh 50% gi\u00e1 tour.<\/p>\n<p>-Tr\u1ebb em 9 tu\u1ed5i tr\u1edf l\u00ean t\u00ednh nh\u01b0 ng\u01b0\u1eddi l\u1edbn.<\/p>\n","protected":false},"excerpt":{"rendered":"<p>Tour du l\u1ecbch Sapa 3 ng\u00e0y 3 \u0111\u00eam \u2013 Sapa \u2013 C\u00e1t C\u00e1t \u2013 H\u00e0m R\u1ed3ng \u2013 Lao Ch\u1ea3i \u2013 T\u1ea3 Van \u00a0 \u00a0 (3 Ng\u00e0y 3 \u0110\u00eam \u2013 Tour Gh\u00e9p \u2013 \u0110i Bus V\u1ec1 Bus) \u0110\u1ebfn\u00a0Tour\u00a0Sapa\u00a03 ng\u00e0y 2 \u0111\u00eam\u00a0 Qu\u00fd kh\u00e1ch s\u1ebd \u0111\u01b0\u1ee3c t\u1eadn h\u01b0\u1edfng kh\u00f4ng kh\u00ed m\u00e1t m\u1ebb c\u1ee7a Sapa v\u1edbi nhi\u1ec7t \u0111\u1ed9<\/p>\n","protected":false},"featured_media":213,"template":"","meta":[],"product_cat":[19,20,25,26],"product_tag":[],"class_list":["post-211","product","type-product","status-publish","has-post-thumbnail","hentry","product_cat-tour-noi-bat","product_cat-tour-khach-doan","product_cat-tour-nuoc-ngoai","product_cat-tour-trong-nuoc"],"acf":[],"yoast_head":"<!-- This site is optimized with the Yoast SEO plugin v19.13 - https:\/\/yoast.com\/wordpress\/plugins\/seo\/ -->\n<title>Tour du l\u1ecbch Sapa 3 ng\u00e0y 3 \u0111\u00eam - Viet Tour<\/title>\n<meta name=\"robots\" content=\"noindex, follow, max-snippet:-1, max-image-preview:large, max-video-preview:-1\" \/>\n<meta property=\"og:locale\" content=\"vi_VN\" \/>\n<meta property=\"og:type\" content=\"article\" \/>\n<meta property=\"og:title\" content=\"Tour du l\u1ecbch Sapa 3 ng\u00e0y 3 \u0111\u00eam - Viet Tour\" \/>\n<meta property=\"og:description\" content=\"Tour du l\u1ecbch Sapa 3 ng\u00e0y 3 \u0111\u00eam \u2013 Sapa \u2013 C\u00e1t C\u00e1t \u2013 H\u00e0m R\u1ed3ng \u2013 Lao Ch\u1ea3i \u2013 T\u1ea3 Van \u00a0 \u00a0 (3 Ng\u00e0y 3 \u0110\u00eam \u2013 Tour Gh\u00e9p \u2013 \u0110i Bus V\u1ec1 Bus) \u0110\u1ebfn\u00a0Tour\u00a0Sapa\u00a03 ng\u00e0y 2 \u0111\u00eam\u00a0 Qu\u00fd kh\u00e1ch s\u1ebd \u0111\u01b0\u1ee3c t\u1eadn h\u01b0\u1edfng kh\u00f4ng kh\u00ed m\u00e1t m\u1ebb c\u1ee7a Sapa v\u1edbi nhi\u1ec7t \u0111\u1ed9\" \/>\n<meta property=\"og:url\" content=\"http:\/\/mau.hoabinhweb.com\/dulich1\/tours\/tour-du-lich-sapa-3-ngay-3-dem\/\" \/>\n<meta property=\"og:site_name\" content=\"Viet Tour\" \/>\n<meta property=\"article:modified_time\" content=\"2022-10-31T00:15:38+00:00\" \/>\n<meta property=\"og:image\" content=\"http:\/\/mau.hoabinhweb.com\/dulich1\/wp-content\/uploads\/2022\/10\/tour-sapa12.jpg\" \/>\n\t<meta property=\"og:image:width\" content=\"600\" \/>\n\t<meta property=\"og:image:height\" content=\"400\" \/>\n\t<meta property=\"og:image:type\" content=\"image\/jpeg\" \/>\n<meta name=\"twitter:card\" content=\"summary_large_image\" \/>\n<meta name=\"twitter:label1\" content=\"\u01af\u1edbc t\u00ednh th\u1eddi gian \u0111\u1ecdc\" \/>\n\t<meta name=\"twitter:data1\" content=\"7 ph\u00fat\" \/>\n<script type=\"application\/ld+json\" class=\"yoast-schema-graph\">{\"@context\":\"https:\/\/schema.org\",\"@graph\":[{\"@type\":\"WebPage\",\"@id\":\"http:\/\/mau.hoabinhweb.com\/dulich1\/tours\/tour-du-lich-sapa-3-ngay-3-dem\/\",\"url\":\"http:\/\/mau.hoabinhweb.com\/dulich1\/tours\/tour-du-lich-sapa-3-ngay-3-dem\/\",\"name\":\"Tour du l\u1ecbch Sapa 3 ng\u00e0y 3 \u0111\u00eam - Viet Tour\",\"isPartOf\":{\"@id\":\"http:\/\/mau.hoabinhweb.com\/dulich1\/#website\"},\"datePublished\":\"2022-10-31T00:07:56+00:00\",\"dateModified\":\"2022-10-31T00:15:38+00:00\",\"breadcrumb\":{\"@id\":\"http:\/\/mau.hoabinhweb.com\/dulich1\/tours\/tour-du-lich-sapa-3-ngay-3-dem\/#breadcrumb\"},\"inLanguage\":\"vi\",\"potentialAction\":[{\"@type\":\"ReadAction\",\"target\":[\"http:\/\/mau.hoabinhweb.com\/dulich1\/tours\/tour-du-lich-sapa-3-ngay-3-dem\/\"]}]},{\"@type\":\"BreadcrumbList\",\"@id\":\"http:\/\/mau.hoabinhweb.com\/dulich1\/tours\/tour-du-lich-sapa-3-ngay-3-dem\/#breadcrumb\",\"itemListElement\":[{\"@type\":\"ListItem\",\"position\":1,\"name\":\"Trang ch\u1ee7\",\"item\":\"http:\/\/mau.hoabinhweb.com\/dulich1\/\"},{\"@type\":\"ListItem\",\"position\":2,\"name\":\"Tours\",\"item\":\"http:\/\/mau.hoabinhweb.com\/dulich1\/tours\/\"},{\"@type\":\"ListItem\",\"position\":3,\"name\":\"Tour du l\u1ecbch Sapa 3 ng\u00e0y 3 \u0111\u00eam\"}]},{\"@type\":\"WebSite\",\"@id\":\"http:\/\/mau.hoabinhweb.com\/dulich1\/#website\",\"url\":\"http:\/\/mau.hoabinhweb.com\/dulich1\/\",\"name\":\"Viet Tour\",\"description\":\"\",\"potentialAction\":[{\"@type\":\"SearchAction\",\"target\":{\"@type\":\"EntryPoint\",\"urlTemplate\":\"http:\/\/mau.hoabinhweb.com\/dulich1\/?s={search_term_string}\"},\"query-input\":\"required name=search_term_string\"}],\"inLanguage\":\"vi\"}]}<\/script>\n<!-- \/ Yoast SEO plugin. -->","yoast_head_json":{"title":"Tour du l\u1ecbch Sapa 3 ng\u00e0y 3 \u0111\u00eam - Viet Tour","robots":{"index":"noindex","follow":"follow","max-snippet":"max-snippet:-1","max-image-preview":"max-image-preview:large","max-video-preview":"max-video-preview:-1"},"og_locale":"vi_VN","og_type":"article","og_title":"Tour du l\u1ecbch Sapa 3 ng\u00e0y 3 \u0111\u00eam - Viet Tour","og_description":"Tour du l\u1ecbch Sapa 3 ng\u00e0y 3 \u0111\u00eam \u2013 Sapa \u2013 C\u00e1t C\u00e1t \u2013 H\u00e0m R\u1ed3ng \u2013 Lao Ch\u1ea3i \u2013 T\u1ea3 Van \u00a0 \u00a0 (3 Ng\u00e0y 3 \u0110\u00eam \u2013 Tour Gh\u00e9p \u2013 \u0110i Bus V\u1ec1 Bus) \u0110\u1ebfn\u00a0Tour\u00a0Sapa\u00a03 ng\u00e0y 2 \u0111\u00eam\u00a0 Qu\u00fd kh\u00e1ch s\u1ebd \u0111\u01b0\u1ee3c t\u1eadn h\u01b0\u1edfng kh\u00f4ng kh\u00ed m\u00e1t m\u1ebb c\u1ee7a Sapa v\u1edbi nhi\u1ec7t \u0111\u1ed9","og_url":"http:\/\/mau.hoabinhweb.com\/dulich1\/tours\/tour-du-lich-sapa-3-ngay-3-dem\/","og_site_name":"Viet Tour","article_modified_time":"2022-10-31T00:15:38+00:00","og_image":[{"width":600,"height":400,"url":"http:\/\/mau.hoabinhweb.com\/dulich1\/wp-content\/uploads\/2022\/10\/tour-sapa12.jpg","type":"image\/jpeg"}],"twitter_card":"summary_large_image","twitter_misc":{"\u01af\u1edbc t\u00ednh th\u1eddi gian \u0111\u1ecdc":"7 ph\u00fat"},"schema":{"@context":"https:\/\/schema.org","@graph":[{"@type":"WebPage","@id":"http:\/\/mau.hoabinhweb.com\/dulich1\/tours\/tour-du-lich-sapa-3-ngay-3-dem\/","url":"http:\/\/mau.hoabinhweb.com\/dulich1\/tours\/tour-du-lich-sapa-3-ngay-3-dem\/","name":"Tour du l\u1ecbch Sapa 3 ng\u00e0y 3 \u0111\u00eam - Viet Tour","isPartOf":{"@id":"http:\/\/mau.hoabinhweb.com\/dulich1\/#website"},"datePublished":"2022-10-31T00:07:56+00:00","dateModified":"2022-10-31T00:15:38+00:00","breadcrumb":{"@id":"http:\/\/mau.hoabinhweb.com\/dulich1\/tours\/tour-du-lich-sapa-3-ngay-3-dem\/#breadcrumb"},"inLanguage":"vi","potentialAction":[{"@type":"ReadAction","target":["http:\/\/mau.hoabinhweb.com\/dulich1\/tours\/tour-du-lich-sapa-3-ngay-3-dem\/"]}]},{"@type":"BreadcrumbList","@id":"http:\/\/mau.hoabinhweb.com\/dulich1\/tours\/tour-du-lich-sapa-3-ngay-3-dem\/#breadcrumb","itemListElement":[{"@type":"ListItem","position":1,"name":"Trang ch\u1ee7","item":"http:\/\/mau.hoabinhweb.com\/dulich1\/"},{"@type":"ListItem","position":2,"name":"Tours","item":"http:\/\/mau.hoabinhweb.com\/dulich1\/tours\/"},{"@type":"ListItem","position":3,"name":"Tour du l\u1ecbch Sapa 3 ng\u00e0y 3 \u0111\u00eam"}]},{"@type":"WebSite","@id":"http:\/\/mau.hoabinhweb.com\/dulich1\/#website","url":"http:\/\/mau.hoabinhweb.com\/dulich1\/","name":"Viet Tour","description":"","potentialAction":[{"@type":"SearchAction","target":{"@type":"EntryPoint","urlTemplate":"http:\/\/mau.hoabinhweb.com\/dulich1\/?s={search_term_string}"},"query-input":"required name=search_term_string"}],"inLanguage":"vi"}]}},"_links":{"self":[{"href":"http:\/\/mau.hoabinhweb.com\/dulich1\/wp-json\/wp\/v2\/product\/211"}],"collection":[{"href":"http:\/\/mau.hoabinhweb.com\/dulich1\/wp-json\/wp\/v2\/product"}],"about":[{"href":"http:\/\/mau.hoabinhweb.com\/dulich1\/wp-json\/wp\/v2\/types\/product"}],"wp:featuredmedia":[{"embeddable":true,"href":"http:\/\/mau.hoabinhweb.com\/dulich1\/wp-json\/wp\/v2\/media\/213"}],"wp:attachment":[{"href":"http:\/\/mau.hoabinhweb.com\/dulich1\/wp-json\/wp\/v2\/media?parent=211"}],"wp:term":[{"taxonomy":"product_cat","embeddable":true,"href":"http:\/\/mau.hoabinhweb.com\/dulich1\/wp-json\/wp\/v2\/product_cat?post=211"},{"taxonomy":"product_tag","embeddable":true,"href":"http:\/\/mau.hoabinhweb.com\/dulich1\/wp-json\/wp\/v2\/product_tag?post=211"}],"curies":[{"name":"wp","href":"https:\/\/api.w.org\/{rel}","templated":true}]}}