{"id":210,"date":"2022-10-31T07:07:55","date_gmt":"2022-10-31T00:07:55","guid":{"rendered":"https:\/\/mau.hoabinhweb.com\/dulich1\/?post_type=product&#038;p=210"},"modified":"2022-10-31T07:12:44","modified_gmt":"2022-10-31T00:12:44","slug":"tour-du-lich-fansipan-sapa-3-ngay-2-dem-fansipan-ham-rong-cat-cat","status":"publish","type":"product","link":"http:\/\/mau.hoabinhweb.com\/dulich1\/tours\/tour-du-lich-fansipan-sapa-3-ngay-2-dem-fansipan-ham-rong-cat-cat\/","title":{"rendered":"Tour du l\u1ecbch Fansipan Sapa 3 ng\u00e0y 2 \u0111\u00eam Fansipan \u2013 H\u00e0m R\u1ed3ng \u2013 C\u00e1t C\u00e1t"},"content":{"rendered":"<p>Sapa l\u00e0 m\u1ed9t trong nh\u1eefng v\u00f9ng cao nguy\u00ean\u00a0 n\u1ed5i ti\u1ebfng, b\u1edfi n\u01a1i \u0111\u00e2y \u1ea9n ch\u1ee9a r\u1ea5t nhi\u1ec1u \u0111i\u1ec1u k\u1ef3 di\u1ec7u c\u1ee7a thi\u00ean nhi\u00ean nh\u01b0 ng\u1ecdn n\u00fai cao nh\u1ea5t Vi\u1ec7t Nam \u2013 Fanxipang, v\u1edbi \u0111\u1ecba h\u00ecnh \u0111\u1eb7c bi\u1ec7t c\u1ee7a n\u00fai \u0111\u1ed3i, t\u1ea1o ra nh\u1eefng b\u1ed1 c\u1ee5c h\u00e0i h\u00f2a cho b\u1ee9c tranh mang t\u00ean Sapa.<\/p>\n<h2>Ch\u01b0\u01a1ng tr\u00ecnh\u00a0Tour du l\u1ecbch fansipan Legend Sapa 3 ng\u00e0y 2 \u0111\u00eam c\u1ee5 th\u1ec3 nh\u01b0 sau.<\/h2>\n<p><strong>Ng\u00e0y 1: H\u00e0 N\u1ed9i \u2013 Sapa \u2013 C\u00e1t C\u00e1t\u00a0<\/strong><\/p>\n<p><strong>06h30: Xe v\u00e0 H\u01b0\u1edbng d\u1eabn vi\u00ean s\u1ebd \u0111<\/strong>\u00f3n Qu\u00fd kh\u00e1ch t\u1ea1i V\u0103n Ph\u00f2ng 49 H\u00e0ng \u0110\u1ed3ng -12 H\u00e0ng Chi\u1ebfu hay c\u00e1c kh\u00e1ch s\u1ea1n trong khu v\u1ef1c Ph\u1ed1 C\u1ed5 ho\u1eb7c \u00a0<strong>Nh\u00e0 H\u00e1t L\u1edbn<\/strong>, kh\u1edfi h\u00e0nh \u0111i\u00a0SaPa\u00a0theo \u0111\u01b0\u1eddng cao t\u1ed1c m\u1edbi N\u1ed9i B\u00e0i \u2013 L\u00e0o Cai m\u1ea5t kho\u1ea3ng 5-6 ti\u1ebfng \u0111\u1ed3ng h\u1ed3 .<\/p>\n<p><strong>12h30:<\/strong>\u00a0Qu\u00fd kh\u00e1ch \u0111\u1ebfn\u00a0<strong>kh\u00e1ch s\u1ea1n\u00a0<\/strong>\u0103n tr\u01b0a, nh\u1eadn ph\u00f2ng kh\u00e1ch s\u1ea1n ngh\u1ec9 ng\u01a1i.<\/p>\n<p><strong>Bu\u1ed5i Chi\u1ec1u : 14h00:<\/strong>\u00a0Qu\u00fd kh\u00e1ch \u0111i th\u0103m\u00a0<strong>B\u1ea3n C\u00e1t C\u00e1t<\/strong>\u00a0\u2013 l\u00e0 b\u1ea3n l\u00e2u \u0111\u1eddi c\u1ee7a ng\u01b0\u1eddi M\u00f4ng c\u00f2n l\u01b0u gi\u1eef nhi\u1ec1u ngh\u1ec1 th\u1ee7 c\u00f4ng truy\u1ec1n th\u1ed1ng nh\u01b0 tr\u1ed3ng b\u00f4ng, lanh v\u00e0 d\u1ec7t v\u1ea3i ch\u1ebf t\u00e1c \u0111\u1ed3 trang s\u1ee9c. \u0110\u1eb7c bi\u1ec7t, n\u01a1i \u0111\u00e2y c\u00f2n gi\u1eef \u0111\u01b0\u1ee3c kh\u00e1 nhi\u1ec1u phong t\u1ee5c \u0111\u1ed9c \u0111\u00e1o m\u00e0 \u1edf c\u00e1c v\u00f9ng kh\u00e1c kh\u00f4ng c\u00f3, ho\u1eb7c kh\u00f4ng c\u00f2n t\u1ed3n t\u1ea1i nguy\u00ean g\u1ed1c.<\/p>\n<p><strong>19h:<\/strong>\u00a0Qu\u00fd kh\u00e1ch\u00a0<strong>\u0103n t\u1ed1i t\u1ea1i<\/strong>\u00a0<strong>kh\u00e1ch s\u1ea1n<\/strong>, t\u1ef1 do th\u0103m quan th\u1ecb tr\u1ea5n Sa Pa .<\/p>\n<p><strong>18h00:<\/strong>\u00a0\u0102n b\u1eefa t\u1ed1i. T\u1ef1 do \u0111i d\u1ea1o Sapa. v\u00e0o m\u1ed7i t\u1ed1i th\u1ee9 7 h\u00e0ng tu\u1ea7n Sapa s\u1ebd c\u00f3 phi\u00ean ch\u1ee3 t\u00ecnh v\u00f4 c\u00f9ng vui nh\u1ed9n, v\u00e0 \u0111\u1eb7c s\u1eafc<\/p>\n<p><a href=\"http:\/\/thesinhcafetouronline.com\/\" rel=\"http:\/\/thesinhcafetouronline.com\/danh-muc\/du-lich-mien-bac\/tour-du-lich-sapa\/\"><img loading=\"lazy\" decoding=\"async\" class=\"http:\/\/thesinhcafetouronline.com\/danh-muc\/du-lich-mien-bac\/tour-du-lich-sapa\/ aligncenter\" title=\"Du L\u1ecbch Sapa\" src=\"http:\/\/www.petrotimes.vn\/stores\/news_dataimages\/chudiepquynh\/042013\/02\/11\/cong_troi_2.jpg\" alt=\"The Sinh Tourist \" width=\"548\" height=\"362\" \/><\/a><\/p>\n<h2>Ng\u00e0y 2 : Sapa \u2013 chinh ph\u1ee5c Fansipan b\u1eb1ng c\u00e1p treo<\/h2>\n<p>07h00: \u0102n s\u00e1ng\u00a0 t\u1ea1i kh\u00e1ch s\u1ea1n<strong>.<\/strong><\/p>\n<p><strong>8h00:<\/strong>\u00a0Du kh\u00e1ch \u0111i t\u1edbi Ga\u00a0<strong>c\u00e1p treo Fansipan<\/strong>\u00a0\u0111\u1ec3 b\u1eaft\u00a0\u0111\u1ea7u cu\u1ed9c h\u00e0nh tr\u00ecnh\u00a0<strong>chinh ph\u1ee5c Fansipan<\/strong>\u00a0b\u1eb1ng h\u1ec7 th\u1ed1ng c\u00e1p treo 3 d\u00e2y hi\u1ec7n \u0111\u1ea1i b\u1eadc nh\u1ea5t c\u1ee7a th\u1ebf gi\u1edbi\u00a0v\u1edbi cabin c\u00f3 s\u1ee9c ch\u1ee9a 30 \u2013 35 kh\u00e1ch du l\u1ecbch \u0111\u1ebfn Fansipan du kh\u00e1ch ch\u1ee5p h\u00ecnh l\u01b0u ni\u1ec7m tr\u00ean \u0111\u1ed9 cao 3.143m \u2013 n\u00f3c nh\u00e0 c\u1ee7a \u0110\u00f4ng D\u01b0\u01a1ng.\u00a0<em>Sau khi th\u0103m quan tr\u1edf v\u1ec1 kh\u00e1ch s\u1ea1n l\u00fac<\/em><\/p>\n<p><strong>12h00:<\/strong>\u00a0Qu\u00fd kh\u00e1ch\u00a0<strong>\u0103n tr\u01b0a t\u1ea1i<\/strong>\u00a0<strong>kh\u00e1ch s\u1ea1n<\/strong>, ngh\u1ec9 tr\u01b0a. Chi\u1ec1u t\u1ef1 do th\u0103m quan.<\/p>\n<p><strong>19h00:<\/strong>\u00a0\u0102n t\u00f4\u0301i t\u1ea1i\u00a0<strong>kh\u00e1ch s\u1ea1n<\/strong>. T\u1ef1 do tham d\u1ef1 phi\u00ean Ch\u1ee3 T\u00ecnh c\u1ee7a ng\u01b0\u1eddi Dao \u0110\u1ecf \u2013 m\u00f4\u0323t trong nh\u1eefng n\u00e9t v\u0103n ho\u00e1 \u0111\u1eb7c s\u1eafc c\u1ee7a c\u00e1c d\u00e2n t\u00f4\u0323c v\u00f9ng cao ph\u00eda b\u1eafc Vi\u00ea\u0323t Nam ( v\u00e0o t\u1ed1i th\u1ee9 7).<\/p>\n<h3>Ng\u00e0y 3:\u00a0<a href=\"http:\/\/thesinhcafetouronline.com\/danh-muc\/du-lich-mien-bac\/tour-du-lich-sapa\/\">Tour Du L\u1ecbch Sapa<\/a>\u00a0Tham quan N\u00fai H\u00e0m R\u1ed3ng \u2013 Tr\u1edf v\u1ec1 H\u00e0 N\u1ed9i<\/h3>\n<p><a href=\"http:\/\/thesinhcafetouronline.com\/\" rel=\"http:\/\/thesinhcafetouronline.com\/danh-muc\/du-lich-mien-bac\/tour-du-lich-sapa\/\"><img loading=\"lazy\" decoding=\"async\" class=\"http:\/\/thesinhcafetouronline.com\/danh-muc\/du-lich-mien-bac\/tour-du-lich-sapa\/ aligncenter\" title=\"Du L\u1ecbch Sapa\" src=\"http:\/\/nguoidothi.net.vn\/Image\/Y-2016-02\/fansipan_2.gif\" alt=\"The Sinh Touist\" width=\"570\" height=\"380\" \/><\/a><\/p>\n<p><strong>07h00:\u00a0<\/strong>\u0102n s\u00e1ng\u00a0 t\u1ea1i kh\u00e1ch s\u1ea1n.<\/p>\n<p><strong>08h00:<\/strong>\u00a0Qu\u00fd kh\u00e1ch tham quan\u00a0<strong><em>n\u00fai H\u00e0m R\u1ed3ng<\/em><\/strong>\u00a0tham quan:\u00a0<em>V\u01b0\u1eddn Lan 1-2, v\u01b0\u1eddn L\u00ea, v\u01b0\u1eddn T\u00e1o M\u00e8o, V\u01b0\u1eddn hoa Trung T\u00e2m, H\u00f2n \u0110\u00e1<\/em><em>\u00a0G<\/em>\u00a0<em>\u00e3y, C\u1ed5ng Tr\u1eddi, \u0110\u1ea7u R\u1ed3ng, H\u00f2n C\u00e1 S\u1ea5u, Khu Thi\u00ean Th\u00e1ch L\u00e2m, H\u00f2n Ph\u1eadt B\u00e0, S\u00e2n M\u00e2y, th\u00e1p truy\u1ec1n h\u00ecnh \u2026, ng\u1eafm nh\u00ecn to\u00e0n c\u1ea3nh Sa Pa t\u1eeb tr\u00ean \u0111\u1ed9 cao 1.600m v\u00e0 xem bi\u1ec3u di\u1ec5n v\u0103n ngh\u1ec7 tr\u00ean n\u00fai.<\/em><\/p>\n<p><strong>11h30:<\/strong>\u00a0Qu\u00fd kh\u00e1ch v\u1ec1 kh\u00e1ch s\u1ea1n tr\u1ea3 ph\u00f2ng, \u0103n tr\u01b0a t\u1ea1i kh\u00e1ch s\u1ea1n.<\/p>\n<p><a href=\"http:\/\/thesinhcafetouronline.com\/\" rel=\"http:\/\/thesinhcafetouronline.com\/danh-muc\/du-lich-mien-bac\/tour-du-lich-sapa\/\"><img loading=\"lazy\" decoding=\"async\" class=\"http:\/\/thesinhcafetouronline.com\/danh-muc\/du-lich-mien-bac\/tour-du-lich-sapa\/ aligncenter\" title=\"Du L\u1ecbch Sapa\" src=\"https:\/\/cdn.dealtoday.vn\/img\/s630x420\/919a62569c1b459580f67dfe0529fd4d.jpg?sign=C53fLo5dsLWt526T5G-3Dg\" alt=\"THE SINH TOURIST \" width=\"525\" height=\"350\" \/><\/a><\/p>\n<p><strong>15h30:<\/strong>\u00a0Qu\u00fd kh\u00e1ch l\u00ean xe v\u1ec1\u00a0<strong>H\u00e0 N\u1ed9i.<\/strong><\/p>\n<p>V\u1ec1 t\u1edbi H\u00e0 N\u1ed9i k\u1ebft th\u00fac l\u1ecbch tr\u00ecnh tour 3 ng\u00e0y 2 \u0111\u00eam .H\u1eb9n g\u1eb7p l\u1ea1i qu\u00fd kh\u00e1ch cho nh\u1eefng chuy\u1ebfn \u0111i l\u1ea7n sau .<\/p>\n<p><strong>GI\u00c1 TOUR: Du l\u1ecbch Fansipan k\u1ebft h\u1ee3p th\u0103m Sapa d\u00e0nh cho kh\u00e1ch l\u1ebb gh\u00e9p \u0111o\u00e0n.<\/strong><\/p>\n<table border=\"1\" cellspacing=\"0\" cellpadding=\"0\">\n<tbody>\n<tr>\n<td><strong>STT<\/strong><\/td>\n<td><strong>Kh\u00e1ch sa\u0323n ti\u00eau chu\u1ea9n<\/strong><\/td>\n<td><strong>Gi\u00e1 Tour<\/strong><\/td>\n<td><strong>Ph\u1ee5 thu ph\u00f2ng \u0111\u01a1n<br \/>\n\u0111\u1ed1i v\u1edbi 1 kh\u00e1ch<\/strong><\/td>\n<\/tr>\n<tr>\n<td>1<\/td>\n<td>Kh\u00e1ch s\u1ea1n ti\u00eau chu\u1ea9n\u00a0 (2 sao )<\/td>\n<td>2.560.000\u0111<\/td>\n<td>250.000\u0111<\/td>\n<\/tr>\n<tr>\n<td><\/td>\n<td><\/td>\n<td><\/td>\n<td><\/td>\n<\/tr>\n<tr>\n<td>3<\/td>\n<td>kh\u00e1ch s\u1ea1n Mountain View\u00a0 (2 sao)<\/td>\n<td>2.750.000\u0111<\/td>\n<td>400.000\u0111<\/td>\n<\/tr>\n<tr>\n<td>4<\/td>\n<td>kh\u00e1ch s\u1ea1n Sapa lodge ,Detal (3 sao)<\/td>\n<td>3.450.000\u0111<\/td>\n<td>600.000\u0111<\/td>\n<\/tr>\n<tr>\n<td>5<\/td>\n<td>kh\u00e1ch s\u1ea1n Sapa Charm ,BB\u00a0 (4 sao)<\/td>\n<td>4.750.000\u0111<\/td>\n<td>1.000.000\u0111<\/td>\n<\/tr>\n<\/tbody>\n<\/table>\n<p><strong>Tour bao g\u1ed3m c\u00f3:\u00a0<\/strong><\/p>\n<p>-Xe \u00f4 t\u00f4 du l\u1ecbch gi\u01b0\u1eddng n\u1eb1m cao c\u1ea5p.<\/p>\n<p>-Xe \u00f4 t\u00f4 \u0111\u01b0a \u0111\u00f3n \u0111\u1ebfn b\u1ebfn xe, kh\u00e1ch s\u1ea1n, b\u1ebfn xe.<\/p>\n<p>-Ph\u00f2ng ng\u1ee7 ngh\u1ec9 t\u00f9y theo y\u00eau c\u1ea7u c\u1ee7a du kh\u00e1ch.<\/p>\n<p>-5 b\u1eefa \u0103n ch\u00ednh v\u00e0 2 b\u1eefa \u0103n s\u00e1ng.<\/p>\n<p>-V\u00e9 c\u00e1p Treo 2 chi\u1ec1u<\/p>\n<p>-H\u01b0\u1edbng d\u1eabn vi\u00ean du l\u1ecbch.<\/p>\n<p>-B\u1ea3o hi\u1ec3m tai n\u1ea1n du l\u1ecbch.<\/p>\n<p>Xem th\u00eam:\u00a0<a href=\"http:\/\/thesinhcafetouronline.com\/danh-muc\/du-lich-mien-bac\/tour-du-lich-sapa\/\"><strong>Tour du l\u1ecbch Fansipan Sapa 3 ng\u00e0y 2 \u0111\u00eam<\/strong><\/a><\/p>\n<p><strong>Kh\u00f4ng\u00a0 bao g\u1ed3m :<\/strong><\/p>\n<p>-H\u00f3a \u0111\u01a1n thu\u1ebf.<\/p>\n<p>-Xe t\u1eeb th\u1ecb tr\u1ea5n xu\u1ed1ng b\u1ea3n v\u00e0 t\u1eeb b\u1ea3n v\u1ec1 l\u1ea1i kh\u00e1ch s\u1ea1n<\/p>\n<p>-\u0110\u1ed3 u\u1ed1ng trong b\u1eefa \u0103n trong kh\u00e1ch s\u1ea1n, chi ph\u00ed c\u00e1 nh\u00e2n.<\/p>\n<p><strong>Gi\u00e1 tour\u00a0<a href=\"http:\/\/thesinhcafetouronline.com\/\">Tour Fansipan<\/a>\u00a0Sapa 3 ng\u00e0y 2 \u0111\u00eam d\u00e0nh cho tr\u1ebb em:<\/strong><\/p>\n<p>-Tr\u1ebb em t\u1eeb 1-4 tu\u1ed5i s\u1ebd kh\u00f4ng m\u1ea5t ph\u00ed (b\u1ed1 m\u1eb9 t\u1ef1 lo m\u1ecdi chi ph\u00ed cho tr\u1ebb, kh\u00f4ng chi\u1ebfm ch\u1ed7 tr\u00ean xe)<\/p>\n<p>-Tr\u1ebb em t\u1eeb 5-9 tu\u1ed5i\u00a0 gi\u00e1 tour b\u1eb1ng 75% gi\u00e1 ng\u01b0\u1eddi l\u1edbn (\u0103n su\u1ea5t ri\u00eang, ng\u1ee7 chung v\u1edbi b\u1ed1 me).<\/p>\n<p><strong>D\u1ecbch v\u1ee5 \u0111i k\u00e8m kh\u00e1c:\u00a0<\/strong><\/p>\n<p>\u2013 Xe \u00f4 t\u00f4 4 ch\u1ed7 \u0111\u00f3n ho\u1eb7c ti\u1ec5n s\u00e2n bay m\u1ed9t l\u01b0\u1ee3t: 350.000\u0111\/250.000\u0111\/01<\/p>\n<p>\u2013 Xe \u00f4 t\u00f4 7 ch\u1ed7 \u0111\u00f3n ho\u1eb7c ti\u1ec5n s\u00e2n bay m\u1ed9t l\u01b0\u1ee3t: 400.000\u0111\/300.000\u0111\/01<\/p>\n<p>\u2013Xe \u00f4 t\u00f4 16 ch\u1ed7 \u0111\u00f3n ti\u1ec5n s\u00e2n bay m\u1ed9t l\u01b0\u1ee3t :500.000\u0111\/400.000\u0111\/01<\/p>\n","protected":false},"excerpt":{"rendered":"<p>Sapa l\u00e0 m\u1ed9t trong nh\u1eefng v\u00f9ng cao nguy\u00ean\u00a0 n\u1ed5i ti\u1ebfng, b\u1edfi n\u01a1i \u0111\u00e2y \u1ea9n ch\u1ee9a r\u1ea5t nhi\u1ec1u \u0111i\u1ec1u k\u1ef3 di\u1ec7u c\u1ee7a thi\u00ean nhi\u00ean nh\u01b0 ng\u1ecdn n\u00fai cao nh\u1ea5t Vi\u1ec7t Nam \u2013 Fanxipang, v\u1edbi \u0111\u1ecba h\u00ecnh \u0111\u1eb7c bi\u1ec7t c\u1ee7a n\u00fai \u0111\u1ed3i, t\u1ea1o ra nh\u1eefng b\u1ed1 c\u1ee5c h\u00e0i h\u00f2a cho b\u1ee9c tranh mang t\u00ean Sapa. Ch\u01b0\u01a1ng tr\u00ecnh\u00a0Tour<\/p>\n","protected":false},"featured_media":212,"template":"","meta":[],"product_cat":[19,20,25,26],"product_tag":[],"class_list":["post-210","product","type-product","status-publish","has-post-thumbnail","hentry","product_cat-tour-noi-bat","product_cat-tour-khach-doan","product_cat-tour-nuoc-ngoai","product_cat-tour-trong-nuoc"],"acf":[],"yoast_head":"<!-- This site is optimized with the Yoast SEO plugin v19.13 - https:\/\/yoast.com\/wordpress\/plugins\/seo\/ -->\n<title>Tour du l\u1ecbch Fansipan Sapa 3 ng\u00e0y 2 \u0111\u00eam Fansipan \u2013 H\u00e0m R\u1ed3ng \u2013 C\u00e1t C\u00e1t - Viet Tour<\/title>\n<meta name=\"robots\" content=\"noindex, follow, max-snippet:-1, max-image-preview:large, max-video-preview:-1\" \/>\n<meta property=\"og:locale\" content=\"vi_VN\" \/>\n<meta property=\"og:type\" content=\"article\" \/>\n<meta property=\"og:title\" content=\"Tour du l\u1ecbch Fansipan Sapa 3 ng\u00e0y 2 \u0111\u00eam Fansipan \u2013 H\u00e0m R\u1ed3ng \u2013 C\u00e1t C\u00e1t - Viet Tour\" \/>\n<meta property=\"og:description\" content=\"Sapa l\u00e0 m\u1ed9t trong nh\u1eefng v\u00f9ng cao nguy\u00ean\u00a0 n\u1ed5i ti\u1ebfng, b\u1edfi n\u01a1i \u0111\u00e2y \u1ea9n ch\u1ee9a r\u1ea5t nhi\u1ec1u \u0111i\u1ec1u k\u1ef3 di\u1ec7u c\u1ee7a thi\u00ean nhi\u00ean nh\u01b0 ng\u1ecdn n\u00fai cao nh\u1ea5t Vi\u1ec7t Nam \u2013 Fanxipang, v\u1edbi \u0111\u1ecba h\u00ecnh \u0111\u1eb7c bi\u1ec7t c\u1ee7a n\u00fai \u0111\u1ed3i, t\u1ea1o ra nh\u1eefng b\u1ed1 c\u1ee5c h\u00e0i h\u00f2a cho b\u1ee9c tranh mang t\u00ean Sapa. Ch\u01b0\u01a1ng tr\u00ecnh\u00a0Tour\" \/>\n<meta property=\"og:url\" content=\"http:\/\/mau.hoabinhweb.com\/dulich1\/tours\/tour-du-lich-fansipan-sapa-3-ngay-2-dem-fansipan-ham-rong-cat-cat\/\" \/>\n<meta property=\"og:site_name\" content=\"Viet Tour\" \/>\n<meta property=\"article:modified_time\" content=\"2022-10-31T00:12:44+00:00\" \/>\n<meta property=\"og:image\" content=\"http:\/\/mau.hoabinhweb.com\/dulich1\/wp-content\/uploads\/2022\/10\/tour-sapa11.jpg\" \/>\n\t<meta property=\"og:image:width\" content=\"650\" \/>\n\t<meta property=\"og:image:height\" content=\"433\" \/>\n\t<meta property=\"og:image:type\" content=\"image\/jpeg\" \/>\n<meta name=\"twitter:card\" content=\"summary_large_image\" \/>\n<meta name=\"twitter:label1\" content=\"\u01af\u1edbc t\u00ednh th\u1eddi gian \u0111\u1ecdc\" \/>\n\t<meta name=\"twitter:data1\" content=\"5 ph\u00fat\" \/>\n<script type=\"application\/ld+json\" class=\"yoast-schema-graph\">{\"@context\":\"https:\/\/schema.org\",\"@graph\":[{\"@type\":\"WebPage\",\"@id\":\"http:\/\/mau.hoabinhweb.com\/dulich1\/tours\/tour-du-lich-fansipan-sapa-3-ngay-2-dem-fansipan-ham-rong-cat-cat\/\",\"url\":\"http:\/\/mau.hoabinhweb.com\/dulich1\/tours\/tour-du-lich-fansipan-sapa-3-ngay-2-dem-fansipan-ham-rong-cat-cat\/\",\"name\":\"Tour du l\u1ecbch Fansipan Sapa 3 ng\u00e0y 2 \u0111\u00eam Fansipan \u2013 H\u00e0m R\u1ed3ng \u2013 C\u00e1t C\u00e1t - Viet Tour\",\"isPartOf\":{\"@id\":\"http:\/\/mau.hoabinhweb.com\/dulich1\/#website\"},\"datePublished\":\"2022-10-31T00:07:55+00:00\",\"dateModified\":\"2022-10-31T00:12:44+00:00\",\"breadcrumb\":{\"@id\":\"http:\/\/mau.hoabinhweb.com\/dulich1\/tours\/tour-du-lich-fansipan-sapa-3-ngay-2-dem-fansipan-ham-rong-cat-cat\/#breadcrumb\"},\"inLanguage\":\"vi\",\"potentialAction\":[{\"@type\":\"ReadAction\",\"target\":[\"http:\/\/mau.hoabinhweb.com\/dulich1\/tours\/tour-du-lich-fansipan-sapa-3-ngay-2-dem-fansipan-ham-rong-cat-cat\/\"]}]},{\"@type\":\"BreadcrumbList\",\"@id\":\"http:\/\/mau.hoabinhweb.com\/dulich1\/tours\/tour-du-lich-fansipan-sapa-3-ngay-2-dem-fansipan-ham-rong-cat-cat\/#breadcrumb\",\"itemListElement\":[{\"@type\":\"ListItem\",\"position\":1,\"name\":\"Trang ch\u1ee7\",\"item\":\"http:\/\/mau.hoabinhweb.com\/dulich1\/\"},{\"@type\":\"ListItem\",\"position\":2,\"name\":\"Tours\",\"item\":\"http:\/\/mau.hoabinhweb.com\/dulich1\/tours\/\"},{\"@type\":\"ListItem\",\"position\":3,\"name\":\"Tour du l\u1ecbch Fansipan Sapa 3 ng\u00e0y 2 \u0111\u00eam Fansipan \u2013 H\u00e0m R\u1ed3ng \u2013 C\u00e1t C\u00e1t\"}]},{\"@type\":\"WebSite\",\"@id\":\"http:\/\/mau.hoabinhweb.com\/dulich1\/#website\",\"url\":\"http:\/\/mau.hoabinhweb.com\/dulich1\/\",\"name\":\"Viet Tour\",\"description\":\"\",\"potentialAction\":[{\"@type\":\"SearchAction\",\"target\":{\"@type\":\"EntryPoint\",\"urlTemplate\":\"http:\/\/mau.hoabinhweb.com\/dulich1\/?s={search_term_string}\"},\"query-input\":\"required name=search_term_string\"}],\"inLanguage\":\"vi\"}]}<\/script>\n<!-- \/ Yoast SEO plugin. -->","yoast_head_json":{"title":"Tour du l\u1ecbch Fansipan Sapa 3 ng\u00e0y 2 \u0111\u00eam Fansipan \u2013 H\u00e0m R\u1ed3ng \u2013 C\u00e1t C\u00e1t - Viet Tour","robots":{"index":"noindex","follow":"follow","max-snippet":"max-snippet:-1","max-image-preview":"max-image-preview:large","max-video-preview":"max-video-preview:-1"},"og_locale":"vi_VN","og_type":"article","og_title":"Tour du l\u1ecbch Fansipan Sapa 3 ng\u00e0y 2 \u0111\u00eam Fansipan \u2013 H\u00e0m R\u1ed3ng \u2013 C\u00e1t C\u00e1t - Viet Tour","og_description":"Sapa l\u00e0 m\u1ed9t trong nh\u1eefng v\u00f9ng cao nguy\u00ean\u00a0 n\u1ed5i ti\u1ebfng, b\u1edfi n\u01a1i \u0111\u00e2y \u1ea9n ch\u1ee9a r\u1ea5t nhi\u1ec1u \u0111i\u1ec1u k\u1ef3 di\u1ec7u c\u1ee7a thi\u00ean nhi\u00ean nh\u01b0 ng\u1ecdn n\u00fai cao nh\u1ea5t Vi\u1ec7t Nam \u2013 Fanxipang, v\u1edbi \u0111\u1ecba h\u00ecnh \u0111\u1eb7c bi\u1ec7t c\u1ee7a n\u00fai \u0111\u1ed3i, t\u1ea1o ra nh\u1eefng b\u1ed1 c\u1ee5c h\u00e0i h\u00f2a cho b\u1ee9c tranh mang t\u00ean Sapa. Ch\u01b0\u01a1ng tr\u00ecnh\u00a0Tour","og_url":"http:\/\/mau.hoabinhweb.com\/dulich1\/tours\/tour-du-lich-fansipan-sapa-3-ngay-2-dem-fansipan-ham-rong-cat-cat\/","og_site_name":"Viet Tour","article_modified_time":"2022-10-31T00:12:44+00:00","og_image":[{"width":650,"height":433,"url":"http:\/\/mau.hoabinhweb.com\/dulich1\/wp-content\/uploads\/2022\/10\/tour-sapa11.jpg","type":"image\/jpeg"}],"twitter_card":"summary_large_image","twitter_misc":{"\u01af\u1edbc t\u00ednh th\u1eddi gian \u0111\u1ecdc":"5 ph\u00fat"},"schema":{"@context":"https:\/\/schema.org","@graph":[{"@type":"WebPage","@id":"http:\/\/mau.hoabinhweb.com\/dulich1\/tours\/tour-du-lich-fansipan-sapa-3-ngay-2-dem-fansipan-ham-rong-cat-cat\/","url":"http:\/\/mau.hoabinhweb.com\/dulich1\/tours\/tour-du-lich-fansipan-sapa-3-ngay-2-dem-fansipan-ham-rong-cat-cat\/","name":"Tour du l\u1ecbch Fansipan Sapa 3 ng\u00e0y 2 \u0111\u00eam Fansipan \u2013 H\u00e0m R\u1ed3ng \u2013 C\u00e1t C\u00e1t - Viet Tour","isPartOf":{"@id":"http:\/\/mau.hoabinhweb.com\/dulich1\/#website"},"datePublished":"2022-10-31T00:07:55+00:00","dateModified":"2022-10-31T00:12:44+00:00","breadcrumb":{"@id":"http:\/\/mau.hoabinhweb.com\/dulich1\/tours\/tour-du-lich-fansipan-sapa-3-ngay-2-dem-fansipan-ham-rong-cat-cat\/#breadcrumb"},"inLanguage":"vi","potentialAction":[{"@type":"ReadAction","target":["http:\/\/mau.hoabinhweb.com\/dulich1\/tours\/tour-du-lich-fansipan-sapa-3-ngay-2-dem-fansipan-ham-rong-cat-cat\/"]}]},{"@type":"BreadcrumbList","@id":"http:\/\/mau.hoabinhweb.com\/dulich1\/tours\/tour-du-lich-fansipan-sapa-3-ngay-2-dem-fansipan-ham-rong-cat-cat\/#breadcrumb","itemListElement":[{"@type":"ListItem","position":1,"name":"Trang ch\u1ee7","item":"http:\/\/mau.hoabinhweb.com\/dulich1\/"},{"@type":"ListItem","position":2,"name":"Tours","item":"http:\/\/mau.hoabinhweb.com\/dulich1\/tours\/"},{"@type":"ListItem","position":3,"name":"Tour du l\u1ecbch Fansipan Sapa 3 ng\u00e0y 2 \u0111\u00eam Fansipan \u2013 H\u00e0m R\u1ed3ng \u2013 C\u00e1t C\u00e1t"}]},{"@type":"WebSite","@id":"http:\/\/mau.hoabinhweb.com\/dulich1\/#website","url":"http:\/\/mau.hoabinhweb.com\/dulich1\/","name":"Viet Tour","description":"","potentialAction":[{"@type":"SearchAction","target":{"@type":"EntryPoint","urlTemplate":"http:\/\/mau.hoabinhweb.com\/dulich1\/?s={search_term_string}"},"query-input":"required name=search_term_string"}],"inLanguage":"vi"}]}},"_links":{"self":[{"href":"http:\/\/mau.hoabinhweb.com\/dulich1\/wp-json\/wp\/v2\/product\/210"}],"collection":[{"href":"http:\/\/mau.hoabinhweb.com\/dulich1\/wp-json\/wp\/v2\/product"}],"about":[{"href":"http:\/\/mau.hoabinhweb.com\/dulich1\/wp-json\/wp\/v2\/types\/product"}],"wp:featuredmedia":[{"embeddable":true,"href":"http:\/\/mau.hoabinhweb.com\/dulich1\/wp-json\/wp\/v2\/media\/212"}],"wp:attachment":[{"href":"http:\/\/mau.hoabinhweb.com\/dulich1\/wp-json\/wp\/v2\/media?parent=210"}],"wp:term":[{"taxonomy":"product_cat","embeddable":true,"href":"http:\/\/mau.hoabinhweb.com\/dulich1\/wp-json\/wp\/v2\/product_cat?post=210"},{"taxonomy":"product_tag","embeddable":true,"href":"http:\/\/mau.hoabinhweb.com\/dulich1\/wp-json\/wp\/v2\/product_tag?post=210"}],"curies":[{"name":"wp","href":"https:\/\/api.w.org\/{rel}","templated":true}]}}