{"id":111,"date":"2020-08-21T07:40:01","date_gmt":"2020-08-21T00:40:01","guid":{"rendered":"http:\/\/mau.hoabinhweb.com\/dulich1\/?post_type=product&#038;p=111"},"modified":"2022-10-30T22:40:29","modified_gmt":"2022-10-30T15:40:29","slug":"tour-du-lich-sapa-2-ngay-1-dem-cat-cat-ham-rong-thac-bac-thac-tinh-yeu","status":"publish","type":"product","link":"http:\/\/mau.hoabinhweb.com\/dulich1\/tours\/tour-du-lich-sapa-2-ngay-1-dem-cat-cat-ham-rong-thac-bac-thac-tinh-yeu\/","title":{"rendered":"Tour du l\u1ecbch Sapa 2 ng\u00e0y 1 \u0111\u00eam C\u00e1t C\u00e1t \u2013 H\u00e0m R\u1ed3ng \u2013 Th\u00e1c B\u1ea1c \u2013 Th\u00e1c T\u00ecnh Y\u00eau"},"content":{"rendered":"<p><strong>\u0110\u1ebfn v\u1edbi\u00a0Tour du l\u1ecbch Sapa 2 ng\u00e0y 1 \u0111\u00eam C\u00e1t C\u00e1t \u2013 H\u00e0m R\u1ed3ng \u2013 Th\u00e1c B\u1ea1c \u2013 Th\u00e1c T\u00ecnh Y\u00eau do c\u00f4ng ty du l\u1ecbch\u00a0The sinh cafe tourist\u00a0du kh\u00e1ch s\u1ebd \u0111\u01b0\u1ee3c tr\u1ea3i nghi\u1ec7m 1 chuy\u1ebfn \u0111i th\u00fa v\u1ecb nh\u1ea5t<\/strong><\/p>\n<h2>Tour du l\u1ecbch Sapa 2 ng\u00e0y 1 \u0111\u00eam C\u00e1t C\u00e1t \u2013 H\u00e0m R\u1ed3ng \u2013 Th\u00e1c B\u1ea1c \u2013 Th\u00e1c T\u00ecnh Y\u00eau<\/h2>\n<p>C\u00f9ng the sinh cafe \u0111i xuy\u00ean qua tuy\u1ebfn \u0111\u01b0\u1eddng L\u00e0o cai d\u00e0i 265km, \u0111\u1ec3 c\u00f3 th\u1ec3 \u0111\u1ebfn th\u0103m \u0111\u01b0\u1ee3c \u0111\u1ecba \u0111i\u1ec3m du l\u1ecbch n\u1ed5i ti\u1ebfng Sapa. \u0110\u1ebfn v\u1edbi th\u1ecb tr\u1ea5n m\u1edd s\u01b0\u01a1ng Sapa, du kh\u00e1ch s\u1ebd \u0111\u01b0\u1ee3c th\u01b0\u1edfng th\u1ee9c c\u00e1i n\u1eafng v\u00e0ng d\u1ecbu nh\u1eb9, khi\u1ebfn cho t\u00e2m h\u1ed3n ta d\u01b0\u1eddng nh\u01b0 mu\u1ed1n bay b\u1ed5ng. H\u00e0nh tr\u00ecnh \u0111\u1ebfn v\u1edbi tour du l\u1ecbch du kh\u00e1ch s\u1ebd \u0111\u01b0\u1ee3c \u0111\u1ebfn\u00a0<strong>B<em>\u1ea3n C\u00e1t C\u00e1t\u00a0c\u1ee7a ng\u01b0\u1eddi H\\\u2019 Mong, th\u0103m Th\u00e1c B\u1ea1c, Th\u00e1c T\u00ecnh Y\u00eau, C\u1ed3ng Tr\u1eddi, khu du l\u1ecbch H\u00e0m R\u1ed3ng\u00a0n\u1ed5i ti\u1ebfng c\u1ee7a Sapa.\u00a0<\/em><\/strong>N\u1eb1m s\u00e1t ngay ch\u00e2n Sapa l\u00e0 d\u00e3y n\u00fai h\u00e0m r\u1ed3ng, qu\u00fd kh\u00e1ch d\u01b0\u1eddng nh\u01b0 s\u1ebd b\u1ecb l\u1ea1c v\u00e0o v\u01b0\u1eddn ti\u00ean c\u1ea3nh, v\u00e0 qu\u00fd kh\u00e1ch c\u00f2n \u0111\u01b0\u1ee3c \u0111\u1ebfn v\u1edbi Th\u00e1c B\u1ea1c n\u01a1i \u0111\u01b0\u1ee3c m\u1ec7nh danh l\u00e0 ng\u1ecdn th\u00e1c h\u00f9ng v\u0129 nh\u1ea5t.<\/p>\n<h3>Day 1:\u00a0Tour du l\u1ecbch Sapa 2 ng\u00e0y 1 \u0111\u00eam\u00a0C\u00e1t C\u00e1t<\/h3>\n<div>\n<div><strong>06h45\u00a0\u2013 7h15:<\/strong>\u00a0Xe \u00f4 t\u00f4 c\u1ee7a\u00a0<strong>The sinh cafe tourist<\/strong>\u00a0s\u1ebd \u0111\u00f3n qu\u00fd kh\u00e1ch t\u1ea1i \u0111i\u1ec3m h\u1eb9n xu\u1ea5t ph\u00e1t\u00a0tour du l\u1ecbch sapa b\u1eb1ng \u00f4 t\u00f4. Tr\u00ean \u0111\u01b0\u1eddng \u0111i du kh\u00e1ch s\u1ebd \u0111\u01b0\u1ee3c chi\u00eam ng\u01b0\u1ee1ng v\u1ebb \u0111\u1eb9p hoang s\u01a1 c\u1ee7a v\u00f9ng n\u00fai T\u00e2y B\u1eafc, v\u1edbi nh\u1eefng th\u1eeda ru\u1ed9ng B\u1eadc thang t\u1ea1o n\u00ean b\u1ee9c tranh thi\u00ean nhi\u00ean ho\u00e0n m\u1ef9.<\/div>\n<div><img loading=\"lazy\" decoding=\"async\" class=\"http:\/\/thesinhcafetouronline.com\/danh-muc\/du-lich-mien-bac\/tour-du-lich-sapa\/ aligncenter\" title=\"Tour Du L\u1ecbch Sapa\" src=\"http:\/\/www.sapalaocai.com\/userfiles\/cong-troi-sapa.jpg\" alt=\"Tour Du L\u1ecbch Sapa\" width=\"503\" height=\"335\" \/><\/div>\n<div>\u00a0<strong>Tr\u01b0a 12h30:<\/strong>\u00a0Du kh\u00e1ch \u0111\u1ebfn nh\u1eadn ph\u00f2ng \u0103n tr\u01b0a v\u00e0 ngh\u1ec9 ng\u01a1i.<\/div>\n<p><strong>14h30:<\/strong>\u00a0Du kh\u00e1ch s\u1ebd c\u00f9ng HDV\u00a0\u0111i tham quan b\u1ea3n Cat Cat \u2013 Th\u00e1c Th\u1ee7y \u0110i\u1ec7n \u2013 Su\u1ed1i Ti\u00ean Sa c\u1ee7a D\u00e2n t\u1ed9c M\u00f4ng \u0111en (\u0111i b\u1ed9 3,5km). T\u1edbi b\u1ea3n du kh\u00e1ch c\u00f3 th\u1ec3 ch\u1ee5p \u1ea3nh, c\u00f3 th\u1ec3 t\u00ecm hi\u1ec3u n\u00e9t v\u0103n h\u00f3a c\u1ee7a d\u00e2n t\u1ed9c T\u00e0y.<\/p>\n<p><b>Bu\u1ed5i t\u1ed1i:\u00a0<\/b>Du kh\u00e1ch ngh\u1ec9 ng\u01a1i, t\u1ef1 do \u0111i d\u1ea1o th\u1ecb tr\u1ea5n Sapa, mua s\u1eafm \u0111\u1ed3 l\u01b0u ni\u1ec7m. \u0102n t\u1ed1i nh\u00e0 h\u00e0ng.<\/p>\n<h3>Day 2:\u00a0Tour du l\u1ecbch Sapa 2 ng\u00e0y 1 \u0111\u00eam\u00a0<strong><em>Sapa \u2013 N\u00fai H\u00e0m R\u1ed3ng \u2013 C\u1ed5ng Tr\u1eddi \u2013 Th\u00e1c B\u1ea1c \u2013 Th\u00e1c T\u00ecnh Y\u00eau \u2013 Sapa \u2013 H\u00e0 N\u1ed9i.<\/em><\/strong><\/h3>\n<p><strong>S\u00e1ng:<\/strong>\u00a0Du kh\u00e1ch th\u1ee9c d\u1eady d\u00f9ng b\u1eefa s\u00e1ng.<\/p>\n<p><strong>8h30:<\/strong>\u00a0HDV\u00a0<strong>The sinh cafe tourist\u00a0<\/strong>c\u1ee7a \u0111o\u00e0n s\u1ebd \u0111\u01b0a Qu\u00fd kh\u00e1ch \u0111i tham quan N\u00fai H\u00e0m R\u1ed3ng \u2013 C\u1ed5ng tr\u1eddi \u2013 V\u01b0\u1eddn Lan 1,v\u01b0\u1eddn lan 2.., v\u01b0\u1eddn Lan Ch\u00e2u \u00c2u, \u0110\u1ecba Lan.<\/p>\n<p><img loading=\"lazy\" decoding=\"async\" class=\"http:\/\/thesinhcafetouronline.com\/danh-muc\/du-lich-mien-bac\/tour-du-lich-sapa\/ aligncenter\" title=\"Tour Du L\u1ecbch Sapa\" src=\"http:\/\/dulichdisanviet.vn\/uploads\/content\/images\/articles\/10745656dc253f6104.99184059.jpg\" alt=\"Tour Du L\u1ecbch Sapa\" width=\"501\" height=\"313\" \/><\/p>\n<p><strong>Tr\u01b0a:<\/strong>\u00a0Du kh\u00e1ch c\u00f9ng \u0111o\u00e0n d\u00f9ng b\u1eefa.<\/p>\n<p><strong>14h00:<\/strong>\u00a0Du kh\u00e1ch c\u00f3 c\u01a1 h\u1ed9i chi\u00eam ng\u1eefng Th\u00e1c B\u1ea1c \u2013 \u0110\u00e8o Tr\u1ea1m T\u00f4n \u2013 Th\u00e1c T\u00ecnh Y\u00eau \u2013 Tuy\u1ebfn \u0111i\u1ec3m \u0111\u01b0\u1ee3c du kh\u00e1ch \u0111\u00e1nh gi\u00e1 r\u1ea5t h\u1ea5p d\u1eabn v\u00e0 \u0111\u00e1ng tham quan.<\/p>\n<p><img loading=\"lazy\" decoding=\"async\" class=\"http:\/\/thesinhcafetouronline.com\/danh-muc\/du-lich-mien-bac\/tour-du-lich-sapa\/ aligncenter\" title=\"Tour Du L\u1ecbch Sapa\" src=\"https:\/\/danviet.mediacdn.vn\/296231569849192448\/2021\/11\/25\/thac-bac-sa-pa-1-1637830303450652962804.jpg\" alt=\"Tour Du L\u1ecbch Sapa\" width=\"530\" height=\"298\" \/><\/p>\n<p><strong>15h30:<\/strong>\u00a0Du kh\u00e1ch di chuy\u1ec3n l\u00ean xe quay v\u1ec1 H\u00e0 N\u1ed9i<\/p>\n<p><strong>\u0110\u1ebfn 22h00:<\/strong>\u00a0Du kh\u00e1ch s\u1ebd c\u00f3 m\u1eb7t \u1edf h\u00e0 N\u1ed9i v\u00e0 k\u1ebft th\u00fac\u00a0<em><strong>Tour du l\u1ecbch Sapa 2 ng\u00e0y 1 \u0111\u00eam C\u00e1t C\u00e1t \u2013 H\u00e0m R\u1ed3ng \u2013 Th\u00e1c B\u1ea1c \u2013 Th\u00e1c T\u00ecnh Y\u00eau<\/strong><\/em>\u00a0do the sinh cafe tours t\u1ed5 ch\u1ee9c.<\/p>\n<h3><strong>B\u00c1O GI\u00c1 TOUR DU L\u1ecaCH GH\u00c9P H\u00c0NG NG\u00c0Y\/KH\u00c1CH<\/strong><\/h3>\n<p>Kh\u00e1ch S\u1ea1n 2 Sao: 2.850.000vnd\/1 Kh\u00e1ch<\/p>\n<\/div>\n<div>Kh\u00e1ch S\u1ea1n 2 Sao: 3.250.000vnd\/1 Kh\u00e1ch<\/div>\n<div>\n<p>Kh\u00e1ch S\u1ea1n 2 Sao: 3.850.000vnd\/1 Kh\u00e1ch<\/p>\n<div><\/div>\n<div><strong>GI\u00c1 D\u00c0NH CHO TR\u1eba EM THAM GIA TOUR DU L\u1ecaCH<\/strong><\/div>\n<div>\n<p>\u2013 Tr\u1ebb em t\u1eeb 1 \u0111\u1ebfn 4\u00a0tu\u1ed5i mi\u1ec5n ph\u00ed gi\u00e1 tour, ph\u1ee5 huynh t\u1ef1 lo cho b\u00e9.<br \/>\n\u2013 Tr\u1ebb em 5 \u2013 8 tu\u1ed5i ch\u1ec9 ph\u1ea3i t\u00ednh 75% gi\u00e1 tour.<br \/>\n\u2013 Tr\u1ebb em 9 s\u1ebd \u0111\u01b0\u1ee3c t\u00ednh nh\u01b0 gi\u00e1 c\u1ee7a ng\u01b0\u1eddi l\u1edbn.<\/p>\n<div><strong>GI\u00c1\u00a0<em>DU L\u1ecaCH SAPA 2 NG\u00c0Y 1 \u0110\u00caM C\u00c1T C\u00c1T<\/em>\u00a0BAO G\u1ed2M\u00a0<\/strong><\/div>\n<div>\n<p>\u2013 Xe \u00f4 t\u00f4 chuy\u00ean \u0111\u01b0a v\u00e0 \u0111\u00f3n du du kh\u00e1ch trong tour.<br \/>\n\u2013Kh\u00e1ch s\u1ea1n sang tr\u1ecdng c\u00f3 \u0111\u1ea7y \u0111\u1ee7 ti\u1ec7n nghi: 02 \u2013 03 kh\u00e1ch\/ ph\u00f2ng.<br \/>\n\u2013 C\u00f9ng nhau \u0103n nh\u1eefng b\u1eefa \u0103n theo ch\u01b0\u01a1ng tr\u00ecnh tour.<br \/>\n\u2013 H\u01b0\u1edbng d\u1eabn vi\u00ean chuy\u00ean nghi\u1ec7p vui t\u00ednh, nhi\u1ec7t t\u00ecnh.<br \/>\n\u2013 Chi ph\u00ed tham quan t\u1ea1i Sapa.<\/p>\n<p><strong>GI\u00c1 TOUR S\u1ebc KH\u00d4NG BAO G\u1ed2M:<\/strong><br \/>\n\u2013 Thu\u1ebf VAT (10%).<br \/>\n\u2013 C\u00e1c chi ph\u00ed c\u00e1 nh\u00e2n kh\u00e1c (\u0111i\u1ec7n tho\u1ea1i, gi\u1eb7t l\u00e0, \u0111\u1ed3 u\u1ed1ng trong b\u1eefa \u0103n,\u2026).<\/p>\n<\/div>\n<\/div>\n<\/div>\n","protected":false},"excerpt":{"rendered":"<p>\u0110\u1ebfn v\u1edbi\u00a0Tour du l\u1ecbch Sapa 2 ng\u00e0y 1 \u0111\u00eam C\u00e1t C\u00e1t \u2013 H\u00e0m R\u1ed3ng \u2013 Th\u00e1c B\u1ea1c \u2013 Th\u00e1c T\u00ecnh Y\u00eau do c\u00f4ng ty du l\u1ecbch\u00a0The sinh cafe tourist\u00a0du kh\u00e1ch s\u1ebd \u0111\u01b0\u1ee3c tr\u1ea3i nghi\u1ec7m 1 chuy\u1ebfn \u0111i th\u00fa v\u1ecb nh\u1ea5t Tour du l\u1ecbch Sapa 2 ng\u00e0y 1 \u0111\u00eam C\u00e1t C\u00e1t \u2013 H\u00e0m R\u1ed3ng \u2013 Th\u00e1c<\/p>\n","protected":false},"featured_media":202,"template":"","meta":[],"product_cat":[19,20,25,26],"product_tag":[],"class_list":["post-111","product","type-product","status-publish","has-post-thumbnail","hentry","product_cat-tour-noi-bat","product_cat-tour-khach-doan","product_cat-tour-nuoc-ngoai","product_cat-tour-trong-nuoc"],"acf":[],"yoast_head":"<!-- This site is optimized with the Yoast SEO plugin v19.13 - https:\/\/yoast.com\/wordpress\/plugins\/seo\/ -->\n<title>Tour du l\u1ecbch Sapa 2 ng\u00e0y 1 \u0111\u00eam C\u00e1t C\u00e1t \u2013 H\u00e0m R\u1ed3ng \u2013 Th\u00e1c B\u1ea1c \u2013 Th\u00e1c T\u00ecnh Y\u00eau - Viet Tour<\/title>\n<meta name=\"robots\" content=\"noindex, follow, max-snippet:-1, max-image-preview:large, max-video-preview:-1\" \/>\n<meta property=\"og:locale\" content=\"vi_VN\" \/>\n<meta property=\"og:type\" content=\"article\" \/>\n<meta property=\"og:title\" content=\"Tour du l\u1ecbch Sapa 2 ng\u00e0y 1 \u0111\u00eam C\u00e1t C\u00e1t \u2013 H\u00e0m R\u1ed3ng \u2013 Th\u00e1c B\u1ea1c \u2013 Th\u00e1c T\u00ecnh Y\u00eau - Viet Tour\" \/>\n<meta property=\"og:description\" content=\"\u0110\u1ebfn v\u1edbi\u00a0Tour du l\u1ecbch Sapa 2 ng\u00e0y 1 \u0111\u00eam C\u00e1t C\u00e1t \u2013 H\u00e0m R\u1ed3ng \u2013 Th\u00e1c B\u1ea1c \u2013 Th\u00e1c T\u00ecnh Y\u00eau do c\u00f4ng ty du l\u1ecbch\u00a0The sinh cafe tourist\u00a0du kh\u00e1ch s\u1ebd \u0111\u01b0\u1ee3c tr\u1ea3i nghi\u1ec7m 1 chuy\u1ebfn \u0111i th\u00fa v\u1ecb nh\u1ea5t Tour du l\u1ecbch Sapa 2 ng\u00e0y 1 \u0111\u00eam C\u00e1t C\u00e1t \u2013 H\u00e0m R\u1ed3ng \u2013 Th\u00e1c\" \/>\n<meta property=\"og:url\" content=\"http:\/\/mau.hoabinhweb.com\/dulich1\/tours\/tour-du-lich-sapa-2-ngay-1-dem-cat-cat-ham-rong-thac-bac-thac-tinh-yeu\/\" \/>\n<meta property=\"og:site_name\" content=\"Viet Tour\" \/>\n<meta property=\"article:modified_time\" content=\"2022-10-30T15:40:29+00:00\" \/>\n<meta property=\"og:image\" content=\"http:\/\/mau.hoabinhweb.com\/dulich1\/wp-content\/uploads\/2020\/08\/tour-sapa3.jpg\" \/>\n\t<meta property=\"og:image:width\" content=\"900\" \/>\n\t<meta property=\"og:image:height\" content=\"506\" \/>\n\t<meta property=\"og:image:type\" content=\"image\/jpeg\" \/>\n<meta name=\"twitter:card\" content=\"summary_large_image\" \/>\n<meta name=\"twitter:label1\" content=\"\u01af\u1edbc t\u00ednh th\u1eddi gian \u0111\u1ecdc\" \/>\n\t<meta name=\"twitter:data1\" content=\"5 ph\u00fat\" \/>\n<script type=\"application\/ld+json\" class=\"yoast-schema-graph\">{\"@context\":\"https:\/\/schema.org\",\"@graph\":[{\"@type\":\"WebPage\",\"@id\":\"http:\/\/mau.hoabinhweb.com\/dulich1\/tours\/tour-du-lich-sapa-2-ngay-1-dem-cat-cat-ham-rong-thac-bac-thac-tinh-yeu\/\",\"url\":\"http:\/\/mau.hoabinhweb.com\/dulich1\/tours\/tour-du-lich-sapa-2-ngay-1-dem-cat-cat-ham-rong-thac-bac-thac-tinh-yeu\/\",\"name\":\"Tour du l\u1ecbch Sapa 2 ng\u00e0y 1 \u0111\u00eam C\u00e1t C\u00e1t \u2013 H\u00e0m R\u1ed3ng \u2013 Th\u00e1c B\u1ea1c \u2013 Th\u00e1c T\u00ecnh Y\u00eau - Viet Tour\",\"isPartOf\":{\"@id\":\"http:\/\/mau.hoabinhweb.com\/dulich1\/#website\"},\"datePublished\":\"2020-08-21T00:40:01+00:00\",\"dateModified\":\"2022-10-30T15:40:29+00:00\",\"breadcrumb\":{\"@id\":\"http:\/\/mau.hoabinhweb.com\/dulich1\/tours\/tour-du-lich-sapa-2-ngay-1-dem-cat-cat-ham-rong-thac-bac-thac-tinh-yeu\/#breadcrumb\"},\"inLanguage\":\"vi\",\"potentialAction\":[{\"@type\":\"ReadAction\",\"target\":[\"http:\/\/mau.hoabinhweb.com\/dulich1\/tours\/tour-du-lich-sapa-2-ngay-1-dem-cat-cat-ham-rong-thac-bac-thac-tinh-yeu\/\"]}]},{\"@type\":\"BreadcrumbList\",\"@id\":\"http:\/\/mau.hoabinhweb.com\/dulich1\/tours\/tour-du-lich-sapa-2-ngay-1-dem-cat-cat-ham-rong-thac-bac-thac-tinh-yeu\/#breadcrumb\",\"itemListElement\":[{\"@type\":\"ListItem\",\"position\":1,\"name\":\"Trang ch\u1ee7\",\"item\":\"http:\/\/mau.hoabinhweb.com\/dulich1\/\"},{\"@type\":\"ListItem\",\"position\":2,\"name\":\"Tours\",\"item\":\"http:\/\/mau.hoabinhweb.com\/dulich1\/tours\/\"},{\"@type\":\"ListItem\",\"position\":3,\"name\":\"Tour du l\u1ecbch Sapa 2 ng\u00e0y 1 \u0111\u00eam C\u00e1t C\u00e1t \u2013 H\u00e0m R\u1ed3ng \u2013 Th\u00e1c B\u1ea1c \u2013 Th\u00e1c T\u00ecnh Y\u00eau\"}]},{\"@type\":\"WebSite\",\"@id\":\"http:\/\/mau.hoabinhweb.com\/dulich1\/#website\",\"url\":\"http:\/\/mau.hoabinhweb.com\/dulich1\/\",\"name\":\"Viet Tour\",\"description\":\"\",\"potentialAction\":[{\"@type\":\"SearchAction\",\"target\":{\"@type\":\"EntryPoint\",\"urlTemplate\":\"http:\/\/mau.hoabinhweb.com\/dulich1\/?s={search_term_string}\"},\"query-input\":\"required name=search_term_string\"}],\"inLanguage\":\"vi\"}]}<\/script>\n<!-- \/ Yoast SEO plugin. -->","yoast_head_json":{"title":"Tour du l\u1ecbch Sapa 2 ng\u00e0y 1 \u0111\u00eam C\u00e1t C\u00e1t \u2013 H\u00e0m R\u1ed3ng \u2013 Th\u00e1c B\u1ea1c \u2013 Th\u00e1c T\u00ecnh Y\u00eau - Viet Tour","robots":{"index":"noindex","follow":"follow","max-snippet":"max-snippet:-1","max-image-preview":"max-image-preview:large","max-video-preview":"max-video-preview:-1"},"og_locale":"vi_VN","og_type":"article","og_title":"Tour du l\u1ecbch Sapa 2 ng\u00e0y 1 \u0111\u00eam C\u00e1t C\u00e1t \u2013 H\u00e0m R\u1ed3ng \u2013 Th\u00e1c B\u1ea1c \u2013 Th\u00e1c T\u00ecnh Y\u00eau - Viet Tour","og_description":"\u0110\u1ebfn v\u1edbi\u00a0Tour du l\u1ecbch Sapa 2 ng\u00e0y 1 \u0111\u00eam C\u00e1t C\u00e1t \u2013 H\u00e0m R\u1ed3ng \u2013 Th\u00e1c B\u1ea1c \u2013 Th\u00e1c T\u00ecnh Y\u00eau do c\u00f4ng ty du l\u1ecbch\u00a0The sinh cafe tourist\u00a0du kh\u00e1ch s\u1ebd \u0111\u01b0\u1ee3c tr\u1ea3i nghi\u1ec7m 1 chuy\u1ebfn \u0111i th\u00fa v\u1ecb nh\u1ea5t Tour du l\u1ecbch Sapa 2 ng\u00e0y 1 \u0111\u00eam C\u00e1t C\u00e1t \u2013 H\u00e0m R\u1ed3ng \u2013 Th\u00e1c","og_url":"http:\/\/mau.hoabinhweb.com\/dulich1\/tours\/tour-du-lich-sapa-2-ngay-1-dem-cat-cat-ham-rong-thac-bac-thac-tinh-yeu\/","og_site_name":"Viet Tour","article_modified_time":"2022-10-30T15:40:29+00:00","og_image":[{"width":900,"height":506,"url":"http:\/\/mau.hoabinhweb.com\/dulich1\/wp-content\/uploads\/2020\/08\/tour-sapa3.jpg","type":"image\/jpeg"}],"twitter_card":"summary_large_image","twitter_misc":{"\u01af\u1edbc t\u00ednh th\u1eddi gian \u0111\u1ecdc":"5 ph\u00fat"},"schema":{"@context":"https:\/\/schema.org","@graph":[{"@type":"WebPage","@id":"http:\/\/mau.hoabinhweb.com\/dulich1\/tours\/tour-du-lich-sapa-2-ngay-1-dem-cat-cat-ham-rong-thac-bac-thac-tinh-yeu\/","url":"http:\/\/mau.hoabinhweb.com\/dulich1\/tours\/tour-du-lich-sapa-2-ngay-1-dem-cat-cat-ham-rong-thac-bac-thac-tinh-yeu\/","name":"Tour du l\u1ecbch Sapa 2 ng\u00e0y 1 \u0111\u00eam C\u00e1t C\u00e1t \u2013 H\u00e0m R\u1ed3ng \u2013 Th\u00e1c B\u1ea1c \u2013 Th\u00e1c T\u00ecnh Y\u00eau - Viet Tour","isPartOf":{"@id":"http:\/\/mau.hoabinhweb.com\/dulich1\/#website"},"datePublished":"2020-08-21T00:40:01+00:00","dateModified":"2022-10-30T15:40:29+00:00","breadcrumb":{"@id":"http:\/\/mau.hoabinhweb.com\/dulich1\/tours\/tour-du-lich-sapa-2-ngay-1-dem-cat-cat-ham-rong-thac-bac-thac-tinh-yeu\/#breadcrumb"},"inLanguage":"vi","potentialAction":[{"@type":"ReadAction","target":["http:\/\/mau.hoabinhweb.com\/dulich1\/tours\/tour-du-lich-sapa-2-ngay-1-dem-cat-cat-ham-rong-thac-bac-thac-tinh-yeu\/"]}]},{"@type":"BreadcrumbList","@id":"http:\/\/mau.hoabinhweb.com\/dulich1\/tours\/tour-du-lich-sapa-2-ngay-1-dem-cat-cat-ham-rong-thac-bac-thac-tinh-yeu\/#breadcrumb","itemListElement":[{"@type":"ListItem","position":1,"name":"Trang ch\u1ee7","item":"http:\/\/mau.hoabinhweb.com\/dulich1\/"},{"@type":"ListItem","position":2,"name":"Tours","item":"http:\/\/mau.hoabinhweb.com\/dulich1\/tours\/"},{"@type":"ListItem","position":3,"name":"Tour du l\u1ecbch Sapa 2 ng\u00e0y 1 \u0111\u00eam C\u00e1t C\u00e1t \u2013 H\u00e0m R\u1ed3ng \u2013 Th\u00e1c B\u1ea1c \u2013 Th\u00e1c T\u00ecnh Y\u00eau"}]},{"@type":"WebSite","@id":"http:\/\/mau.hoabinhweb.com\/dulich1\/#website","url":"http:\/\/mau.hoabinhweb.com\/dulich1\/","name":"Viet Tour","description":"","potentialAction":[{"@type":"SearchAction","target":{"@type":"EntryPoint","urlTemplate":"http:\/\/mau.hoabinhweb.com\/dulich1\/?s={search_term_string}"},"query-input":"required name=search_term_string"}],"inLanguage":"vi"}]}},"_links":{"self":[{"href":"http:\/\/mau.hoabinhweb.com\/dulich1\/wp-json\/wp\/v2\/product\/111"}],"collection":[{"href":"http:\/\/mau.hoabinhweb.com\/dulich1\/wp-json\/wp\/v2\/product"}],"about":[{"href":"http:\/\/mau.hoabinhweb.com\/dulich1\/wp-json\/wp\/v2\/types\/product"}],"wp:featuredmedia":[{"embeddable":true,"href":"http:\/\/mau.hoabinhweb.com\/dulich1\/wp-json\/wp\/v2\/media\/202"}],"wp:attachment":[{"href":"http:\/\/mau.hoabinhweb.com\/dulich1\/wp-json\/wp\/v2\/media?parent=111"}],"wp:term":[{"taxonomy":"product_cat","embeddable":true,"href":"http:\/\/mau.hoabinhweb.com\/dulich1\/wp-json\/wp\/v2\/product_cat?post=111"},{"taxonomy":"product_tag","embeddable":true,"href":"http:\/\/mau.hoabinhweb.com\/dulich1\/wp-json\/wp\/v2\/product_tag?post=111"}],"curies":[{"name":"wp","href":"https:\/\/api.w.org\/{rel}","templated":true}]}}