{"id":106,"date":"2020-08-21T07:36:19","date_gmt":"2020-08-21T00:36:19","guid":{"rendered":"http:\/\/mau.hoabinhweb.com\/dulich1\/?post_type=product&#038;p=106"},"modified":"2022-12-25T21:21:44","modified_gmt":"2022-12-25T14:21:44","slug":"tour-du-lich-sapa-3-dem-2-ngay-cat-cat-ham-rong","status":"publish","type":"product","link":"http:\/\/mau.hoabinhweb.com\/dulich1\/tours\/tour-du-lich-sapa-3-dem-2-ngay-cat-cat-ham-rong\/","title":{"rendered":"Tour du l\u1ecbch Sapa 3 \u0111\u00eam 2 ng\u00e0y C\u00e1t C\u00e1t &#8211; H\u00e0m R\u1ed3ng"},"content":{"rendered":"<p>TOUR DU L\u1ecaCH SAPA 3 \u0110\u00caM 2 NG\u00c0Y C\u00c1T C\u00c1T \u2013 H\u00c0M R\u1ed2NG<\/p>\n<h2><strong>\u00a0\u0110\u00eam 1: H\u00e0 N\u1ed9i \u2013 Sapa<\/strong><\/h2>\n<p><strong>L\u1ef1a ch\u1ecdn di chuy\u1ec3n b\u1eb1ng T\u00e0u cho\u00a0Tour du l\u1ecbch sapa\u00a0<\/strong><\/p>\n<p>-19h30 H\u01b0\u1edbng d\u1eabn vi\u00ean c\u1ee7a Viet Tours s\u1ebd \u0111\u00f3n qu\u00fd kh\u00e1ch v\u00e0 \u0111\u01b0a qu\u00fd kh\u00e1ch ra Ga H\u00e0 N\u1ed9i (Ga H\u00e0ng C\u1ecf)<\/p>\n<p>-Sau \u0111\u00f3 qu\u00fd kh\u00e1ch s\u1ebd l\u00ean t\u00e0u v\u00e0 di chuy\u1ec3n l\u00ean sapa trong th\u1eddi gian kho\u1ea3ng 8 gi\u1edd \u0111\u1ed3ng h\u1ed3<\/p>\n<p>-5h s\u00e1ng t\u00e0u s\u1ebd d\u1eebng \u1edf Ga l\u00e0o cai, qu\u00fd kh\u00e1ch xu\u1ed1ng t\u00e0u v\u00e0 l\u00ean xe \u00f4t\u00f4 di chuy\u1ec3n l\u00ean Sapa<\/p>\n<p><strong>L\u1ef1a ch\u1ecdn di chuy\u1ec3n b\u1eb1ng xe \u00d4T\u00f4<\/strong><\/p>\n<p><strong>-2<\/strong><strong>1<\/strong><strong>h00:\u00a0<\/strong>L\u00e1i xe v\u00e0 h\u01b0\u1edbng d\u1eabn s\u1ebd \u0111\u00f3n qu\u00fd kh\u00e1ch t\u1ea1i \u0111\u1ecba \u0111i\u1ec3m h\u1eb9n sau \u0111\u00f3 kh\u1edfi h\u00e0nh l\u00ean sapa trong kho\u1ea3ng th\u1eddi gian 5 gi\u1edd \u0111\u1ed3ng h\u1ed3<\/p>\n<p>-3h30 s\u00e1ng xe s\u1ebd t\u1edbi Sapa nh\u01b0ng do qu\u00e1 s\u1edbm th\u00ec qu\u00fd kh\u00e1ch c\u00f3 th\u1ec3 ng\u1ee7 tr\u00ean xe t\u1edbi 6h s\u00e1ng<\/p>\n<p>-6h s\u00e1ng h\u01b0\u1edbng d\u1eabn vi\u00ean c\u1ee7a ch\u00fang t\u00f4i s\u1ebd ti\u1ebfn h\u00e0nh l\u00e0m th\u1ee7 t\u1ee5c nh\u1eadn ph\u00f2ng kh\u00e1ch s\u1ea1n cho qu\u00fd kh\u00e1ch<\/p>\n<p><img loading=\"lazy\" decoding=\"async\" class=\"http:\/\/thesinhcafetouronline.com\/danh-muc\/du-lich-mien-bac\/tour-du-lich-sapa\/ aligncenter wp-image-1890\" title=\"Tour Du L\u1ecbch Sapa\" src=\"http:\/\/thesinhcafetourist.com.vn\/wp-content\/uploads\/2018\/02\/tour-du-lich-sapa-3-dem-2-ngay1.jpg\" sizes=\"(max-width: 500px) 100vw, 500px\" srcset=\"http:\/\/thesinhcafetourist.com.vn\/wp-content\/uploads\/2018\/02\/tour-du-lich-sapa-3-dem-2-ngay1.jpg 500w, http:\/\/thesinhcafetourist.com.vn\/wp-content\/uploads\/2018\/02\/tour-du-lich-sapa-3-dem-2-ngay1-300x180.jpg 300w\" alt=\"Tour Du L\u1ecbch Sapa \" width=\"530\" height=\"318\" \/><\/p>\n<h2><strong>Ng\u00e0y 1:Th\u0103m b\u1ea3n C\u00e1t C\u00e1t<\/strong><\/h2>\n<p><strong>\u2013 9<\/strong><strong>h00<\/strong><strong>\u00a0\u2013 9h30<\/strong><strong>:<\/strong>\u00a0Sau khi \u0103n s\u00e1ng,\u00a0qu\u00fd kh\u00e1ch s\u1ebd \u0111\u1ebfn th\u0103m quan\u00a0<strong>b\u1ea3n C\u00e1t C\u00e1t<\/strong>\u00a0c\u1ee7a ng\u01b0\u1eddi d\u00e2n t\u1ed9c H`Mong \u2013 b\u1ea3n g\u1ea7n v\u1edbi th\u1ecb tr\u1ea5n Sapa nh\u1ea5t \u2013 kho\u1ea3ng 2km c\u00e1ch th\u1ecb tr\u1ea5n Sapa. T\u1eeb \u0111\u1ea7u th\u1ebf k\u1ef7 20, ng\u01b0\u1eddi Ph\u00e1p \u0111\u00e3 ph\u00e1t hi\u1ec7n ra B\u1ea3n xinh \u0111\u1eb9p n\u00e0y v\u00e0 ch\u1ecdn \u0111\u00e2y l\u00e0m n\u01a1i ngh\u1ec9 d\u01b0\u1ee1ng cho c\u00e1c quan ch\u1ee9c ng\u01b0\u1eddi Ph\u00e1p. \u0110\u1ebfn v\u1edbi b\u1ea3n C\u00e1t C\u00e1t, qu\u00fd kh\u00e1ch kh\u00f4ng nh\u1eefng \u0111\u01b0\u1ee3c t\u00ecm hi\u1ec3u , kh\u00e1m ph\u00e1 cu\u1ed9c s\u1ed1ng c\u1ee7a nh\u1eefng ng\u01b0\u1eddi d\u00e2n t\u1ed9c H`Mong n\u01a1i \u0111\u00e2y m\u00e0 c\u00f2n \u0111\u01b0\u1ee3c chi\u00eam ng\u01b0\u1ee1ng ng\u01b0\u1ee1ng v\u1ebb \u0111\u1eb9p t\u1ef1 nhi\u00ean \u0111\u1ea7y cu\u1ed1n h\u00fat c\u1ee7a<strong>\u00a0<\/strong><strong>Su\u1ed1i V\u00e0ng, Su\u1ed1i B\u1ea1c, Th\u00e1c Ti\u00ean Sa<\/strong><strong>.<\/strong>\u00a0\u0110\u1ed3ng th\u1eddi , qu\u00fd kh\u00e1ch c\u0169ng \u0111\u01b0\u1ee3c ng\u1eafm nh\u00ecn , tham quan c\u00f4ng tr\u00ecnh nh\u00e0 m\u00e1y thu\u1ef7 \u0111i\u1ec7n \u0111\u1ea7u ti\u00ean n\u01a1i \u0111\u00e2y do ng\u01b0\u1eddi Ph\u00e1p x\u00e2y d\u1ef1ng t\u1eeb r\u1ea5t l\u00e2u r\u1ed3i.<\/p>\n<p>Sau khi th\u0103m\u00a0<strong>b\u1ea3n C\u00e1t C\u00e1t<\/strong>, qu\u00fd kh\u00e1ch quay tr\u1edf v\u1ec1 th\u1ecb tr\u1ea5n Sapa ngh\u1ec9 ng\u01a1i \u0103n tr\u01b0a.<\/p>\n<p>Bu\u1ed5i chi\u1ec1u qu\u00fd kh\u00e1ch\u00a0 t\u1ef1 do th\u0103m quan Sapa, th\u0103m quan\u00a0<strong>nh\u00e0 th\u1edd\u00a0 \u0111\u00e1 ,Qu\u1ea3ng Tr\u01b0\u1eddng Sapa<\/strong>\u00a0v\u00e0 t\u1ef1 do mua s\u1eafm.<\/p>\n<p>Sau khi \u0103n t\u1ed1i, qu\u00fd kh\u00e1ch t\u1ef1 d\u1ea1o quanh th\u1ecb tr\u1ea5n Sapa, t\u1eadn h\u01b0\u1edfng v\u1ebb \u0111\u1eb9p b\u00ecnh di c\u1ee7a Sapa khi m\u00e0n \u0111\u00eam bu\u00f4ng xu\u1ed1ng.<\/p>\n<p>Qu\u00fd kh\u00e1ch ngh\u1ec9 \u0111\u00eam t\u1ea1i kh\u00e1ch s\u1ea1n.<\/p>\n<p><img loading=\"lazy\" decoding=\"async\" class=\"http:\/\/thesinhcafetouronline.com\/danh-muc\/du-lich-mien-bac\/tour-du-lich-sapa\/ aligncenter wp-image-1891\" title=\"Tour Du L\u1ecbch Sapa\" src=\"http:\/\/thesinhcafetourist.com.vn\/wp-content\/uploads\/2018\/02\/tour-du-lich-sapa-3-dem-2-ngay.jpg\" sizes=\"(max-width: 500px) 100vw, 500px\" srcset=\"http:\/\/thesinhcafetourist.com.vn\/wp-content\/uploads\/2018\/02\/tour-du-lich-sapa-3-dem-2-ngay.jpg 500w, http:\/\/thesinhcafetourist.com.vn\/wp-content\/uploads\/2018\/02\/tour-du-lich-sapa-3-dem-2-ngay-300x200.jpg 300w\" alt=\"Tour Du L\u1ecbch Sapa\" width=\"523\" height=\"348\" \/><\/p>\n<h2><strong>Ng\u00e0y 2: Du l\u1ecbch Sapa \u2013 th\u0103m n\u00fai H\u00e0m R\u1ed3ng (\u0102n s\u00e1ng + \u0102n tr\u01b0a + \u0102n T\u1ed1i)<\/strong><\/h2>\n<p><strong>7h00:<\/strong>\u00a0Qu\u00fd kh\u00e1ch d\u00f9ng b\u1eefa s\u00e1ng t\u1ea1i kh\u00e1ch s\u1ea1n.<\/p>\n<p>Sau khi \u0103n s\u00e1ng, H\u01b0\u1edbng d\u1eabn vi\u00ean s\u1ebd \u0111\u01b0a qu\u00fd\u00a0 kh\u00e1ch l\u00ean th\u0103m quan\u00a0<strong>n\u00fai H\u00e0m R\u1ed3ng<\/strong>\u00a0\u2013 n\u01a1i \u0111\u01b0\u1ee3c bi\u1ebft \u0111\u1ebfn nh\u01b0 m\u1ed9t Sapa thu nh\u1ecf, nh\u01b0 m\u1ed9t khu v\u01b0\u1eddn th\u01b0\u1ee3ng uy\u1ec3n v\u1edbi tr\u0103m\u00a0 hoa \u0111ua s\u1eafc quanh n\u0103m. \u0110\u1ebfn v\u1edbi H\u00e0m R\u1ed3ng, qu\u00fd kh\u00e1ch \u0111\u01b0\u1ee3c ho\u00e0 m\u00ecnh v\u00e0o thi\u00ean nhi\u00ean,\u00a0 c\u1ea3m nh\u1eadn s\u1ef1 giao thoa c\u1ee7a \u0110\u1ea5t Tr\u1eddi. Qu\u00fd kh\u00e1ch nh\u01b0 l\u1ea1c v\u00e0o ch\u1ed1n b\u1ed3ng lai khi \u0111\u1ebfn v\u1edbi\u00a0<strong>V\u01b0\u1eddn Lan, C\u1ed5ng Tr\u1eddi, S\u00e2n M\u00e2y, V\u01b0\u1eddn \u0110\u00e0o<\/strong>\u2026tr\u00ean n\u00fai H\u00e0m R\u1ed3ng. N\u00fai H\u00e0m R\u1ed3ng th\u1ef1c s\u1ef1 l\u00e0 n\u01a1i l\u00fd t\u01b0\u1edfng cho du kh\u00e1ch ch\u1ee5p v\u00e0 l\u01b0u l\u1ea1i nh\u1eefng b\u1ee9c \u00a0\u1ea3nh tuy\u1ec7t \u0111\u1eb9p.<\/p>\n<p>Sau khi th\u0103m quan n\u00fai H\u00e0m R\u1ed3ng, qu\u00fd kh\u00e1ch tr\u1edf v\u1ec1 kh\u00e1ch s\u1ea1n, ngh\u1ec9 ng\u01a1i \u0103n tr\u01b0a v\u00e0 l\u00e0m th\u1ee7 t\u1ee5c tr\u1ea3 ph\u00f2ng tr\u01b0\u1edbc 12h tr\u01b0a.<\/p>\n<p>Sau khi tr\u1ea3 ph\u00f2ng, qu\u00fd kh\u00e1ch g\u1eedi h\u00e0nh l\u00fd t\u1ea1i kh\u00e1ch s\u1ea1n, t\u1ef1 do \u0111i d\u1ea1o quanh th\u1ecb tr\u1ea5n Sapa, ch\u1ee5p cho m\u00ecnh nh\u1eefng b\u1ee9c \u1ea3nh l\u01b0u ni\u1ec7m v\u00e0 mua s\u1eafm qu\u00e0 cho b\u1ea1n b\u00e8 ng\u01b0\u1eddi th\u00e2n.<\/p>\n<p>\u2013 18h00 xe \u0111\u00f3n xu\u1ed1ng ga L\u00e0o Cai cho chuy\u1ebfn t\u00e0u \u0111\u00eam tr\u1edf v\u1ec1 H\u00e0 N\u1ed9i<br \/>\n( n\u1ebfu qu\u00fd kh\u00e1ch \u0111i b\u1eb1ng xe \u00f4 t\u00f4 21h00 Qu\u00fd kh\u00e1ch l\u00ean xe tr\u1edf v\u1ec1 H\u00e0 N\u1ed9i. Qu\u00fd kh\u00e1ch c\u00f3 m\u1eb7t t\u1ea1i H\u00e0 N\u1ed9i v\u00e0o 4h00 s\u00e1ng ng\u00e0y h\u00f4m sau)<\/p>\n<p>K\u1ebft th\u00fac chuy\u1ebfn\u00a0<strong>Tour du l\u1ecbch sapa\u00a03 \u0111\u00eam 2 ng\u00e0y<\/strong>\u00a0\u0111\u1ea7y th\u00fa v\u1ecb c\u00f9ng<\/p>\n<p><strong><em><u>L\u01b0u \u00fd:<\/u><\/em><\/strong><strong><em>\u00a0V\u1edbi ch\u01b0\u01a1ng tr\u00ecnh 2 ng\u00e0y 3 \u0111\u00eam n\u00e0y,n\u1ebfu qu\u00fd kh\u00e1ch kh\u00f4ng mu\u1ed1n \u0111i chuy\u1ebfn xe l\u00fac 22h00 t\u1eeb Sapa v\u1ec1 H\u00e0 N\u1ed9i, qu\u00fd kh\u00e1ch c\u00f3 th\u1ec3 ch\u1ecdn \u0111i chuy\u1ebfn bus chi\u1ec1u l\u00fac 16h00 t\u1eeb \u00a0Sapa v\u1ec1 H\u00e0 N\u1ed9i v\u00e0 c\u00f3 m\u1eb7t t\u1ea1i H\u00e0 N\u1ed9i l\u00fac 22h00 c\u00f9ng ng\u00e0y.L\u1ecbch tr\u00ecnh\u00a0 v\u00e0 gi\u00e1 tour kh\u00f4ng \u0111\u1ed5i.<\/em><\/strong><\/p>\n<p><img loading=\"lazy\" decoding=\"async\" class=\"http:\/\/thesinhcafetouronline.com\/danh-muc\/du-lich-mien-bac\/tour-du-lich-sapa\/ aligncenter wp-image-1888\" title=\"Tour Sapa\" src=\"http:\/\/thesinhcafetourist.com.vn\/wp-content\/uploads\/2018\/02\/tour-du-lich-sapa-3-dem-2-ngay2.jpg\" sizes=\"(max-width: 576px) 100vw, 576px\" srcset=\"http:\/\/thesinhcafetourist.com.vn\/wp-content\/uploads\/2018\/02\/tour-du-lich-sapa-3-dem-2-ngay2.jpg 576w, http:\/\/thesinhcafetourist.com.vn\/wp-content\/uploads\/2018\/02\/tour-du-lich-sapa-3-dem-2-ngay2-300x172.jpg 300w\" alt=\"Tour Sapa\" width=\"523\" height=\"300\" \/><\/p>\n<p><strong>B\u1ea3n C\u00e1t C\u00e1t trong\u00a0Tour du l\u1ecbch sapa\u00a0 3 \u0111\u00eam 2 ng\u00e0y<\/strong><\/p>\n<h2>GI\u00c1\u00a0TOUR DU L\u1ecaCH SAPA 3 \u0110\u00caM 2 NG\u00c0Y Bao G\u1ed3m<\/h2>\n<p>-kh\u00e1ch s\u1ea1n trung t\u00e2m, ti\u1ec7n nghi sang tr\u1ecdng v\u1edbi m\u1ee9c 2-3*. V\u00e0 gi\u1edbi h\u1ea1n 2 kh\u00e1ch\/ph\u00f2ng ( n\u1ebfu l\u1ebb c\u00f3 th\u1ec3 gh\u00e9p 3 ) nh\u01b0ng v\u1eabn \u0111\u1ea3m b\u1ea3o cho kh\u00e1ch c\u00f3 s\u1ef1 tho\u1ea3i m\u00e1i nh\u1ea5t.<\/p>\n<p>-C\u00e1c b\u1eefa \u0103n theo ch\u01b0\u01a1ng tr\u00ecnh.<\/p>\n<p>-Ph\u00ed tham quan c\u00e1c \u0111i\u1ec3m du l\u1ecbch \u0111\u1eb9p nh\u1ea5t<\/p>\n<p>-H\u01b0\u1edbng d\u1eabn vi\u00ean kinh nghi\u1ec7m, nhi\u1ec7t t\u00ecnh v\u00e0 chu \u0111\u00e1o ph\u1ee5c v\u1ee5 su\u1ed1t tuy\u1ebfn.<\/p>\n<p>GI\u00c1 TOUR KH\u00d4NG BAO G\u1ed2M<\/p>\n<p>-Chi ph\u00ed c\u00e1 nh\u00e2n : \u0111i\u1ec7n tho\u1ea1i , gi\u1eb7t l\u00e0, \u0111\u1ed3 u\u1ed1ng, c\u00e1c d\u1ecbch v\u1ee5 gi\u1ea3i tr\u00ed t\u1ea1i kh\u00e1ch s\u1ea1n<\/p>\n<p>-C\u00e1c \u0111i\u1ec3m tham quan ngo\u00e0i ch\u01b0\u01a1ng tr\u00ecnh<\/p>\n<p>-H\u00f3a \u0111\u01a1n VAT<\/p>\n<p>GI\u00c1 TOUR CHO TR\u1eba EM<\/p>\n<p>-Tr\u1ebb em t\u1eeb 0-4 tu\u1ed5i : Mi\u1ec5n ph\u00ed , gia \u0111\u00ecnh t\u1ef1 lo \u0103n u\u1ed1ng, ch\u1ed7 ng\u1ee7 cho b\u00e9<\/p>\n<p>-Tr\u1ebb em t\u1eeb 5-9 tu\u1ed5i : Thu 70% v\u00e0 ng\u1ee7 c\u00f9ng gi\u01b0\u1eddng v\u1edbi gia \u0111\u00ecnh<\/p>\n<p>-Tr\u1ebb em t\u1eeb 10 tu\u1ed5i tr\u1edf l\u00ean t\u00ednh nh\u01b0 ng\u01b0\u1eddi l\u1edbn<\/p>\n<p><strong>B\u1ea3ng gi\u00e1\u00a0tour du l\u1ecbch Sapa\u00a03 ng\u00e0y 2 \u0111\u00eam H\u00e0m R\u1ed3ng \u2013 C\u00e1t C\u00e1t \u2013 \u00a0T\u1ea3 Van<\/strong><\/p>\n<table border=\"1\" width=\"803\" cellspacing=\"0\" cellpadding=\"0\">\n<tbody>\n<tr>\n<td><strong>STT<\/strong><\/td>\n<td><strong>Kha\u0301ch sa\u0323n ti\u00eau chu\u00e2\u0309n\u00a0<\/strong><\/td>\n<td><strong>Gi\u00e1 Tour<br \/>\n<\/strong><\/td>\n<td><strong>Phu\u0323 thu pho\u0300ng \u0111\u01a1n<br \/>\n\u0111\u1ed1i v\u1edbi 1 kh\u00e1ch<\/strong><\/td>\n<\/tr>\n<tr>\n<td>1<\/td>\n<td>sapa center view Hotel (2 sao)<\/td>\n<td>1.250.000\u0111<\/td>\n<td>200.000\u0111<\/td>\n<\/tr>\n<tr>\n<td>1<\/td>\n<td>Mountain View Hotel (2 sao)<\/td>\n<td>1.35000.000\u0111<\/td>\n<td>250.000\u0111<\/td>\n<\/tr>\n<tr>\n<td>2<\/td>\n<td>Sapa lodge Hotel\u00a0 (3 sao)<\/td>\n<td>\u00a01.850.000\u0111<\/td>\n<td>500.000\u0111<\/td>\n<\/tr>\n<tr>\n<td>3<\/td>\n<td>\u00a0 Sapa Charm Hotel (4 sao)<\/td>\n<td>2.850.000\u0111<\/td>\n<td>700.000\u0111<\/td>\n<\/tr>\n<\/tbody>\n<\/table>\n","protected":false},"excerpt":{"rendered":"<p>TOUR DU L\u1ecaCH SAPA 3 \u0110\u00caM 2 NG\u00c0Y C\u00c1T C\u00c1T \u2013 H\u00c0M R\u1ed2NG \u00a0\u0110\u00eam 1: H\u00e0 N\u1ed9i \u2013 Sapa L\u1ef1a ch\u1ecdn di chuy\u1ec3n b\u1eb1ng T\u00e0u cho\u00a0Tour du l\u1ecbch sapa\u00a0 -19h30 H\u01b0\u1edbng d\u1eabn vi\u00ean c\u1ee7a Viet Tours s\u1ebd \u0111\u00f3n qu\u00fd kh\u00e1ch v\u00e0 \u0111\u01b0a qu\u00fd kh\u00e1ch ra Ga H\u00e0 N\u1ed9i (Ga H\u00e0ng C\u1ecf) -Sau \u0111\u00f3 qu\u00fd kh\u00e1ch<\/p>\n","protected":false},"featured_media":207,"template":"","meta":[],"product_cat":[19,20,25,26],"product_tag":[],"class_list":["post-106","product","type-product","status-publish","has-post-thumbnail","hentry","product_cat-tour-noi-bat","product_cat-tour-khach-doan","product_cat-tour-nuoc-ngoai","product_cat-tour-trong-nuoc"],"acf":[],"yoast_head":"<!-- This site is optimized with the Yoast SEO plugin v19.13 - https:\/\/yoast.com\/wordpress\/plugins\/seo\/ -->\n<title>Tour du l\u1ecbch Sapa 3 \u0111\u00eam 2 ng\u00e0y C\u00e1t C\u00e1t - H\u00e0m R\u1ed3ng - Viet Tour<\/title>\n<meta name=\"robots\" content=\"noindex, follow, max-snippet:-1, max-image-preview:large, max-video-preview:-1\" \/>\n<meta property=\"og:locale\" content=\"vi_VN\" \/>\n<meta property=\"og:type\" content=\"article\" \/>\n<meta property=\"og:title\" content=\"Tour du l\u1ecbch Sapa 3 \u0111\u00eam 2 ng\u00e0y C\u00e1t C\u00e1t - H\u00e0m R\u1ed3ng - Viet Tour\" \/>\n<meta property=\"og:description\" content=\"TOUR DU L\u1ecaCH SAPA 3 \u0110\u00caM 2 NG\u00c0Y C\u00c1T C\u00c1T \u2013 H\u00c0M R\u1ed2NG \u00a0\u0110\u00eam 1: H\u00e0 N\u1ed9i \u2013 Sapa L\u1ef1a ch\u1ecdn di chuy\u1ec3n b\u1eb1ng T\u00e0u cho\u00a0Tour du l\u1ecbch sapa\u00a0 -19h30 H\u01b0\u1edbng d\u1eabn vi\u00ean c\u1ee7a Viet Tours s\u1ebd \u0111\u00f3n qu\u00fd kh\u00e1ch v\u00e0 \u0111\u01b0a qu\u00fd kh\u00e1ch ra Ga H\u00e0 N\u1ed9i (Ga H\u00e0ng C\u1ecf) -Sau \u0111\u00f3 qu\u00fd kh\u00e1ch\" \/>\n<meta property=\"og:url\" content=\"http:\/\/mau.hoabinhweb.com\/dulich1\/tours\/tour-du-lich-sapa-3-dem-2-ngay-cat-cat-ham-rong\/\" \/>\n<meta property=\"og:site_name\" content=\"Viet Tour\" \/>\n<meta property=\"article:modified_time\" content=\"2022-12-25T14:21:44+00:00\" \/>\n<meta property=\"og:image\" content=\"http:\/\/mau.hoabinhweb.com\/dulich1\/wp-content\/uploads\/2020\/08\/tour-sapa8.jpg\" \/>\n\t<meta property=\"og:image:width\" content=\"800\" \/>\n\t<meta property=\"og:image:height\" content=\"533\" \/>\n\t<meta property=\"og:image:type\" content=\"image\/jpeg\" \/>\n<meta name=\"twitter:card\" content=\"summary_large_image\" \/>\n<meta name=\"twitter:label1\" content=\"\u01af\u1edbc t\u00ednh th\u1eddi gian \u0111\u1ecdc\" \/>\n\t<meta name=\"twitter:data1\" content=\"6 ph\u00fat\" \/>\n<script type=\"application\/ld+json\" class=\"yoast-schema-graph\">{\"@context\":\"https:\/\/schema.org\",\"@graph\":[{\"@type\":\"WebPage\",\"@id\":\"http:\/\/mau.hoabinhweb.com\/dulich1\/tours\/tour-du-lich-sapa-3-dem-2-ngay-cat-cat-ham-rong\/\",\"url\":\"http:\/\/mau.hoabinhweb.com\/dulich1\/tours\/tour-du-lich-sapa-3-dem-2-ngay-cat-cat-ham-rong\/\",\"name\":\"Tour du l\u1ecbch Sapa 3 \u0111\u00eam 2 ng\u00e0y C\u00e1t C\u00e1t - H\u00e0m R\u1ed3ng - Viet Tour\",\"isPartOf\":{\"@id\":\"http:\/\/mau.hoabinhweb.com\/dulich1\/#website\"},\"datePublished\":\"2020-08-21T00:36:19+00:00\",\"dateModified\":\"2022-12-25T14:21:44+00:00\",\"breadcrumb\":{\"@id\":\"http:\/\/mau.hoabinhweb.com\/dulich1\/tours\/tour-du-lich-sapa-3-dem-2-ngay-cat-cat-ham-rong\/#breadcrumb\"},\"inLanguage\":\"vi\",\"potentialAction\":[{\"@type\":\"ReadAction\",\"target\":[\"http:\/\/mau.hoabinhweb.com\/dulich1\/tours\/tour-du-lich-sapa-3-dem-2-ngay-cat-cat-ham-rong\/\"]}]},{\"@type\":\"BreadcrumbList\",\"@id\":\"http:\/\/mau.hoabinhweb.com\/dulich1\/tours\/tour-du-lich-sapa-3-dem-2-ngay-cat-cat-ham-rong\/#breadcrumb\",\"itemListElement\":[{\"@type\":\"ListItem\",\"position\":1,\"name\":\"Trang ch\u1ee7\",\"item\":\"http:\/\/mau.hoabinhweb.com\/dulich1\/\"},{\"@type\":\"ListItem\",\"position\":2,\"name\":\"Tours\",\"item\":\"http:\/\/mau.hoabinhweb.com\/dulich1\/tours\/\"},{\"@type\":\"ListItem\",\"position\":3,\"name\":\"Tour du l\u1ecbch Sapa 3 \u0111\u00eam 2 ng\u00e0y C\u00e1t C\u00e1t &#8211; H\u00e0m R\u1ed3ng\"}]},{\"@type\":\"WebSite\",\"@id\":\"http:\/\/mau.hoabinhweb.com\/dulich1\/#website\",\"url\":\"http:\/\/mau.hoabinhweb.com\/dulich1\/\",\"name\":\"Viet Tour\",\"description\":\"\",\"potentialAction\":[{\"@type\":\"SearchAction\",\"target\":{\"@type\":\"EntryPoint\",\"urlTemplate\":\"http:\/\/mau.hoabinhweb.com\/dulich1\/?s={search_term_string}\"},\"query-input\":\"required name=search_term_string\"}],\"inLanguage\":\"vi\"}]}<\/script>\n<!-- \/ Yoast SEO plugin. -->","yoast_head_json":{"title":"Tour du l\u1ecbch Sapa 3 \u0111\u00eam 2 ng\u00e0y C\u00e1t C\u00e1t - H\u00e0m R\u1ed3ng - Viet Tour","robots":{"index":"noindex","follow":"follow","max-snippet":"max-snippet:-1","max-image-preview":"max-image-preview:large","max-video-preview":"max-video-preview:-1"},"og_locale":"vi_VN","og_type":"article","og_title":"Tour du l\u1ecbch Sapa 3 \u0111\u00eam 2 ng\u00e0y C\u00e1t C\u00e1t - H\u00e0m R\u1ed3ng - Viet Tour","og_description":"TOUR DU L\u1ecaCH SAPA 3 \u0110\u00caM 2 NG\u00c0Y C\u00c1T C\u00c1T \u2013 H\u00c0M R\u1ed2NG \u00a0\u0110\u00eam 1: H\u00e0 N\u1ed9i \u2013 Sapa L\u1ef1a ch\u1ecdn di chuy\u1ec3n b\u1eb1ng T\u00e0u cho\u00a0Tour du l\u1ecbch sapa\u00a0 -19h30 H\u01b0\u1edbng d\u1eabn vi\u00ean c\u1ee7a Viet Tours s\u1ebd \u0111\u00f3n qu\u00fd kh\u00e1ch v\u00e0 \u0111\u01b0a qu\u00fd kh\u00e1ch ra Ga H\u00e0 N\u1ed9i (Ga H\u00e0ng C\u1ecf) -Sau \u0111\u00f3 qu\u00fd kh\u00e1ch","og_url":"http:\/\/mau.hoabinhweb.com\/dulich1\/tours\/tour-du-lich-sapa-3-dem-2-ngay-cat-cat-ham-rong\/","og_site_name":"Viet Tour","article_modified_time":"2022-12-25T14:21:44+00:00","og_image":[{"width":800,"height":533,"url":"http:\/\/mau.hoabinhweb.com\/dulich1\/wp-content\/uploads\/2020\/08\/tour-sapa8.jpg","type":"image\/jpeg"}],"twitter_card":"summary_large_image","twitter_misc":{"\u01af\u1edbc t\u00ednh th\u1eddi gian \u0111\u1ecdc":"6 ph\u00fat"},"schema":{"@context":"https:\/\/schema.org","@graph":[{"@type":"WebPage","@id":"http:\/\/mau.hoabinhweb.com\/dulich1\/tours\/tour-du-lich-sapa-3-dem-2-ngay-cat-cat-ham-rong\/","url":"http:\/\/mau.hoabinhweb.com\/dulich1\/tours\/tour-du-lich-sapa-3-dem-2-ngay-cat-cat-ham-rong\/","name":"Tour du l\u1ecbch Sapa 3 \u0111\u00eam 2 ng\u00e0y C\u00e1t C\u00e1t - H\u00e0m R\u1ed3ng - Viet Tour","isPartOf":{"@id":"http:\/\/mau.hoabinhweb.com\/dulich1\/#website"},"datePublished":"2020-08-21T00:36:19+00:00","dateModified":"2022-12-25T14:21:44+00:00","breadcrumb":{"@id":"http:\/\/mau.hoabinhweb.com\/dulich1\/tours\/tour-du-lich-sapa-3-dem-2-ngay-cat-cat-ham-rong\/#breadcrumb"},"inLanguage":"vi","potentialAction":[{"@type":"ReadAction","target":["http:\/\/mau.hoabinhweb.com\/dulich1\/tours\/tour-du-lich-sapa-3-dem-2-ngay-cat-cat-ham-rong\/"]}]},{"@type":"BreadcrumbList","@id":"http:\/\/mau.hoabinhweb.com\/dulich1\/tours\/tour-du-lich-sapa-3-dem-2-ngay-cat-cat-ham-rong\/#breadcrumb","itemListElement":[{"@type":"ListItem","position":1,"name":"Trang ch\u1ee7","item":"http:\/\/mau.hoabinhweb.com\/dulich1\/"},{"@type":"ListItem","position":2,"name":"Tours","item":"http:\/\/mau.hoabinhweb.com\/dulich1\/tours\/"},{"@type":"ListItem","position":3,"name":"Tour du l\u1ecbch Sapa 3 \u0111\u00eam 2 ng\u00e0y C\u00e1t C\u00e1t &#8211; H\u00e0m R\u1ed3ng"}]},{"@type":"WebSite","@id":"http:\/\/mau.hoabinhweb.com\/dulich1\/#website","url":"http:\/\/mau.hoabinhweb.com\/dulich1\/","name":"Viet Tour","description":"","potentialAction":[{"@type":"SearchAction","target":{"@type":"EntryPoint","urlTemplate":"http:\/\/mau.hoabinhweb.com\/dulich1\/?s={search_term_string}"},"query-input":"required name=search_term_string"}],"inLanguage":"vi"}]}},"_links":{"self":[{"href":"http:\/\/mau.hoabinhweb.com\/dulich1\/wp-json\/wp\/v2\/product\/106"}],"collection":[{"href":"http:\/\/mau.hoabinhweb.com\/dulich1\/wp-json\/wp\/v2\/product"}],"about":[{"href":"http:\/\/mau.hoabinhweb.com\/dulich1\/wp-json\/wp\/v2\/types\/product"}],"wp:featuredmedia":[{"embeddable":true,"href":"http:\/\/mau.hoabinhweb.com\/dulich1\/wp-json\/wp\/v2\/media\/207"}],"wp:attachment":[{"href":"http:\/\/mau.hoabinhweb.com\/dulich1\/wp-json\/wp\/v2\/media?parent=106"}],"wp:term":[{"taxonomy":"product_cat","embeddable":true,"href":"http:\/\/mau.hoabinhweb.com\/dulich1\/wp-json\/wp\/v2\/product_cat?post=106"},{"taxonomy":"product_tag","embeddable":true,"href":"http:\/\/mau.hoabinhweb.com\/dulich1\/wp-json\/wp\/v2\/product_tag?post=106"}],"curies":[{"name":"wp","href":"https:\/\/api.w.org\/{rel}","templated":true}]}}