{"id":2,"date":"2020-08-16T08:58:29","date_gmt":"2020-08-16T01:58:29","guid":{"rendered":"http:\/\/mau.hoabinhweb.com\/dongho1\/?page_id=2"},"modified":"2023-04-24T15:39:19","modified_gmt":"2023-04-24T08:39:19","slug":"gioi-thieu","status":"publish","type":"page","link":"http:\/\/mau.hoabinhweb.com\/dongho1\/gioi-thieu\/","title":{"rendered":"Gi\u1edbi thi\u1ec7u"},"content":{"rendered":"<h3><span id=\"linh-vuc-hoat-dong\"><strong>L\u0129nh v\u1ef1c ho\u1ea1t \u0111\u1ed9ng<\/strong><\/span><\/h3>\n<p>Cung c\u1ea5p c\u00e1c lo\u1ea1i \u0111\u1ed3ng h\u1ed3 c\u00e2y cho c\u00e1c kh\u00f4ng gian ph\u00f2ng kh\u00e1ch, ph\u00f2ng th\u1edd chung c\u01b0, bi\u1ec7t th\u1ef1, \u0111\u1ea1i s\u1ea3nh, c\u01a1 quan,\u2026<br \/>\nCung c\u1ea5p c\u00e1c s\u1ea3n ph\u1ea9m \u0111\u1ed3ng h\u1ed3 t\u1ee7 c\u1ed5 cho d\u00e2n s\u01b0u t\u1ea7m \u0111\u1ed3 c\u1ed5, nh\u1eefng ng\u01b0\u1eddi \u0111am m\u00ea \u0111\u1ed3ng h\u1ed3 c\u1ed5<br \/>\nCung c\u1ea5p c\u00e1c lo\u1ea1i \u0111\u1ed3ng h\u1ed3 treo t\u01b0\u1eddng, \u0111\u1ed3ng h\u1ed3 \u0111\u1ec3 b\u00e0n cho c\u00e1c kh\u00f4ng gian s\u1ed1ng kh\u00e1c nhau<br \/>\nT\u01b0 v\u1ea5n s\u1ea3n ph\u1ea9m \u0111\u1ed3ng h\u1ed3 ph\u00f9 h\u1ee3p v\u1edbi kh\u00f4ng gian, phong th\u1ee7y c\u1ee7a gia ch\u1ee7.<\/p>\n<h3><span id=\"su-uy-tin\"><strong>S\u1ef1 uy t\u00edn<\/strong><\/span><\/h3>\n<p>L\u00e0 m\u1ed9t trong nh\u1eefng \u0111\u01a1n v\u1ecb l\u1edbn v\u00e0 c\u00f3 v\u1ecb th\u1ebf t\u1ea1i th\u1ecb tr\u01b0\u1eddng Vi\u1ec7t Nam, ch\u00fang t\u00f4i s\u1edf h\u1eefu ngu\u1ed3n nguy\u00ean li\u1ec7u d\u1ed3i d\u00e0o phong ph\u00fa, \u0111\u1ed9i ng\u0169 ngh\u1ec7 nh\u00e2n l\u00e0nh ngh\u1ec1, am hi\u1ec3u c\u00f9ng h\u1ec7 th\u1ed1ng ph\u00e2n ph\u1ed1i r\u1ed9ng kh\u1eafp c\u00e1c t\u1ec9nh th\u00e0nh. \u0110\u1eb7t quy\u1ec1n l\u1ee3i c\u1ee7a kh\u00e1ch h\u00e0ng l\u00ean h\u00e0ng \u0111\u1ea7u, ch\u00fang t\u00f4i lu\u00f4n coi tr\u1ecdng t\u00ednh th\u1ea9m m\u1ef9, s\u1ef1 ch\u00ednh x\u00e1c v\u00e0 th\u1eddi gian ho\u00e0n th\u00e0nh m\u1ed9t t\u00e1c ph\u1ea9m.<\/p>\n<p>C\u1eeda h\u00e0ng \u0111\u1ed3ng h\u1ed3 c\u00e2y, t\u1ee7 c\u1ed5, treo t\u01b0\u1eddng v\u00e0 \u0111\u1ec3 b\u00e0n ra \u0111\u1eddi v\u1edbi ho\u00e0i b\u00e3o l\u00e0 s\u1ebd t\u1ea1o n\u00ean m\u1ed9t b\u01b0\u1edbc \u0111\u1ed9t ph\u00e1 m\u1edbi trong l\u0129nh v\u1ef1c s\u01b0u t\u1eadp v\u00e0 mua \u0111\u1ed3ng h\u1ed3 \u0111\u1ec3 trang tr\u00ed n\u1ed9i th\u1ea5t, x\u00e2y d\u1ef1ng gi\u00fap kh\u00e1ch h\u00e0ng c\u00f3 th\u1ec3 mua s\u1eafm ti\u1ec7n l\u1ee3i, an to\u00e0n c\u00f9ng nh\u1eefng s\u1ea3n ph\u1ea9m \u0111\u1ed3ng h\u1ed3 \u0111\u1ea1t ch\u1ea5t l\u01b0\u1ee3ng cao, \u0111\u01b0\u1ee3c s\u1ea3n xu\u1ea5t tr\u1ef1c ti\u1ebfp t\u1ea1i Vi\u1ec7t Nam ho\u1eb7c nh\u1eadp kh\u1ea9u t\u1eeb c\u00e1c n\u01b0\u1edbc l\u1edbn tr\u00ean th\u1ebf gi\u1edbi gi\u00fap mang \u0111\u1ebfn s\u1ef1 y\u00ean t\u00e2m, h\u00e0i l\u00f2ng khi kh\u00e1ch h\u00e0ng theo \u0111u\u1ed5i \u0111am m\u00ea v\u1ec1 \u0111\u1ed3ng h\u1ed3 c\u00e2y.<\/p>\n<h3><span id=\"chat-luong-san-pham-va-dich-vu\"><strong>Ch\u1ea5t l\u01b0\u1ee3ng s\u1ea3n ph\u1ea9m v\u00e0 d\u1ecbch v\u1ee5<\/strong><\/span><\/h3>\n<p>Ch\u1ea5t l\u01b0\u1ee3ng s\u1ea3n ph\u1ea9m l\u00e0 y\u1ebfu t\u1ed1 h\u00e0ng \u0111\u1ea7u trong ti\u00eau ch\u00ed ho\u1ea1t \u0111\u1ed9ng c\u1ee7a\u00a0https:\/\/donghocay.com.vn\/, c\u00e1c s\u1ea3n ph\u1ea9m \u0111\u01b0\u1ee3c cung c\u1ea5p b\u00e1n b\u1edfi C\u1eeda H\u00e0ng \u0110\u1ed3ng H\u1ed3 C\u00e2y, T\u1ee7 c\u1ed5, Treo T\u01b0\u1eddng V\u00e0 \u0110\u1ec3 B\u00e0n lu\u00f4n \u0111\u1ea3m b\u1ea3o \u0111\u01b0\u1ee3c c\u00e1c y\u1ebfu t\u1ed1 v\u1ec1 th\u1ea9m m\u1ef9, phong th\u1ee7y, k\u1ef9 thu\u1eadt v\u00e0 \u0111\u1ed9 b\u1ec1n. M\u1ed7i s\u1ea3n ph\u1ea9m c\u1ee7a ch\u00fang t\u00f4i kh\u00f4ng ch\u1ec9 mang v\u1ebb \u0111\u1eb9p m\u00e0 c\u00f2n ch\u1ee9a \u0111\u1ef1ng c\u00e1i h\u1ed3n, c\u00e1i t\u00e2m c\u1ee7a ng\u01b0\u1eddi ngh\u1ec7 nh\u00e2n. V\u1edbi ph\u01b0\u01a1ng ch\u00e2m: S\u1ea3n ph\u1ea9m ch\u1ea5t l\u01b0\u1ee3ng l\u00e0 ni\u1ec1m vui c\u1ee7a kh\u00e1ch h\u00e0ng \u2013 ni\u1ec1m vui c\u1ee7a kh\u00e1ch h\u00e0ng l\u00e0 h\u1ea1nh ph\u00fac c\u1ee7a C\u1eeda H\u00e0ng \u0110\u1ed3ng H\u1ed3 C\u00e2y, T\u1ee7 c\u1ed5, Treo T\u01b0\u1eddng V\u00e0 \u0110\u1ec3 B\u00e0n, ch\u00fang t\u00f4i cam k\u1ebft cung c\u1ea5p, ch\u1ebf t\u00e1c s\u1ea3n ph\u1ea9m b\u1eb1ng t\u00e2m huy\u1ebft c\u1ee7a ng\u01b0\u1eddi l\u00e0m ngh\u1ec1.<\/p>\n<p>\u0110\u1ed3ng H\u1ed3 C\u1ed5 B\u1ea3o Kh\u00e1nh mang \u0111\u1ebfn s\u1ef1 tho\u1ea3i m\u00e1i, h\u00e0i l\u00f2ng\u00a0 t\u1ea5t c\u1ea3 c\u00e1cth\u01b0\u1ee3ng \u0111\u1ebf, kh\u00e1ch h\u00e0ng t\u1eeb nh\u1eefng kh\u00e1ch h\u00e0ng b\u00ecnh d\u00e2n nh\u1ea5t, \u00edt quan t\u00e2m \u0111\u1ebfn \u0111\u1ed3 n\u1ed9i th\u1ea5t \u0111\u1ebfn nh\u1eefng kh\u00e1ch h\u00e0ng cao c\u1ea5p, h\u1ea1ng sang. T\u1eeb \u0111\u00f3, ch\u00fang t\u00f4i h\u01b0\u1edbng \u0111\u1ebfn vi\u1ec7c x\u00e2y d\u1ef1ng v\u0103n h\u00f3a ti\u00eau d\u00f9ng v\u0103n minh, ti\u1ec7n l\u1ee3i nh\u1ea5t t\u1ea1i Vi\u1ec7t Nam.<\/p>\n","protected":false},"excerpt":{"rendered":"<p>L\u0129nh v\u1ef1c ho\u1ea1t \u0111\u1ed9ng Cung c\u1ea5p c\u00e1c lo\u1ea1i \u0111\u1ed3ng h\u1ed3 c\u00e2y cho c\u00e1c kh\u00f4ng gian ph\u00f2ng kh\u00e1ch, ph\u00f2ng th\u1edd chung c\u01b0, bi\u1ec7t th\u1ef1, \u0111\u1ea1i s\u1ea3nh, c\u01a1 quan,\u2026 Cung c\u1ea5p c\u00e1c s\u1ea3n ph\u1ea9m \u0111\u1ed3ng h\u1ed3 t\u1ee7 c\u1ed5 cho d\u00e2n s\u01b0u t\u1ea7m \u0111\u1ed3 c\u1ed5, nh\u1eefng ng\u01b0\u1eddi \u0111am m\u00ea \u0111\u1ed3ng h\u1ed3 c\u1ed5 Cung c\u1ea5p c\u00e1c lo\u1ea1i \u0111\u1ed3ng h\u1ed3<\/p>\n","protected":false},"author":3,"featured_media":0,"parent":0,"menu_order":0,"comment_status":"closed","ping_status":"closed","template":"","meta":[],"yoast_head":"<!-- This site is optimized with the Yoast SEO plugin v20.5 - https:\/\/yoast.com\/wordpress\/plugins\/seo\/ -->\n<title>Gi\u1edbi thi\u1ec7u - \u0110\u1ed3ng H\u1ed3 C\u1ed5 B\u1ea3o Kh\u00e1nh<\/title>\n<meta name=\"robots\" content=\"noindex, follow, max-snippet:-1, max-image-preview:large, max-video-preview:-1\" \/>\n<meta property=\"og:locale\" content=\"vi_VN\" \/>\n<meta property=\"og:type\" content=\"article\" \/>\n<meta property=\"og:title\" content=\"Gi\u1edbi thi\u1ec7u - \u0110\u1ed3ng H\u1ed3 C\u1ed5 B\u1ea3o Kh\u00e1nh\" \/>\n<meta property=\"og:description\" content=\"L\u0129nh v\u1ef1c ho\u1ea1t \u0111\u1ed9ng Cung c\u1ea5p c\u00e1c lo\u1ea1i \u0111\u1ed3ng h\u1ed3 c\u00e2y cho c\u00e1c kh\u00f4ng gian ph\u00f2ng kh\u00e1ch, ph\u00f2ng th\u1edd chung c\u01b0, bi\u1ec7t th\u1ef1, \u0111\u1ea1i s\u1ea3nh, c\u01a1 quan,\u2026 Cung c\u1ea5p c\u00e1c s\u1ea3n ph\u1ea9m \u0111\u1ed3ng h\u1ed3 t\u1ee7 c\u1ed5 cho d\u00e2n s\u01b0u t\u1ea7m \u0111\u1ed3 c\u1ed5, nh\u1eefng ng\u01b0\u1eddi \u0111am m\u00ea \u0111\u1ed3ng h\u1ed3 c\u1ed5 Cung c\u1ea5p c\u00e1c lo\u1ea1i \u0111\u1ed3ng h\u1ed3\" \/>\n<meta property=\"og:url\" content=\"http:\/\/mau.hoabinhweb.com\/dongho1\/gioi-thieu\/\" \/>\n<meta property=\"og:site_name\" content=\"\u0110\u1ed3ng H\u1ed3 C\u1ed5 B\u1ea3o Kh\u00e1nh\" \/>\n<meta property=\"article:modified_time\" content=\"2023-04-24T08:39:19+00:00\" \/>\n<meta name=\"twitter:card\" content=\"summary_large_image\" \/>\n<meta name=\"twitter:label1\" content=\"\u01af\u1edbc t\u00ednh th\u1eddi gian \u0111\u1ecdc\" \/>\n\t<meta name=\"twitter:data1\" content=\"3 ph\u00fat\" \/>\n<script type=\"application\/ld+json\" class=\"yoast-schema-graph\">{\"@context\":\"https:\/\/schema.org\",\"@graph\":[{\"@type\":\"WebPage\",\"@id\":\"http:\/\/mau.hoabinhweb.com\/dongho1\/gioi-thieu\/\",\"url\":\"http:\/\/mau.hoabinhweb.com\/dongho1\/gioi-thieu\/\",\"name\":\"Gi\u1edbi thi\u1ec7u - \u0110\u1ed3ng H\u1ed3 C\u1ed5 B\u1ea3o Kh\u00e1nh\",\"isPartOf\":{\"@id\":\"http:\/\/mau.hoabinhweb.com\/dongho1\/#website\"},\"datePublished\":\"2020-08-16T01:58:29+00:00\",\"dateModified\":\"2023-04-24T08:39:19+00:00\",\"breadcrumb\":{\"@id\":\"http:\/\/mau.hoabinhweb.com\/dongho1\/gioi-thieu\/#breadcrumb\"},\"inLanguage\":\"vi\",\"potentialAction\":[{\"@type\":\"ReadAction\",\"target\":[\"http:\/\/mau.hoabinhweb.com\/dongho1\/gioi-thieu\/\"]}]},{\"@type\":\"BreadcrumbList\",\"@id\":\"http:\/\/mau.hoabinhweb.com\/dongho1\/gioi-thieu\/#breadcrumb\",\"itemListElement\":[{\"@type\":\"ListItem\",\"position\":1,\"name\":\"Trang ch\u1ee7\",\"item\":\"http:\/\/mau.hoabinhweb.com\/dongho1\/\"},{\"@type\":\"ListItem\",\"position\":2,\"name\":\"Gi\u1edbi thi\u1ec7u\"}]},{\"@type\":\"WebSite\",\"@id\":\"http:\/\/mau.hoabinhweb.com\/dongho1\/#website\",\"url\":\"http:\/\/mau.hoabinhweb.com\/dongho1\/\",\"name\":\"\u0110\u1ed3ng H\u1ed3 C\u1ed5 B\u1ea3o Kh\u00e1nh\",\"description\":\"\",\"potentialAction\":[{\"@type\":\"SearchAction\",\"target\":{\"@type\":\"EntryPoint\",\"urlTemplate\":\"http:\/\/mau.hoabinhweb.com\/dongho1\/?s={search_term_string}\"},\"query-input\":\"required name=search_term_string\"}],\"inLanguage\":\"vi\"}]}<\/script>\n<!-- \/ Yoast SEO plugin. -->","yoast_head_json":{"title":"Gi\u1edbi thi\u1ec7u - \u0110\u1ed3ng H\u1ed3 C\u1ed5 B\u1ea3o Kh\u00e1nh","robots":{"index":"noindex","follow":"follow","max-snippet":"max-snippet:-1","max-image-preview":"max-image-preview:large","max-video-preview":"max-video-preview:-1"},"og_locale":"vi_VN","og_type":"article","og_title":"Gi\u1edbi thi\u1ec7u - \u0110\u1ed3ng H\u1ed3 C\u1ed5 B\u1ea3o Kh\u00e1nh","og_description":"L\u0129nh v\u1ef1c ho\u1ea1t \u0111\u1ed9ng Cung c\u1ea5p c\u00e1c lo\u1ea1i \u0111\u1ed3ng h\u1ed3 c\u00e2y cho c\u00e1c kh\u00f4ng gian ph\u00f2ng kh\u00e1ch, ph\u00f2ng th\u1edd chung c\u01b0, bi\u1ec7t th\u1ef1, \u0111\u1ea1i s\u1ea3nh, c\u01a1 quan,\u2026 Cung c\u1ea5p c\u00e1c s\u1ea3n ph\u1ea9m \u0111\u1ed3ng h\u1ed3 t\u1ee7 c\u1ed5 cho d\u00e2n s\u01b0u t\u1ea7m \u0111\u1ed3 c\u1ed5, nh\u1eefng ng\u01b0\u1eddi \u0111am m\u00ea \u0111\u1ed3ng h\u1ed3 c\u1ed5 Cung c\u1ea5p c\u00e1c lo\u1ea1i \u0111\u1ed3ng h\u1ed3","og_url":"http:\/\/mau.hoabinhweb.com\/dongho1\/gioi-thieu\/","og_site_name":"\u0110\u1ed3ng H\u1ed3 C\u1ed5 B\u1ea3o Kh\u00e1nh","article_modified_time":"2023-04-24T08:39:19+00:00","twitter_card":"summary_large_image","twitter_misc":{"\u01af\u1edbc t\u00ednh th\u1eddi gian \u0111\u1ecdc":"3 ph\u00fat"},"schema":{"@context":"https:\/\/schema.org","@graph":[{"@type":"WebPage","@id":"http:\/\/mau.hoabinhweb.com\/dongho1\/gioi-thieu\/","url":"http:\/\/mau.hoabinhweb.com\/dongho1\/gioi-thieu\/","name":"Gi\u1edbi thi\u1ec7u - \u0110\u1ed3ng H\u1ed3 C\u1ed5 B\u1ea3o Kh\u00e1nh","isPartOf":{"@id":"http:\/\/mau.hoabinhweb.com\/dongho1\/#website"},"datePublished":"2020-08-16T01:58:29+00:00","dateModified":"2023-04-24T08:39:19+00:00","breadcrumb":{"@id":"http:\/\/mau.hoabinhweb.com\/dongho1\/gioi-thieu\/#breadcrumb"},"inLanguage":"vi","potentialAction":[{"@type":"ReadAction","target":["http:\/\/mau.hoabinhweb.com\/dongho1\/gioi-thieu\/"]}]},{"@type":"BreadcrumbList","@id":"http:\/\/mau.hoabinhweb.com\/dongho1\/gioi-thieu\/#breadcrumb","itemListElement":[{"@type":"ListItem","position":1,"name":"Trang ch\u1ee7","item":"http:\/\/mau.hoabinhweb.com\/dongho1\/"},{"@type":"ListItem","position":2,"name":"Gi\u1edbi thi\u1ec7u"}]},{"@type":"WebSite","@id":"http:\/\/mau.hoabinhweb.com\/dongho1\/#website","url":"http:\/\/mau.hoabinhweb.com\/dongho1\/","name":"\u0110\u1ed3ng H\u1ed3 C\u1ed5 B\u1ea3o Kh\u00e1nh","description":"","potentialAction":[{"@type":"SearchAction","target":{"@type":"EntryPoint","urlTemplate":"http:\/\/mau.hoabinhweb.com\/dongho1\/?s={search_term_string}"},"query-input":"required name=search_term_string"}],"inLanguage":"vi"}]}},"_links":{"self":[{"href":"http:\/\/mau.hoabinhweb.com\/dongho1\/wp-json\/wp\/v2\/pages\/2"}],"collection":[{"href":"http:\/\/mau.hoabinhweb.com\/dongho1\/wp-json\/wp\/v2\/pages"}],"about":[{"href":"http:\/\/mau.hoabinhweb.com\/dongho1\/wp-json\/wp\/v2\/types\/page"}],"author":[{"embeddable":true,"href":"http:\/\/mau.hoabinhweb.com\/dongho1\/wp-json\/wp\/v2\/users\/3"}],"replies":[{"embeddable":true,"href":"http:\/\/mau.hoabinhweb.com\/dongho1\/wp-json\/wp\/v2\/comments?post=2"}],"version-history":[{"count":4,"href":"http:\/\/mau.hoabinhweb.com\/dongho1\/wp-json\/wp\/v2\/pages\/2\/revisions"}],"predecessor-version":[{"id":498,"href":"http:\/\/mau.hoabinhweb.com\/dongho1\/wp-json\/wp\/v2\/pages\/2\/revisions\/498"}],"wp:attachment":[{"href":"http:\/\/mau.hoabinhweb.com\/dongho1\/wp-json\/wp\/v2\/media?parent=2"}],"curies":[{"name":"wp","href":"https:\/\/api.w.org\/{rel}","templated":true}]}}