{"id":46,"date":"2022-08-11T13:23:39","date_gmt":"2022-08-11T06:23:39","guid":{"rendered":"http:\/\/mau.hoabinhweb.com\/doanhnghiep3\/?page_id=46"},"modified":"2022-08-11T13:23:39","modified_gmt":"2022-08-11T06:23:39","slug":"lien-he","status":"publish","type":"page","link":"http:\/\/mau.hoabinhweb.com\/doanhnghiep3\/lien-he\/","title":{"rendered":"Li\u00ean h\u1ec7"},"content":{"rendered":"<h2><strong>C\u00f4ng Ty TNHH D\u1ecbch V\u1ee5 C\u00f4ng Ngh\u1ec7 V\u00e0 Truy\u1ec1n Th\u00f4ng Ho\u00e0 B\u00ecnh<\/strong><\/h2>\n<ul>\n<li>\u0110\u1ecba ch\u1ec9: 202 \u0110. T\u00e2n Nhu\u1ec7 II, Thu\u1ef5 Ph\u01b0\u01a1ng, B\u1eafc T\u1eeb Li\u00eam, H\u00e0 N\u1ed9i<\/li>\n<li>\u0110i\u1ec7n tho\u1ea1i: 083 88 160590<\/li>\n<li>Email: webhoabinh@gmail.com<\/li>\n<\/ul>\n<h2>B\u1ea2N \u0110\u1ed2 CH\u1ec8 D\u1eaaN<\/h2>\n<p><iframe loading=\"lazy\" style=\"border: 0;\" src=\"https:\/\/www.google.com\/maps\/embed?pb=!1m18!1m12!1m3!1d3723.9603349290296!2d105.7628751154024!3d21.034273042964763!2m3!1f0!2f0!3f0!3m2!1i1024!2i768!4f13.1!3m3!1m2!1s0x313454b945d1acfb%3A0xbbc62a18bde84e3c!2sMD%20Complex%20Tower!5e0!3m2!1svi!2s!4v1660199178965!5m2!1svi!2s\" width=\"100%\" height=\"450\" allowfullscreen=\"allowfullscreen\"><span data-mce-type=\"bookmark\" style=\"display: inline-block; width: 0px; overflow: hidden; line-height: 0;\" class=\"mce_SELRES_start\">\ufeff<\/span><\/iframe><\/p>\n","protected":false},"excerpt":{"rendered":"<p>C\u00f4ng Ty TNHH D\u1ecbch V\u1ee5 C\u00f4ng Ngh\u1ec7 V\u00e0 Truy\u1ec1n Th\u00f4ng Ho\u00e0 B\u00ecnh \u0110\u1ecba ch\u1ec9: 202 \u0110. T\u00e2n Nhu\u1ec7 II, Thu\u1ef5 Ph\u01b0\u01a1ng, B\u1eafc T\u1eeb Li\u00eam, H\u00e0 N\u1ed9i \u0110i\u1ec7n tho\u1ea1i: 083 88 160590 Email: webhoabinh@gmail.com B\u1ea2N \u0110\u1ed2 CH\u1ec8 D\u1eaaN \ufeff<\/p>\n","protected":false},"author":1,"featured_media":0,"parent":0,"menu_order":0,"comment_status":"closed","ping_status":"closed","template":"","meta":{"footnotes":""},"class_list":["post-46","page","type-page","status-publish","hentry"],"yoast_head":"<!-- This site is optimized with the Yoast SEO plugin v19.5.1 - https:\/\/yoast.com\/wordpress\/plugins\/seo\/ -->\n<title>Li\u00ean h\u1ec7 - Ho\u00e0 B\u00ecnh Web<\/title>\n<meta name=\"robots\" content=\"noindex, follow, max-snippet:-1, max-image-preview:large, max-video-preview:-1\" \/>\n<meta property=\"og:locale\" content=\"vi_VN\" \/>\n<meta property=\"og:type\" content=\"article\" \/>\n<meta property=\"og:title\" content=\"Li\u00ean h\u1ec7 - Ho\u00e0 B\u00ecnh Web\" \/>\n<meta property=\"og:description\" content=\"C\u00f4ng Ty TNHH D\u1ecbch V\u1ee5 C\u00f4ng Ngh\u1ec7 V\u00e0 Truy\u1ec1n Th\u00f4ng Ho\u00e0 B\u00ecnh \u0110\u1ecba ch\u1ec9: 202 \u0110. T\u00e2n Nhu\u1ec7 II, Thu\u1ef5 Ph\u01b0\u01a1ng, B\u1eafc T\u1eeb Li\u00eam, H\u00e0 N\u1ed9i \u0110i\u1ec7n tho\u1ea1i: 083 88 160590 Email: webhoabinh@gmail.com B\u1ea2N \u0110\u1ed2 CH\u1ec8 D\u1eaaN \ufeff\" \/>\n<meta property=\"og:url\" content=\"http:\/\/mau.hoabinhweb.com\/doanhnghiep3\/lien-he\/\" \/>\n<meta property=\"og:site_name\" content=\"Ho\u00e0 B\u00ecnh Web\" \/>\n<meta name=\"twitter:card\" content=\"summary_large_image\" \/>\n<meta name=\"twitter:label1\" content=\"\u01af\u1edbc t\u00ednh th\u1eddi gian \u0111\u1ecdc\" \/>\n\t<meta name=\"twitter:data1\" content=\"1 ph\u00fat\" \/>\n<script type=\"application\/ld+json\" class=\"yoast-schema-graph\">{\"@context\":\"https:\/\/schema.org\",\"@graph\":[{\"@type\":\"WebPage\",\"@id\":\"http:\/\/mau.hoabinhweb.com\/doanhnghiep3\/lien-he\/\",\"url\":\"http:\/\/mau.hoabinhweb.com\/doanhnghiep3\/lien-he\/\",\"name\":\"Li\u00ean h\u1ec7 - Ho\u00e0 B\u00ecnh Web\",\"isPartOf\":{\"@id\":\"http:\/\/mau.hoabinhweb.com\/doanhnghiep3\/#website\"},\"datePublished\":\"2022-08-11T06:23:39+00:00\",\"dateModified\":\"2022-08-11T06:23:39+00:00\",\"breadcrumb\":{\"@id\":\"http:\/\/mau.hoabinhweb.com\/doanhnghiep3\/lien-he\/#breadcrumb\"},\"inLanguage\":\"vi\",\"potentialAction\":[{\"@type\":\"ReadAction\",\"target\":[\"http:\/\/mau.hoabinhweb.com\/doanhnghiep3\/lien-he\/\"]}]},{\"@type\":\"BreadcrumbList\",\"@id\":\"http:\/\/mau.hoabinhweb.com\/doanhnghiep3\/lien-he\/#breadcrumb\",\"itemListElement\":[{\"@type\":\"ListItem\",\"position\":1,\"name\":\"Trang ch\u1ee7\",\"item\":\"http:\/\/mau.hoabinhweb.com\/doanhnghiep3\/\"},{\"@type\":\"ListItem\",\"position\":2,\"name\":\"Li\u00ean h\u1ec7\"}]},{\"@type\":\"WebSite\",\"@id\":\"http:\/\/mau.hoabinhweb.com\/doanhnghiep3\/#website\",\"url\":\"http:\/\/mau.hoabinhweb.com\/doanhnghiep3\/\",\"name\":\"Ho\u00e0 B\u00ecnh Web\",\"description\":\"\",\"potentialAction\":[{\"@type\":\"SearchAction\",\"target\":{\"@type\":\"EntryPoint\",\"urlTemplate\":\"http:\/\/mau.hoabinhweb.com\/doanhnghiep3\/?s={search_term_string}\"},\"query-input\":\"required name=search_term_string\"}],\"inLanguage\":\"vi\"}]}<\/script>\n<!-- \/ Yoast SEO plugin. -->","yoast_head_json":{"title":"Li\u00ean h\u1ec7 - Ho\u00e0 B\u00ecnh Web","robots":{"index":"noindex","follow":"follow","max-snippet":"max-snippet:-1","max-image-preview":"max-image-preview:large","max-video-preview":"max-video-preview:-1"},"og_locale":"vi_VN","og_type":"article","og_title":"Li\u00ean h\u1ec7 - Ho\u00e0 B\u00ecnh Web","og_description":"C\u00f4ng Ty TNHH D\u1ecbch V\u1ee5 C\u00f4ng Ngh\u1ec7 V\u00e0 Truy\u1ec1n Th\u00f4ng Ho\u00e0 B\u00ecnh \u0110\u1ecba ch\u1ec9: 202 \u0110. T\u00e2n Nhu\u1ec7 II, Thu\u1ef5 Ph\u01b0\u01a1ng, B\u1eafc T\u1eeb Li\u00eam, H\u00e0 N\u1ed9i \u0110i\u1ec7n tho\u1ea1i: 083 88 160590 Email: webhoabinh@gmail.com B\u1ea2N \u0110\u1ed2 CH\u1ec8 D\u1eaaN \ufeff","og_url":"http:\/\/mau.hoabinhweb.com\/doanhnghiep3\/lien-he\/","og_site_name":"Ho\u00e0 B\u00ecnh Web","twitter_card":"summary_large_image","twitter_misc":{"\u01af\u1edbc t\u00ednh th\u1eddi gian \u0111\u1ecdc":"1 ph\u00fat"},"schema":{"@context":"https:\/\/schema.org","@graph":[{"@type":"WebPage","@id":"http:\/\/mau.hoabinhweb.com\/doanhnghiep3\/lien-he\/","url":"http:\/\/mau.hoabinhweb.com\/doanhnghiep3\/lien-he\/","name":"Li\u00ean h\u1ec7 - Ho\u00e0 B\u00ecnh Web","isPartOf":{"@id":"http:\/\/mau.hoabinhweb.com\/doanhnghiep3\/#website"},"datePublished":"2022-08-11T06:23:39+00:00","dateModified":"2022-08-11T06:23:39+00:00","breadcrumb":{"@id":"http:\/\/mau.hoabinhweb.com\/doanhnghiep3\/lien-he\/#breadcrumb"},"inLanguage":"vi","potentialAction":[{"@type":"ReadAction","target":["http:\/\/mau.hoabinhweb.com\/doanhnghiep3\/lien-he\/"]}]},{"@type":"BreadcrumbList","@id":"http:\/\/mau.hoabinhweb.com\/doanhnghiep3\/lien-he\/#breadcrumb","itemListElement":[{"@type":"ListItem","position":1,"name":"Trang ch\u1ee7","item":"http:\/\/mau.hoabinhweb.com\/doanhnghiep3\/"},{"@type":"ListItem","position":2,"name":"Li\u00ean h\u1ec7"}]},{"@type":"WebSite","@id":"http:\/\/mau.hoabinhweb.com\/doanhnghiep3\/#website","url":"http:\/\/mau.hoabinhweb.com\/doanhnghiep3\/","name":"Ho\u00e0 B\u00ecnh Web","description":"","potentialAction":[{"@type":"SearchAction","target":{"@type":"EntryPoint","urlTemplate":"http:\/\/mau.hoabinhweb.com\/doanhnghiep3\/?s={search_term_string}"},"query-input":"required name=search_term_string"}],"inLanguage":"vi"}]}},"_links":{"self":[{"href":"http:\/\/mau.hoabinhweb.com\/doanhnghiep3\/wp-json\/wp\/v2\/pages\/46","targetHints":{"allow":["GET"]}}],"collection":[{"href":"http:\/\/mau.hoabinhweb.com\/doanhnghiep3\/wp-json\/wp\/v2\/pages"}],"about":[{"href":"http:\/\/mau.hoabinhweb.com\/doanhnghiep3\/wp-json\/wp\/v2\/types\/page"}],"author":[{"embeddable":true,"href":"http:\/\/mau.hoabinhweb.com\/doanhnghiep3\/wp-json\/wp\/v2\/users\/1"}],"replies":[{"embeddable":true,"href":"http:\/\/mau.hoabinhweb.com\/doanhnghiep3\/wp-json\/wp\/v2\/comments?post=46"}],"version-history":[{"count":1,"href":"http:\/\/mau.hoabinhweb.com\/doanhnghiep3\/wp-json\/wp\/v2\/pages\/46\/revisions"}],"predecessor-version":[{"id":48,"href":"http:\/\/mau.hoabinhweb.com\/doanhnghiep3\/wp-json\/wp\/v2\/pages\/46\/revisions\/48"}],"wp:attachment":[{"href":"http:\/\/mau.hoabinhweb.com\/doanhnghiep3\/wp-json\/wp\/v2\/media?parent=46"}],"curies":[{"name":"wp","href":"https:\/\/api.w.org\/{rel}","templated":true}]}}