{"id":22,"date":"2022-05-16T08:58:58","date_gmt":"2022-05-16T01:58:58","guid":{"rendered":"https:\/\/str.com.vn\/?page_id=22"},"modified":"2022-05-16T08:58:58","modified_gmt":"2022-05-16T01:58:58","slug":"gioi-thieu","status":"publish","type":"page","link":"http:\/\/mau.hoabinhweb.com\/doanhnghiep1\/gioi-thieu\/","title":{"rendered":"Gi\u1edbi thi\u1ec7u"},"content":{"rendered":"<div class=\"kvgmc6g5 cxmmr5t8 oygrvhab hcukyx3x c1et5uql ii04i59q\">\n<div dir=\"auto\">WELCOME TO STR TRANSPORT<\/div>\n<div dir=\"auto\">World-wide Class Shipping Services<\/div>\n<\/div>\n<div class=\"cxmmr5t8 oygrvhab hcukyx3x c1et5uql o9v6fnle ii04i59q\">\n<div dir=\"auto\">C\u00d4NG TY TNHH V\u1eacN T\u1ea2I STR<\/div>\n<\/div>\n<div class=\"cxmmr5t8 oygrvhab hcukyx3x c1et5uql o9v6fnle ii04i59q\">\n<div dir=\"auto\">STR \u2013 t\u00ean \u0111\u1ea7y \u0111\u1ee7 l\u00e0 C\u00f4ng ty TNHH V\u1eadn t\u1ea3i STR, chuy\u00ean v\u1ec1 cung c\u1ea5p d\u1ecbch v\u1ee5 v\u1eadn t\u1ea3i bi\u1ec3n, \u0111\u01b0\u1ee3c th\u00e0nh l\u1eadp t\u1eeb 21\/8\/2020 c\u00f3 tr\u1ee5 s\u1edf ch\u00ednh t\u1ea1i S\u1ed1 130, t\u1ed5 3, Th\u1ecb tr\u1ea5n Xu\u00e2n Tr\u01b0\u1eddng, Huy\u1ec7n Xu\u00e2n Tr\u01b0\u1eddng, T\u1ec9nh Nam \u0110\u1ecbnh.<\/div>\n<\/div>\n<div class=\"cxmmr5t8 oygrvhab hcukyx3x c1et5uql o9v6fnle ii04i59q\">\n<div dir=\"auto\">V\u1edbi s\u1ee9 m\u1ec7nh \u0111\u00e1p \u1ee9ng nhu c\u1ea7u v\u1eadn t\u1ea3i h\u00e0ng h\u00f3a tr\u00ean th\u1ecb tr\u01b0\u1eddng, STR lu\u00f4n m\u1edf r\u1ed9ng, ph\u00e1t tri\u1ec3n, \u0111\u1ed5i m\u1edbi \u0111\u1ed9i t\u00e0u, khai th\u00e1c v\u00e0 ho\u1ea1t \u0111\u1ed9ng v\u1edbi c\u1ea5p kh\u00f4ng h\u1ea1n ch\u1ebf tr\u00ean c\u00e1c tuy\u1ebfn trong n\u01b0\u1edbc v\u00e0 qu\u1ed1c t\u1ebf.<\/div>\n<\/div>\n<div class=\"cxmmr5t8 oygrvhab hcukyx3x c1et5uql o9v6fnle ii04i59q\">\n<div dir=\"auto\">V\u1ec1 t\u1ea7m nh\u00ecn, xuy\u00ean su\u1ed1t trong \u0111\u1ecbnh h\u01b0\u1edbng ph\u00e1t tri\u1ec3n c\u1ee7a STR l\u00e0 Ph\u00e1t tri\u1ec3n b\u1ec1n v\u1eefng v\u00e0 x\u00e2y d\u1ef1ng th\u01b0\u01a1ng hi\u1ec7u uy t\u00edn c\u1ee7a kh\u00e1ch h\u00e0ng.<\/div>\n<div dir=\"auto\">&#8211; STR \u0111\u1eb7t m\u1ee5c ti\u00eau sau 5 n\u0103m s\u1ebd t\u0103ng th\u00eam dung t\u00edch \u0111\u1ed9i t\u00e0u, tr\u1edf th\u00e0nh \u0111\u01a1n v\u1ecb \u0111i \u0111\u1ea7u v\u00e0 chuy\u00ean m\u00f4n h\u00f3a g\u1eafn li\u1ec1n v\u1edbi d\u00f2ng t\u00e0u Handysize<\/div>\n<div dir=\"auto\">&#8211; Ti\u00ean phong trong vi\u1ec7c \u0111\u01b0a ra c\u00e1c gi\u1ea3i ph\u00e1p logistic m\u1edbi<\/div>\n<div dir=\"auto\">&#8211; X\u00e2y d\u1ef1ng quan h\u1ec7 h\u1ee3p t\u00e1c v\u1edbi c\u00e1c \u0111\u01a1n v\u1ecb ch\u1ee7 h\u00e0ng l\u1edbn, m\u1edf r\u1ed9ng m\u1ea1ng l\u01b0\u1edbi \u0111\u1ed1i t\u00e1c kh\u00e1ch h\u00e0ng, c\u00e1c \u0111\u01a1n v\u1ecb , nh\u00e0 ph\u00e2n ph\u1ed1i, cung c\u1ea5p,\u2026<\/div>\n<\/div>\n<div class=\"cxmmr5t8 oygrvhab hcukyx3x c1et5uql o9v6fnle ii04i59q\">\n<div dir=\"auto\">V\u1ec1 nh\u00e2n s\u1ef1, STR m\u1ee5c ti\u00eau x\u00e2y d\u1ef1ng m\u00f4i tr\u01b0\u1eddng th\u00e2n thi\u1ec7n, c\u1edfi m\u1edf, nh\u00e2n vi\u00ean kh\u00f4ng ng\u1eebng ph\u00e1t tri\u1ec3n v\u00e0 h\u1ecdc h\u1ecfi, s\u00e1ng t\u1ea1o. V\u1edbi \u0111\u1ed9i ng\u0169 nh\u00e2n s\u1ef1 nhi\u1ec1u n\u0103m kinh ngh\u1ec7m v\u00e0 truy\u1ec1n th\u1ed1ng t\u00e2\u0323n t\u00e2m v\u1edbi kh\u00e1ch h\u00e0ng, Ban gi\u00e1m \u0111\u1ed1c c\u00f9ng t\u1eadp th\u1ec3 c\u00e1n b\u1ed9 nh\u00e2n vi\u00ean STR kh\u00f4ng ng\u1eebng n\u1ed7 l\u1ef1c t\u1ea1o d\u1ea5u \u1ea5n tr\u00ean b\u1ea3n \u0111\u1ed3 H\u00e0ng h\u1ea3i, l\u00e0 m\u1ed9t trong nh\u1eefng c\u00f4ng ty v\u1eadn t\u1ea3i bi\u1ec3n v\u1edbi d\u1ecbch v\u1ee5 top \u0111\u1ea7u c\u1ee7a kh\u1ed1i doanh nghi\u1ec7p ngo\u00e0i qu\u1ed1c doanh, ph\u1ee5c v\u1ee5 \u0111\u00f4ng \u0111\u1ea3o kh\u00e1ch h\u00e0ng trong v\u00e0 ngo\u00e0i n\u01b0\u1edbc.<\/div>\n<\/div>\n<div class=\"cxmmr5t8 oygrvhab hcukyx3x c1et5uql o9v6fnle ii04i59q\">\n<div dir=\"auto\">V\u1ec1 ph\u01b0\u01a1ng ch\u00e2m d\u1ecbch v\u1ee5, STR x\u00e1c \u0111\u1ecbnh cho m\u00ecnh s\u1ebd tr\u1edf th\u00e0nh \u201cc\u00e1nh tay n\u1ed1i d\u00e0i c\u1ee7a kh\u00e1ch h\u00e0ng\u201d, d\u1ecbch v\u1ee5 c\u1ee7a ch\u00fang t\u00f4i gi\u00fap kh\u00e1ch h\u00e0ng mua b\u00e1n, v\u1eadn chuy\u1ec3n h\u00e0ng h\u00f3a<\/div>\n<div dir=\"auto\">&#8211; \u0110\u1ea3m b\u1ea3o t\u00ednh an to\u00e0n<\/div>\n<div dir=\"auto\">&#8211; Th\u1eddi gian nhanh nh\u1ea5t<\/div>\n<div dir=\"auto\">&#8211; Chi ph\u00ed h\u1ee3p l\u00fd<\/div>\n<div dir=\"auto\">&#8211; \u0110\u01b0a ra cho kh\u00e1ch h\u00e0ng nh\u1eefng ph\u01b0\u01a1ng \u00e1n v\u1eadn chuy\u1ec3n hi\u1ec7u qu\u1ea3 nh\u1ea5t<\/div>\n<\/div>\n<div class=\"cxmmr5t8 oygrvhab hcukyx3x c1et5uql o9v6fnle ii04i59q\">\n<div dir=\"auto\">STR lu\u00f4n \u0111\u1eb7t l\u1ee3i \u00edch kh\u00e1ch h\u00e0ng g\u1eafn li\u1ec1n v\u1edbi l\u1ee3i \u00edch c\u1ee7a doanh nghi\u1ec7p, l\u00e0m sao \u0111\u1ec3 \u0111\u00f4i b\u00ean c\u00f9ng c\u00f3 l\u1ee3i v\u00e0 song h\u00e0nh l\u00e2u d\u00e0i.<\/div>\n<div dir=\"auto\">C\u00d4NG TY TNHH V\u1eacN T\u1ea2I STR<\/div>\n<div dir=\"auto\">&#8212;&#8212;&#8212;&#8212;&#8212;&#8212;&#8212;&#8212;&#8212;&#8212;&#8212;&#8212;&#8212;-<\/div>\n<div dir=\"auto\">STR TRANSPORT COMPANY LIMITED<\/div>\n<div dir=\"auto\">Adress:<\/div>\n<div dir=\"auto\">&#8211; S\u1ed1 130, t\u1ed5 3, Th\u1ecb tr\u1ea5n Xu\u00e2n Tr\u01b0\u1eddng, Huy\u1ec7n Xu\u00e2n Tr\u01b0\u1eddng, T\u1ec9nh Nam \u0110\u1ecbnh.<\/div>\n<div dir=\"auto\">&#8211; L\u00ea H\u1ed3ng Phong, Qu\u1eadn Ng\u00f4 Quy\u1ec1n, TP H\u1ea3i Ph\u00f2ng<\/div>\n<div dir=\"auto\">Phone: 035 609 3690 &#8211; 039 27 13393<\/div>\n<div dir=\"auto\">Email: webhoabinh@gmail.com<\/div>\n<div dir=\"auto\">Web: STR.COM.VN<\/div>\n<\/div>\n","protected":false},"excerpt":{"rendered":"<p>WELCOME TO STR TRANSPORT World-wide Class Shipping Services C\u00d4NG TY TNHH V\u1eacN T\u1ea2I STR STR \u2013 t\u00ean \u0111\u1ea7y \u0111\u1ee7 l\u00e0 C\u00f4ng ty TNHH V\u1eadn t\u1ea3i STR, chuy\u00ean v\u1ec1 cung c\u1ea5p d\u1ecbch v\u1ee5 v\u1eadn t\u1ea3i bi\u1ec3n, \u0111\u01b0\u1ee3c th\u00e0nh l\u1eadp t\u1eeb 21\/8\/2020 c\u00f3 tr\u1ee5 s\u1edf ch\u00ednh t\u1ea1i S\u1ed1 130, t\u1ed5 3, Th\u1ecb tr\u1ea5n Xu\u00e2n Tr\u01b0\u1eddng, Huy\u1ec7n Xu\u00e2n<\/p>\n","protected":false},"author":1,"featured_media":0,"parent":0,"menu_order":0,"comment_status":"closed","ping_status":"closed","template":"","meta":{"footnotes":""},"class_list":["post-22","page","type-page","status-publish","hentry"],"yoast_head":"<!-- This site is optimized with the Yoast SEO plugin v18.6 - https:\/\/yoast.com\/wordpress\/plugins\/seo\/ -->\n<title>Gi\u1edbi thi\u1ec7u - Ho\u00e0 B\u00ecnh Egistic<\/title>\n<meta name=\"robots\" content=\"noindex, follow, max-snippet:-1, max-image-preview:large, max-video-preview:-1\" \/>\n<meta property=\"og:locale\" content=\"vi_VN\" \/>\n<meta property=\"og:type\" content=\"article\" \/>\n<meta property=\"og:title\" content=\"Gi\u1edbi thi\u1ec7u - Ho\u00e0 B\u00ecnh Egistic\" \/>\n<meta property=\"og:description\" content=\"WELCOME TO STR TRANSPORT World-wide Class Shipping Services C\u00d4NG TY TNHH V\u1eacN T\u1ea2I STR STR \u2013 t\u00ean \u0111\u1ea7y \u0111\u1ee7 l\u00e0 C\u00f4ng ty TNHH V\u1eadn t\u1ea3i STR, chuy\u00ean v\u1ec1 cung c\u1ea5p d\u1ecbch v\u1ee5 v\u1eadn t\u1ea3i bi\u1ec3n, \u0111\u01b0\u1ee3c th\u00e0nh l\u1eadp t\u1eeb 21\/8\/2020 c\u00f3 tr\u1ee5 s\u1edf ch\u00ednh t\u1ea1i S\u1ed1 130, t\u1ed5 3, Th\u1ecb tr\u1ea5n Xu\u00e2n Tr\u01b0\u1eddng, Huy\u1ec7n Xu\u00e2n\" \/>\n<meta property=\"og:url\" content=\"http:\/\/mau.hoabinhweb.com\/doanhnghiep1\/gioi-thieu\/\" \/>\n<meta property=\"og:site_name\" content=\"Ho\u00e0 B\u00ecnh Egistic\" \/>\n<meta name=\"twitter:card\" content=\"summary_large_image\" \/>\n<meta name=\"twitter:label1\" content=\"\u01af\u1edbc t\u00ednh th\u1eddi gian \u0111\u1ecdc\" \/>\n\t<meta name=\"twitter:data1\" content=\"3 ph\u00fat\" \/>\n<script type=\"application\/ld+json\" class=\"yoast-schema-graph\">{\"@context\":\"https:\/\/schema.org\",\"@graph\":[{\"@type\":\"WebSite\",\"@id\":\"http:\/\/mau.hoabinhweb.com\/doanhnghiep1\/#website\",\"url\":\"http:\/\/mau.hoabinhweb.com\/doanhnghiep1\/\",\"name\":\"Ho\u00e0 B\u00ecnh Egistic\",\"description\":\"\",\"potentialAction\":[{\"@type\":\"SearchAction\",\"target\":{\"@type\":\"EntryPoint\",\"urlTemplate\":\"http:\/\/mau.hoabinhweb.com\/doanhnghiep1\/?s={search_term_string}\"},\"query-input\":\"required name=search_term_string\"}],\"inLanguage\":\"vi\"},{\"@type\":\"WebPage\",\"@id\":\"http:\/\/mau.hoabinhweb.com\/doanhnghiep1\/gioi-thieu\/#webpage\",\"url\":\"http:\/\/mau.hoabinhweb.com\/doanhnghiep1\/gioi-thieu\/\",\"name\":\"Gi\u1edbi thi\u1ec7u - Ho\u00e0 B\u00ecnh Egistic\",\"isPartOf\":{\"@id\":\"http:\/\/mau.hoabinhweb.com\/doanhnghiep1\/#website\"},\"datePublished\":\"2022-05-16T01:58:58+00:00\",\"dateModified\":\"2022-05-16T01:58:58+00:00\",\"breadcrumb\":{\"@id\":\"http:\/\/mau.hoabinhweb.com\/doanhnghiep1\/gioi-thieu\/#breadcrumb\"},\"inLanguage\":\"vi\",\"potentialAction\":[{\"@type\":\"ReadAction\",\"target\":[\"http:\/\/mau.hoabinhweb.com\/doanhnghiep1\/gioi-thieu\/\"]}]},{\"@type\":\"BreadcrumbList\",\"@id\":\"http:\/\/mau.hoabinhweb.com\/doanhnghiep1\/gioi-thieu\/#breadcrumb\",\"itemListElement\":[{\"@type\":\"ListItem\",\"position\":1,\"name\":\"Trang ch\u1ee7\",\"item\":\"http:\/\/mau.hoabinhweb.com\/doanhnghiep1\/\"},{\"@type\":\"ListItem\",\"position\":2,\"name\":\"Gi\u1edbi thi\u1ec7u\"}]}]}<\/script>\n<!-- \/ Yoast SEO plugin. -->","yoast_head_json":{"title":"Gi\u1edbi thi\u1ec7u - Ho\u00e0 B\u00ecnh Egistic","robots":{"index":"noindex","follow":"follow","max-snippet":"max-snippet:-1","max-image-preview":"max-image-preview:large","max-video-preview":"max-video-preview:-1"},"og_locale":"vi_VN","og_type":"article","og_title":"Gi\u1edbi thi\u1ec7u - Ho\u00e0 B\u00ecnh Egistic","og_description":"WELCOME TO STR TRANSPORT World-wide Class Shipping Services C\u00d4NG TY TNHH V\u1eacN T\u1ea2I STR STR \u2013 t\u00ean \u0111\u1ea7y \u0111\u1ee7 l\u00e0 C\u00f4ng ty TNHH V\u1eadn t\u1ea3i STR, chuy\u00ean v\u1ec1 cung c\u1ea5p d\u1ecbch v\u1ee5 v\u1eadn t\u1ea3i bi\u1ec3n, \u0111\u01b0\u1ee3c th\u00e0nh l\u1eadp t\u1eeb 21\/8\/2020 c\u00f3 tr\u1ee5 s\u1edf ch\u00ednh t\u1ea1i S\u1ed1 130, t\u1ed5 3, Th\u1ecb tr\u1ea5n Xu\u00e2n Tr\u01b0\u1eddng, Huy\u1ec7n Xu\u00e2n","og_url":"http:\/\/mau.hoabinhweb.com\/doanhnghiep1\/gioi-thieu\/","og_site_name":"Ho\u00e0 B\u00ecnh Egistic","twitter_card":"summary_large_image","twitter_misc":{"\u01af\u1edbc t\u00ednh th\u1eddi gian \u0111\u1ecdc":"3 ph\u00fat"},"schema":{"@context":"https:\/\/schema.org","@graph":[{"@type":"WebSite","@id":"http:\/\/mau.hoabinhweb.com\/doanhnghiep1\/#website","url":"http:\/\/mau.hoabinhweb.com\/doanhnghiep1\/","name":"Ho\u00e0 B\u00ecnh Egistic","description":"","potentialAction":[{"@type":"SearchAction","target":{"@type":"EntryPoint","urlTemplate":"http:\/\/mau.hoabinhweb.com\/doanhnghiep1\/?s={search_term_string}"},"query-input":"required name=search_term_string"}],"inLanguage":"vi"},{"@type":"WebPage","@id":"http:\/\/mau.hoabinhweb.com\/doanhnghiep1\/gioi-thieu\/#webpage","url":"http:\/\/mau.hoabinhweb.com\/doanhnghiep1\/gioi-thieu\/","name":"Gi\u1edbi thi\u1ec7u - Ho\u00e0 B\u00ecnh Egistic","isPartOf":{"@id":"http:\/\/mau.hoabinhweb.com\/doanhnghiep1\/#website"},"datePublished":"2022-05-16T01:58:58+00:00","dateModified":"2022-05-16T01:58:58+00:00","breadcrumb":{"@id":"http:\/\/mau.hoabinhweb.com\/doanhnghiep1\/gioi-thieu\/#breadcrumb"},"inLanguage":"vi","potentialAction":[{"@type":"ReadAction","target":["http:\/\/mau.hoabinhweb.com\/doanhnghiep1\/gioi-thieu\/"]}]},{"@type":"BreadcrumbList","@id":"http:\/\/mau.hoabinhweb.com\/doanhnghiep1\/gioi-thieu\/#breadcrumb","itemListElement":[{"@type":"ListItem","position":1,"name":"Trang ch\u1ee7","item":"http:\/\/mau.hoabinhweb.com\/doanhnghiep1\/"},{"@type":"ListItem","position":2,"name":"Gi\u1edbi thi\u1ec7u"}]}]}},"_links":{"self":[{"href":"http:\/\/mau.hoabinhweb.com\/doanhnghiep1\/wp-json\/wp\/v2\/pages\/22","targetHints":{"allow":["GET"]}}],"collection":[{"href":"http:\/\/mau.hoabinhweb.com\/doanhnghiep1\/wp-json\/wp\/v2\/pages"}],"about":[{"href":"http:\/\/mau.hoabinhweb.com\/doanhnghiep1\/wp-json\/wp\/v2\/types\/page"}],"author":[{"embeddable":true,"href":"http:\/\/mau.hoabinhweb.com\/doanhnghiep1\/wp-json\/wp\/v2\/users\/1"}],"replies":[{"embeddable":true,"href":"http:\/\/mau.hoabinhweb.com\/doanhnghiep1\/wp-json\/wp\/v2\/comments?post=22"}],"version-history":[{"count":0,"href":"http:\/\/mau.hoabinhweb.com\/doanhnghiep1\/wp-json\/wp\/v2\/pages\/22\/revisions"}],"wp:attachment":[{"href":"http:\/\/mau.hoabinhweb.com\/doanhnghiep1\/wp-json\/wp\/v2\/media?parent=22"}],"curies":[{"name":"wp","href":"https:\/\/api.w.org\/{rel}","templated":true}]}}