{"id":159,"date":"2022-10-19T15:05:16","date_gmt":"2022-10-19T08:05:16","guid":{"rendered":"https:\/\/mau.hoabinhweb.com\/congnghe2\/?post_type=product&#038;p=159"},"modified":"2022-10-20T14:11:14","modified_gmt":"2022-10-20T07:11:14","slug":"dan-film-ppf-dien-thoai-one-plus","status":"publish","type":"product","link":"http:\/\/mau.hoabinhweb.com\/congnghe2\/san-pham\/dan-film-ppf-dien-thoai-one-plus\/","title":{"rendered":"D\u00e1n Film PPF \u0110i\u1ec7n Tho\u1ea1i One Plus"},"content":{"rendered":"<h2><strong>TH\u00d4NG TIN CHI TI\u1ebeT S\u1ea2N PH\u1ea8M FILM PPF \u0110I\u1ec6N THO\u1ea0I ONE PLUS<\/strong><\/h2>\n<h3><strong>Ch\u1ea5t Li\u1ec7u T\u1ea1o N\u00ean Mi\u1ebfng D\u00e1n PPF \u0110i\u1ec7n Tho\u1ea1i One Plus<\/strong><\/h3>\n<p>Film PPF c\u00f3 t\u00ednh d\u1ebbo cao, ch\u1ecbu l\u1ef1c t\u1ed1t, ho\u00e0n to\u00e0n trong su\u1ed1t v\u00e0 c\u00f3 \u0111\u1ed9 b\u00f3ng nh\u1ea5t \u0111\u1ecbnh t\u00f9y theo mong mu\u1ed1n c\u1ee7a ng\u01b0\u1eddi s\u1eed d\u1ee5ng. C\u00f3 th\u1ec3 th\u1ea5y, ch\u1ea5t c\u1ee7a film PPF kh\u00e1 d\u00e0y. Theo nh\u00e0 s\u1ea3n xu\u1ea5t, lo\u1ea1i phim n\u00e0y \u0111\u01b0\u1ee3c c\u1ea5u t\u1ea1o b\u1edfi 4 l\u1edbp:<\/p>\n<p><strong>L\u1edbp l\u00f3t<\/strong>: gi\u00fap b\u1ea3o v\u1ec7 b\u1ec1 m\u1eb7t Film trong qu\u00e1 tr\u00ecnh v\u1eadn chuy\u1ec3n v\u00e0 b\u1ea3o qu\u1ea3n.<\/p>\n<p><strong>L\u1edbp n\u1ec1n<\/strong>: Linh ho\u1ea1t, si\u00eau c\u1ee9ng v\u00e0 b\u1ec1n, ch\u1ecbu \u0111\u01b0\u1ee3c nhi\u1ec7t \u0111\u1ed9 v\u00e0 ch\u1ed1ng tia UV. Ho\u1ea1t \u0111\u1ed9ng nh\u01b0 m\u1ed9t l\u00e1 ch\u1eafn ch\u1ed1ng x\u01b0\u1edbc, h\u1ea5p th\u1ee5 v\u00e0 ph\u00e2n t\u00e1n l\u1ef1c va \u0111\u1eadp.<\/p>\n<p><strong>L\u1edbp keo<\/strong>: L\u1edbp keo Acrylic si\u00eau m\u1ea1nh c\u00f3 kh\u1ea3 n\u0103ng k\u1ebft h\u1ee3p v\u1edbi dung d\u1ecbch \u0111\u1eb7c bi\u1ec7t \u0111\u1ec3 k\u1ebft d\u00ednh v\u1edbi b\u1ec1 m\u1eb7t s\u01a1n xe.<\/p>\n<p><strong>M\u00e0ng ph\u1ee7<\/strong>: C\u00f3 nhi\u1ec7m v\u1ee5 b\u1ea3o v\u1ec7 l\u1edbp keo k\u1ebft d\u00ednh \u0111\u1eb7c bi\u1ec7t v\u00e0 s\u1ebd \u0111\u01b0\u1ee3c th\u00e1o b\u1ecf trong qu\u00e1 tr\u00ecnh d\u00e1n Film.<\/p>\n<h3><strong>T\u00ednh N\u0103ng D\u00e1n Film PPF \u0110i\u1ec7n Tho\u1ea1i One Plus<\/strong><\/h3>\n<p>\u2713 D\u00e1n \u00f4m to\u00e0n b\u1ed9 thi\u1ebft k\u1ebf c\u1ee7a m\u00e1y, to\u00e0n b\u1ed9 vi\u1ec1n v\u00e0 ph\u1ea7n l\u01b0ng c\u1ee7a m\u00e1y gi\u00fap b\u1ea3o v\u1ec7 m\u00e1y tr\u00e1nh kh\u1ecfi tr\u1ea7y x\u01b0\u1edbc, va qu\u1eb9t t\u1ed1i \u0111a trong qu\u00e1 tr\u00ecnh s\u1eed d\u1ee5ng<\/p>\n<p>\u2713 S\u1eed d\u1ee5ng cho m\u1ecdi d\u00f2ng \u0111i\u1ec7n tho\u1ea1i di \u0111\u1ed9ng, s\u1ea3n ph\u1ea9m \u0111\u01b0\u1ee3c thi\u1ebft k\u1ebf t\u1ea1o c\u1eaft khu\u00f4n s\u1eb5n ph\u00f9 h\u1ee3p v\u1edbi \u0111i\u1ec7n tho\u1ea1i kh\u00e1ch h\u00e0ng!<\/p>\n<p>\u2713 S\u1eed d\u1ee5ng c\u00f4ng ngh\u1ec7 t\u1ea1o c\u1eaft khu\u00f4n s\u1eb5n kh\u00e1ch h\u00e0ng c\u00f3 th\u1ec3 t\u1ef1 mua v\u1ec1 s\u1eed d\u1ee5ng<\/p>\n<p><em><strong>(Mua h\u00e0ng t\u1ea1i shop s\u1ebd \u0111\u01b0\u1ee3c k\u1ef9 thu\u1eadt vi\u00ean d\u00e1n h\u1ed7 tr\u1ee3 mi\u1ec5n ph\u00ed)<\/strong><\/em><\/p>\n<p>\u2713 Trang tr\u00ed, l\u00e0m \u0111\u1eb9p theo s\u1edf th\u00edch c\u00e1 nh\u00e2n m\u00e3 v\u1eabn m\u00f4 ph\u1ecfng \u0111\u01b0\u1ee3c thi\u1ebft k\u1ebf nguy\u00ean b\u1ea3n c\u1ee7a m\u00e1y (\u0111\u1ed9 m\u1ecfng t\u1eeb 0,1mm ~ 0,2mm)<\/p>\n<p>\u2713 T\u1ea1o c\u1ea3m gi\u00e1c c\u1ea7m n\u1eafm ch\u1eafc ch\u1eafn, b\u1ec1 m\u1eb7t Film c\u00f3 \u0111\u1ed9 b\u1ec1n cao, ch\u1ed1ng x\u01b0\u1edbc t\u1ed1t g\u1ea5p 10~15 l\u1ea7n so v\u1edbi mi\u1ebfng d\u00e1n th\u00f4ng th\u01b0\u1eddng, \u0111a d\u1ea1ng m\u1eabu m\u00e3, thi\u1ebft k\u1ebf, m\u00e0u s\u1eafc gi\u00fap ng\u01b0\u1eddi d\u00f9ng c\u00f3 nhi\u1ec1u tr\u1ea3i nghi\u1ec7m m\u1edbi tr\u00ean thi\u1ebft k\u1ebf \u0111i\u1ec7n tho\u1ea1i.<\/p>\n<p>\u2713 B\u1ec1 m\u1eb7t ti\u1ebfp x\u00fac<strong>\u00a0d\u00e1n thi\u1ebft b\u1ecb l\u00e0m b\u1eb1ng keo cao c\u1ea5p, c\u00f3 l\u1ed7 r\u1ea3nh tho\u00e1t kh\u00ed<\/strong>\u00a0gi\u00fap cho ng\u01b0\u1eddi d\u00f9ng d\u1ec5 d\u00e0ng s\u1eed d\u1ee5ng, kh\u00f4ng bong tr\u00f3c v\u00e0 kh\u00f4ng \u0111\u1ec3 l\u1ea1i keo trong qu\u00e1 tr\u00ecnh s\u1eed d\u1ee5ng s\u1ea3n ph\u1ea9m<\/p>\n","protected":false},"excerpt":{"rendered":"<ul>\n<li>Mi\u1ebfng d\u00e1n thi\u1ebft k\u1ebf d\u00e1n b\u1ea3o v\u1ec7 k\u00edn to\u00e0n b\u1ed9 l\u01b0ng vi\u1ec1n &amp; m\u00e0n h\u00ecnh<\/li>\n<li>B\u1ea3o v\u1ec7 s\u01a1n m\u00e1y kh\u1ecfi tr\u1ea7y x\u01b0\u1edbc, va qu\u1ec7t trong qu\u00e1 tr\u00ecnh s\u1eed d\u1ee5ng<\/li>\n<li>Thi\u1ebft k\u1ebf CNC chu\u1ea9n theo k\u00edch th\u01b0\u1edbc c\u1ee7a m\u00e1y kh\u00e1ch h\u00e0ng<\/li>\n<li>H\u1ed7 tr\u1ee3 d\u00e1n cho kh\u00e1ch h\u00e0ng Free khi mua h\u00e0ng t\u1ea1i Kim Skin<\/li>\n<li>Kh\u00f4ng c\u00f3 keo d\u01b0 l\u01b0\u1ee3ng, b\u00e1m b\u1ea9n quanh trong qu\u00e1 tr\u00ecnh s\u1eed d\u1ee5ng<\/li>\n<\/ul>\n","protected":false},"featured_media":172,"comment_status":"closed","ping_status":"closed","template":"","meta":[],"product_cat":[27,23,29,26,24,28,25,21,19,18,22],"product_tag":[],"class_list":["post-159","product","type-product","status-publish","has-post-thumbnail","hentry","product_cat-skin-apple-watch","product_cat-skin-cap-sac-phu-kien","product_cat-skin-chuot-may-tinh","product_cat-skin-drone-flycam","product_cat-skin-dien-thoai","product_cat-skin-headphone","product_cat-skin-laptop-macbook","product_cat-skin-may-choi-game","product_cat-skin-may-tinh-bang","product_cat-skin-tai-nghe","product_cat-skin-vape-pod"],"yoast_head":"<!-- This site is optimized with the Yoast SEO plugin v19.8 - https:\/\/yoast.com\/wordpress\/plugins\/seo\/ -->\n<title>D\u00e1n Film PPF \u0110i\u1ec7n Tho\u1ea1i One Plus - Kim Skin<\/title>\n<meta name=\"robots\" content=\"noindex, follow, max-snippet:-1, max-image-preview:large, max-video-preview:-1\" \/>\n<meta property=\"og:locale\" content=\"vi_VN\" \/>\n<meta property=\"og:type\" content=\"article\" \/>\n<meta property=\"og:title\" content=\"D\u00e1n Film PPF \u0110i\u1ec7n Tho\u1ea1i One Plus - Kim Skin\" \/>\n<meta property=\"og:description\" content=\"Mi\u1ebfng d\u00e1n thi\u1ebft k\u1ebf d\u00e1n b\u1ea3o v\u1ec7 k\u00edn to\u00e0n b\u1ed9 l\u01b0ng vi\u1ec1n &amp; m\u00e0n h\u00ecnh  B\u1ea3o v\u1ec7 s\u01a1n m\u00e1y kh\u1ecfi tr\u1ea7y x\u01b0\u1edbc, va qu\u1ec7t trong qu\u00e1 tr\u00ecnh s\u1eed d\u1ee5ng  Thi\u1ebft k\u1ebf CNC chu\u1ea9n theo k\u00edch th\u01b0\u1edbc c\u1ee7a m\u00e1y kh\u00e1ch h\u00e0ng  H\u1ed7 tr\u1ee3 d\u00e1n cho kh\u00e1ch h\u00e0ng Free khi mua h\u00e0ng t\u1ea1i Kim Skin  Kh\u00f4ng c\u00f3 keo d\u01b0 l\u01b0\u1ee3ng, b\u00e1m b\u1ea9n quanh trong qu\u00e1 tr\u00ecnh s\u1eed d\u1ee5ng\" \/>\n<meta property=\"og:url\" content=\"http:\/\/mau.hoabinhweb.com\/congnghe2\/san-pham\/dan-film-ppf-dien-thoai-one-plus\/\" \/>\n<meta property=\"og:site_name\" content=\"Kim Skin\" \/>\n<meta property=\"article:modified_time\" content=\"2022-10-20T07:11:14+00:00\" \/>\n<meta property=\"og:image\" content=\"http:\/\/mau.hoabinhweb.com\/congnghe2\/wp-content\/uploads\/2022\/10\/sanpham8.jpg\" \/>\n\t<meta property=\"og:image:width\" content=\"800\" \/>\n\t<meta property=\"og:image:height\" content=\"800\" \/>\n\t<meta property=\"og:image:type\" content=\"image\/jpeg\" \/>\n<meta name=\"twitter:card\" content=\"summary_large_image\" \/>\n<meta name=\"twitter:label1\" content=\"\u01af\u1edbc t\u00ednh th\u1eddi gian \u0111\u1ecdc\" \/>\n\t<meta name=\"twitter:data1\" content=\"3 ph\u00fat\" \/>\n<script type=\"application\/ld+json\" class=\"yoast-schema-graph\">{\"@context\":\"https:\/\/schema.org\",\"@graph\":[{\"@type\":\"WebPage\",\"@id\":\"http:\/\/mau.hoabinhweb.com\/congnghe2\/san-pham\/dan-film-ppf-dien-thoai-one-plus\/\",\"url\":\"http:\/\/mau.hoabinhweb.com\/congnghe2\/san-pham\/dan-film-ppf-dien-thoai-one-plus\/\",\"name\":\"D\u00e1n Film PPF \u0110i\u1ec7n Tho\u1ea1i One Plus - Kim Skin\",\"isPartOf\":{\"@id\":\"https:\/\/mau.hoabinhweb.com\/congnghe2\/#website\"},\"datePublished\":\"2022-10-19T08:05:16+00:00\",\"dateModified\":\"2022-10-20T07:11:14+00:00\",\"breadcrumb\":{\"@id\":\"http:\/\/mau.hoabinhweb.com\/congnghe2\/san-pham\/dan-film-ppf-dien-thoai-one-plus\/#breadcrumb\"},\"inLanguage\":\"vi\",\"potentialAction\":[{\"@type\":\"ReadAction\",\"target\":[\"http:\/\/mau.hoabinhweb.com\/congnghe2\/san-pham\/dan-film-ppf-dien-thoai-one-plus\/\"]}]},{\"@type\":\"BreadcrumbList\",\"@id\":\"http:\/\/mau.hoabinhweb.com\/congnghe2\/san-pham\/dan-film-ppf-dien-thoai-one-plus\/#breadcrumb\",\"itemListElement\":[{\"@type\":\"ListItem\",\"position\":1,\"name\":\"Trang ch\u1ee7\",\"item\":\"https:\/\/mau.hoabinhweb.com\/congnghe2\/\"},{\"@type\":\"ListItem\",\"position\":2,\"name\":\"S\u1ea3n ph\u1ea9m\",\"item\":\"http:\/\/mau.hoabinhweb.com\/congnghe2\/san-pham\/\"},{\"@type\":\"ListItem\",\"position\":3,\"name\":\"Skin \u0110i\u1ec7n Tho\u1ea1i\",\"item\":\"http:\/\/mau.hoabinhweb.com\/congnghe2\/danh-muc\/skin-dien-thoai\/\"},{\"@type\":\"ListItem\",\"position\":4,\"name\":\"D\u00e1n Film PPF \u0110i\u1ec7n Tho\u1ea1i One Plus\"}]},{\"@type\":\"WebSite\",\"@id\":\"https:\/\/mau.hoabinhweb.com\/congnghe2\/#website\",\"url\":\"https:\/\/mau.hoabinhweb.com\/congnghe2\/\",\"name\":\"Kim Skin\",\"description\":\"\",\"potentialAction\":[{\"@type\":\"SearchAction\",\"target\":{\"@type\":\"EntryPoint\",\"urlTemplate\":\"https:\/\/mau.hoabinhweb.com\/congnghe2\/?s={search_term_string}\"},\"query-input\":\"required name=search_term_string\"}],\"inLanguage\":\"vi\"}]}<\/script>\n<!-- \/ Yoast SEO plugin. -->","yoast_head_json":{"title":"D\u00e1n Film PPF \u0110i\u1ec7n Tho\u1ea1i One Plus - Kim Skin","robots":{"index":"noindex","follow":"follow","max-snippet":"max-snippet:-1","max-image-preview":"max-image-preview:large","max-video-preview":"max-video-preview:-1"},"og_locale":"vi_VN","og_type":"article","og_title":"D\u00e1n Film PPF \u0110i\u1ec7n Tho\u1ea1i One Plus - Kim Skin","og_description":"Mi\u1ebfng d\u00e1n thi\u1ebft k\u1ebf d\u00e1n b\u1ea3o v\u1ec7 k\u00edn to\u00e0n b\u1ed9 l\u01b0ng vi\u1ec1n &amp; m\u00e0n h\u00ecnh  B\u1ea3o v\u1ec7 s\u01a1n m\u00e1y kh\u1ecfi tr\u1ea7y x\u01b0\u1edbc, va qu\u1ec7t trong qu\u00e1 tr\u00ecnh s\u1eed d\u1ee5ng  Thi\u1ebft k\u1ebf CNC chu\u1ea9n theo k\u00edch th\u01b0\u1edbc c\u1ee7a m\u00e1y kh\u00e1ch h\u00e0ng  H\u1ed7 tr\u1ee3 d\u00e1n cho kh\u00e1ch h\u00e0ng Free khi mua h\u00e0ng t\u1ea1i Kim Skin  Kh\u00f4ng c\u00f3 keo d\u01b0 l\u01b0\u1ee3ng, b\u00e1m b\u1ea9n quanh trong qu\u00e1 tr\u00ecnh s\u1eed d\u1ee5ng","og_url":"http:\/\/mau.hoabinhweb.com\/congnghe2\/san-pham\/dan-film-ppf-dien-thoai-one-plus\/","og_site_name":"Kim Skin","article_modified_time":"2022-10-20T07:11:14+00:00","og_image":[{"width":800,"height":800,"url":"http:\/\/mau.hoabinhweb.com\/congnghe2\/wp-content\/uploads\/2022\/10\/sanpham8.jpg","type":"image\/jpeg"}],"twitter_card":"summary_large_image","twitter_misc":{"\u01af\u1edbc t\u00ednh th\u1eddi gian \u0111\u1ecdc":"3 ph\u00fat"},"schema":{"@context":"https:\/\/schema.org","@graph":[{"@type":"WebPage","@id":"http:\/\/mau.hoabinhweb.com\/congnghe2\/san-pham\/dan-film-ppf-dien-thoai-one-plus\/","url":"http:\/\/mau.hoabinhweb.com\/congnghe2\/san-pham\/dan-film-ppf-dien-thoai-one-plus\/","name":"D\u00e1n Film PPF \u0110i\u1ec7n Tho\u1ea1i One Plus - Kim Skin","isPartOf":{"@id":"https:\/\/mau.hoabinhweb.com\/congnghe2\/#website"},"datePublished":"2022-10-19T08:05:16+00:00","dateModified":"2022-10-20T07:11:14+00:00","breadcrumb":{"@id":"http:\/\/mau.hoabinhweb.com\/congnghe2\/san-pham\/dan-film-ppf-dien-thoai-one-plus\/#breadcrumb"},"inLanguage":"vi","potentialAction":[{"@type":"ReadAction","target":["http:\/\/mau.hoabinhweb.com\/congnghe2\/san-pham\/dan-film-ppf-dien-thoai-one-plus\/"]}]},{"@type":"BreadcrumbList","@id":"http:\/\/mau.hoabinhweb.com\/congnghe2\/san-pham\/dan-film-ppf-dien-thoai-one-plus\/#breadcrumb","itemListElement":[{"@type":"ListItem","position":1,"name":"Trang ch\u1ee7","item":"https:\/\/mau.hoabinhweb.com\/congnghe2\/"},{"@type":"ListItem","position":2,"name":"S\u1ea3n ph\u1ea9m","item":"http:\/\/mau.hoabinhweb.com\/congnghe2\/san-pham\/"},{"@type":"ListItem","position":3,"name":"Skin \u0110i\u1ec7n Tho\u1ea1i","item":"http:\/\/mau.hoabinhweb.com\/congnghe2\/danh-muc\/skin-dien-thoai\/"},{"@type":"ListItem","position":4,"name":"D\u00e1n Film PPF \u0110i\u1ec7n Tho\u1ea1i One Plus"}]},{"@type":"WebSite","@id":"https:\/\/mau.hoabinhweb.com\/congnghe2\/#website","url":"https:\/\/mau.hoabinhweb.com\/congnghe2\/","name":"Kim Skin","description":"","potentialAction":[{"@type":"SearchAction","target":{"@type":"EntryPoint","urlTemplate":"https:\/\/mau.hoabinhweb.com\/congnghe2\/?s={search_term_string}"},"query-input":"required name=search_term_string"}],"inLanguage":"vi"}]}},"_links":{"self":[{"href":"http:\/\/mau.hoabinhweb.com\/congnghe2\/wp-json\/wp\/v2\/product\/159","targetHints":{"allow":["GET"]}}],"collection":[{"href":"http:\/\/mau.hoabinhweb.com\/congnghe2\/wp-json\/wp\/v2\/product"}],"about":[{"href":"http:\/\/mau.hoabinhweb.com\/congnghe2\/wp-json\/wp\/v2\/types\/product"}],"replies":[{"embeddable":true,"href":"http:\/\/mau.hoabinhweb.com\/congnghe2\/wp-json\/wp\/v2\/comments?post=159"}],"wp:featuredmedia":[{"embeddable":true,"href":"http:\/\/mau.hoabinhweb.com\/congnghe2\/wp-json\/wp\/v2\/media\/172"}],"wp:attachment":[{"href":"http:\/\/mau.hoabinhweb.com\/congnghe2\/wp-json\/wp\/v2\/media?parent=159"}],"wp:term":[{"taxonomy":"product_cat","embeddable":true,"href":"http:\/\/mau.hoabinhweb.com\/congnghe2\/wp-json\/wp\/v2\/product_cat?post=159"},{"taxonomy":"product_tag","embeddable":true,"href":"http:\/\/mau.hoabinhweb.com\/congnghe2\/wp-json\/wp\/v2\/product_tag?post=159"}],"curies":[{"name":"wp","href":"https:\/\/api.w.org\/{rel}","templated":true}]}}