{"id":145,"date":"2022-10-19T15:05:10","date_gmt":"2022-10-19T08:05:10","guid":{"rendered":"https:\/\/mau.hoabinhweb.com\/congnghe2\/?post_type=product&#038;p=145"},"modified":"2022-10-20T14:11:33","modified_gmt":"2022-10-20T07:11:33","slug":"mieng-dan-film-ppf-iphone-13-pro-13-pro-max","status":"publish","type":"product","link":"http:\/\/mau.hoabinhweb.com\/congnghe2\/san-pham\/mieng-dan-film-ppf-iphone-13-pro-13-pro-max\/","title":{"rendered":"Mi\u1ebfng D\u00e1n Film PPF IPhone 13 Pro | 13 Pro Max"},"content":{"rendered":"<p><em>Th\u00e1ng 9 n\u0103m 2021 \u0111\u00e1nh d\u1ea5u s\u1ef1 ra \u0111\u1eddi c\u1ee7a iPhone 13 Pro &#8211; 13 Pro Max v\u1edbi nhi\u1ec1u s\u1ef1 c\u1ea3i ti\u1ebfn v\u1ec1 t\u00ednh n\u0103ng c\u0169ng nh\u01b0 phi\u00ean b\u1ea3n m\u00e0u m\u1edbi Sierra Blue. \u0110\u1ec3 v\u1eeba b\u1ea3o v\u1ec7, v\u1eeba\u00a0gi\u1eef \u0111\u01b0\u1ee3c v\u1ebb \u0111\u1eb9p nguy\u00ean b\u1ea3n c\u1ee7a chi\u1ebfc flagship n\u00e0y,\u00a0Kim Skin xin gi\u1edbi thi\u1ec7u t\u1edbi qu\u00fd kh\u00e1ch h\u00e0ng mi\u1ebfng d\u00e1n PPF iPhone 13 Pro \/ Pro Max v\u1edbi kh\u1ea3 n\u0103ng ch\u00f4ng x\u01b0\u1edbc, ch\u1ed1ng b\u00e1m b\u1ea9n tuy\u1ec7t \u0111\u1ed1i.\u00a0<\/em><\/p>\n<h2><strong>TH\u00d4NG TIN S\u1ea2N PH\u1ea8M MI\u1ebeNG D\u00c1N\u00a0PPF IPHONE 13 PRO | 13 PRO MAX<\/strong><\/h2>\n<h3><strong>Ch\u1ea5t Li\u1ec7u T\u1ea1o N\u00ean Mi\u1ebfng D\u00e1n PPF IPhone 13 Pro | 13 Pro Max<\/strong><\/h3>\n<p>Mi\u1ebfng d\u00e1n PPF l\u00e0m t\u1eeb ch\u1ea5t li\u1ec7u trong su\u1ed1t 100%, \u0111\u1ed9 d\u00e0y v\u1eeba ph\u1ea3i, c\u00f3 kh\u1ea3 n\u0103ng \u0111\u00e0n h\u1ed3i, ch\u1ecbu l\u1ef1c c\u1ef1c t\u1ed1t, th\u1eadm ch\u00ed t\u1ef1 ph\u1ee5c h\u1ed3i c\u00e1c v\u1ebft x\u01b0\u1edbc nh\u1eb9. C\u1ea5u t\u1ea1o \u0111\u1eb7c bi\u1ec7t v\u1edbi 4 l\u1edbp cho ph\u00e9p PPF s\u1edf h\u1eefu c\u00e1c \u0111\u1eb7c t\u00ednh tr\u00ean:<\/p>\n<p><strong>L\u1edbp l\u00f3t<\/strong>: C\u00f3 t\u00e1c d\u1ee5ng\u00a0b\u1ea3o v\u1ec7 b\u1ec1 m\u1eb7t film khi\u00a0v\u1eadn chuy\u1ec3n v\u00e0 b\u1ea3o qu\u1ea3n.<\/p>\n<p><strong>L\u1edbp n\u1ec1n<\/strong>: Si\u00eau \u0111\u00e0n h\u1ed3i\u00a0v\u00e0 b\u1ec1n b\u1ec9, ch\u1ecbu \u0111\u01b0\u1ee3c nhi\u1ec7t \u0111\u1ed9 v\u00e0 ch\u1ed1ng tia UV. L\u1edbp n\u1ec1n c\u00f3 t\u00e1c d\u1ee5ng h\u1ea5p th\u1ee5 v\u00e0 ph\u00e2n t\u00e1n l\u1ef1c khi va qu\u1ec7t.<\/p>\n<p><strong>L\u1edbp keo<\/strong>: L\u1edbp keo Acrylic\u00a0k\u1ebft h\u1ee3p v\u1edbi dung d\u1ecbch \u0111\u1eb7c bi\u1ec7t \u0111\u1ec3 k\u1ebft d\u00ednh v\u1edbi b\u1ec1 m\u1eb7t l\u01b0ng v\u00e0 vi\u1ec1n\u00a0\u0111i\u1ec7n tho\u1ea1i iPhone 13 Pro \/ Pro Max.<\/p>\n<p><strong>M\u00e0ng ph\u1ee7<\/strong>: C\u00f3 t\u00e1c d\u1ee5ng\u00a0b\u1ea3o v\u1ec7 l\u1edbp keo k\u1ebft d\u00ednh \u0111\u1eb7c bi\u1ec7t v\u00e0 s\u1ebd \u0111\u01b0\u1ee3c nh\u00e2n vi\u00ean g\u1ee1\u00a0b\u1ecf trong qu\u00e1 tr\u00ecnh d\u00e1n.<\/p>\n","protected":false},"excerpt":{"rendered":"<ul>\n<li>Mi\u1ebfng d\u00e1n PPF IPhone 13 Pro \/ 13 Pro Max l\u00e0 l\u1edbp film trong su\u1ed1t d\u00e1n k\u00edn to\u00e0n b\u1ed9 ph\u1ea7n l\u01b0ng v\u00e0 vi\u1ec1n m\u00e1y<\/li>\n<li>Film PPF c\u00f3 \u0111\u1ed9 \u0111\u00e0n h\u1ed3i cao gi\u00fap ch\u1ed1ng s\u1ed1c \u0111\u01b0\u1ee3c \u1edf \u0111\u1ed9 cao t\u1eeb 0,8 ~ 1m<\/li>\n<li>Ch\u1ed1ng x\u01b0\u1edbc g\u1ea5p 10 l\u1ea7n so v\u1edbi decal th\u00f4ng th\u01b0\u1eddng, t\u1ef1 ph\u1ee5c h\u1ed3i khi ti\u1ebfp x\u00fac nhi\u1ec7t<\/li>\n<li>B\u1ea3o h\u00e0nh bong tr\u00f3c 60 ng\u00e0y tr\u00ean m\u1ecdi c\u01a1 s\u1edf<\/li>\n<li>Kh\u00f4ng c\u00f3 keo d\u01b0 l\u01b0\u1ee3ng b\u00e1m b\u1ea9n quanh trong qu\u00e1 tr\u00ecnh s\u1eed d\u1ee5ng<\/li>\n<li>D\u1ec5 d\u00e0ng th\u00e1o b\u1ecf m\u00e0 kh\u00f4ng \u0111\u1ec3 l\u1ea1i keo hay \u1ea3nh h\u01b0\u1edfng \u0111\u1ebfn s\u01a1n m\u00e1y<\/li>\n<\/ul>\n","protected":false},"featured_media":170,"comment_status":"closed","ping_status":"closed","template":"","meta":[],"product_cat":[27,23,29,26,24,28,25,21,19,18,22],"product_tag":[],"class_list":["post-145","product","type-product","status-publish","has-post-thumbnail","hentry","product_cat-skin-apple-watch","product_cat-skin-cap-sac-phu-kien","product_cat-skin-chuot-may-tinh","product_cat-skin-drone-flycam","product_cat-skin-dien-thoai","product_cat-skin-headphone","product_cat-skin-laptop-macbook","product_cat-skin-may-choi-game","product_cat-skin-may-tinh-bang","product_cat-skin-tai-nghe","product_cat-skin-vape-pod"],"yoast_head":"<!-- This site is optimized with the Yoast SEO plugin v19.8 - https:\/\/yoast.com\/wordpress\/plugins\/seo\/ -->\n<title>Mi\u1ebfng D\u00e1n Film PPF IPhone 13 Pro | 13 Pro Max - Kim Skin<\/title>\n<meta name=\"robots\" content=\"noindex, follow, max-snippet:-1, max-image-preview:large, max-video-preview:-1\" \/>\n<meta property=\"og:locale\" content=\"vi_VN\" \/>\n<meta property=\"og:type\" content=\"article\" \/>\n<meta property=\"og:title\" content=\"Mi\u1ebfng D\u00e1n Film PPF IPhone 13 Pro | 13 Pro Max - Kim Skin\" \/>\n<meta property=\"og:description\" content=\"Mi\u1ebfng d\u00e1n PPF IPhone 13 Pro \/ 13 Pro Max l\u00e0 l\u1edbp film trong su\u1ed1t d\u00e1n k\u00edn to\u00e0n b\u1ed9 ph\u1ea7n l\u01b0ng v\u00e0 vi\u1ec1n m\u00e1y  Film PPF c\u00f3 \u0111\u1ed9 \u0111\u00e0n h\u1ed3i cao gi\u00fap ch\u1ed1ng s\u1ed1c \u0111\u01b0\u1ee3c \u1edf \u0111\u1ed9 cao t\u1eeb 0,8 ~ 1m  Ch\u1ed1ng x\u01b0\u1edbc g\u1ea5p 10 l\u1ea7n so v\u1edbi decal th\u00f4ng th\u01b0\u1eddng, t\u1ef1 ph\u1ee5c h\u1ed3i khi ti\u1ebfp x\u00fac nhi\u1ec7t  B\u1ea3o h\u00e0nh bong tr\u00f3c 60 ng\u00e0y tr\u00ean m\u1ecdi c\u01a1 s\u1edf  Kh\u00f4ng c\u00f3 keo d\u01b0 l\u01b0\u1ee3ng b\u00e1m b\u1ea9n quanh trong qu\u00e1 tr\u00ecnh s\u1eed d\u1ee5ng  D\u1ec5 d\u00e0ng th\u00e1o b\u1ecf m\u00e0 kh\u00f4ng \u0111\u1ec3 l\u1ea1i keo hay \u1ea3nh h\u01b0\u1edfng \u0111\u1ebfn s\u01a1n m\u00e1y\" \/>\n<meta property=\"og:url\" content=\"http:\/\/mau.hoabinhweb.com\/congnghe2\/san-pham\/mieng-dan-film-ppf-iphone-13-pro-13-pro-max\/\" \/>\n<meta property=\"og:site_name\" content=\"Kim Skin\" \/>\n<meta property=\"article:modified_time\" content=\"2022-10-20T07:11:33+00:00\" \/>\n<meta property=\"og:image\" content=\"http:\/\/mau.hoabinhweb.com\/congnghe2\/wp-content\/uploads\/2022\/10\/sanpham6.jpg\" \/>\n\t<meta property=\"og:image:width\" content=\"800\" \/>\n\t<meta property=\"og:image:height\" content=\"800\" \/>\n\t<meta property=\"og:image:type\" content=\"image\/jpeg\" \/>\n<meta name=\"twitter:card\" content=\"summary_large_image\" \/>\n<meta name=\"twitter:label1\" content=\"\u01af\u1edbc t\u00ednh th\u1eddi gian \u0111\u1ecdc\" \/>\n\t<meta name=\"twitter:data1\" content=\"2 ph\u00fat\" \/>\n<script type=\"application\/ld+json\" class=\"yoast-schema-graph\">{\"@context\":\"https:\/\/schema.org\",\"@graph\":[{\"@type\":\"WebPage\",\"@id\":\"http:\/\/mau.hoabinhweb.com\/congnghe2\/san-pham\/mieng-dan-film-ppf-iphone-13-pro-13-pro-max\/\",\"url\":\"http:\/\/mau.hoabinhweb.com\/congnghe2\/san-pham\/mieng-dan-film-ppf-iphone-13-pro-13-pro-max\/\",\"name\":\"Mi\u1ebfng D\u00e1n Film PPF IPhone 13 Pro | 13 Pro Max - Kim Skin\",\"isPartOf\":{\"@id\":\"https:\/\/mau.hoabinhweb.com\/congnghe2\/#website\"},\"datePublished\":\"2022-10-19T08:05:10+00:00\",\"dateModified\":\"2022-10-20T07:11:33+00:00\",\"breadcrumb\":{\"@id\":\"http:\/\/mau.hoabinhweb.com\/congnghe2\/san-pham\/mieng-dan-film-ppf-iphone-13-pro-13-pro-max\/#breadcrumb\"},\"inLanguage\":\"vi\",\"potentialAction\":[{\"@type\":\"ReadAction\",\"target\":[\"http:\/\/mau.hoabinhweb.com\/congnghe2\/san-pham\/mieng-dan-film-ppf-iphone-13-pro-13-pro-max\/\"]}]},{\"@type\":\"BreadcrumbList\",\"@id\":\"http:\/\/mau.hoabinhweb.com\/congnghe2\/san-pham\/mieng-dan-film-ppf-iphone-13-pro-13-pro-max\/#breadcrumb\",\"itemListElement\":[{\"@type\":\"ListItem\",\"position\":1,\"name\":\"Trang ch\u1ee7\",\"item\":\"https:\/\/mau.hoabinhweb.com\/congnghe2\/\"},{\"@type\":\"ListItem\",\"position\":2,\"name\":\"S\u1ea3n ph\u1ea9m\",\"item\":\"http:\/\/mau.hoabinhweb.com\/congnghe2\/san-pham\/\"},{\"@type\":\"ListItem\",\"position\":3,\"name\":\"Skin \u0110i\u1ec7n Tho\u1ea1i\",\"item\":\"http:\/\/mau.hoabinhweb.com\/congnghe2\/danh-muc\/skin-dien-thoai\/\"},{\"@type\":\"ListItem\",\"position\":4,\"name\":\"Mi\u1ebfng D\u00e1n Film PPF IPhone 13 Pro | 13 Pro Max\"}]},{\"@type\":\"WebSite\",\"@id\":\"https:\/\/mau.hoabinhweb.com\/congnghe2\/#website\",\"url\":\"https:\/\/mau.hoabinhweb.com\/congnghe2\/\",\"name\":\"Kim Skin\",\"description\":\"\",\"potentialAction\":[{\"@type\":\"SearchAction\",\"target\":{\"@type\":\"EntryPoint\",\"urlTemplate\":\"https:\/\/mau.hoabinhweb.com\/congnghe2\/?s={search_term_string}\"},\"query-input\":\"required name=search_term_string\"}],\"inLanguage\":\"vi\"}]}<\/script>\n<!-- \/ Yoast SEO plugin. -->","yoast_head_json":{"title":"Mi\u1ebfng D\u00e1n Film PPF IPhone 13 Pro | 13 Pro Max - Kim Skin","robots":{"index":"noindex","follow":"follow","max-snippet":"max-snippet:-1","max-image-preview":"max-image-preview:large","max-video-preview":"max-video-preview:-1"},"og_locale":"vi_VN","og_type":"article","og_title":"Mi\u1ebfng D\u00e1n Film PPF IPhone 13 Pro | 13 Pro Max - Kim Skin","og_description":"Mi\u1ebfng d\u00e1n PPF IPhone 13 Pro \/ 13 Pro Max l\u00e0 l\u1edbp film trong su\u1ed1t d\u00e1n k\u00edn to\u00e0n b\u1ed9 ph\u1ea7n l\u01b0ng v\u00e0 vi\u1ec1n m\u00e1y  Film PPF c\u00f3 \u0111\u1ed9 \u0111\u00e0n h\u1ed3i cao gi\u00fap ch\u1ed1ng s\u1ed1c \u0111\u01b0\u1ee3c \u1edf \u0111\u1ed9 cao t\u1eeb 0,8 ~ 1m  Ch\u1ed1ng x\u01b0\u1edbc g\u1ea5p 10 l\u1ea7n so v\u1edbi decal th\u00f4ng th\u01b0\u1eddng, t\u1ef1 ph\u1ee5c h\u1ed3i khi ti\u1ebfp x\u00fac nhi\u1ec7t  B\u1ea3o h\u00e0nh bong tr\u00f3c 60 ng\u00e0y tr\u00ean m\u1ecdi c\u01a1 s\u1edf  Kh\u00f4ng c\u00f3 keo d\u01b0 l\u01b0\u1ee3ng b\u00e1m b\u1ea9n quanh trong qu\u00e1 tr\u00ecnh s\u1eed d\u1ee5ng  D\u1ec5 d\u00e0ng th\u00e1o b\u1ecf m\u00e0 kh\u00f4ng \u0111\u1ec3 l\u1ea1i keo hay \u1ea3nh h\u01b0\u1edfng \u0111\u1ebfn s\u01a1n m\u00e1y","og_url":"http:\/\/mau.hoabinhweb.com\/congnghe2\/san-pham\/mieng-dan-film-ppf-iphone-13-pro-13-pro-max\/","og_site_name":"Kim Skin","article_modified_time":"2022-10-20T07:11:33+00:00","og_image":[{"width":800,"height":800,"url":"http:\/\/mau.hoabinhweb.com\/congnghe2\/wp-content\/uploads\/2022\/10\/sanpham6.jpg","type":"image\/jpeg"}],"twitter_card":"summary_large_image","twitter_misc":{"\u01af\u1edbc t\u00ednh th\u1eddi gian \u0111\u1ecdc":"2 ph\u00fat"},"schema":{"@context":"https:\/\/schema.org","@graph":[{"@type":"WebPage","@id":"http:\/\/mau.hoabinhweb.com\/congnghe2\/san-pham\/mieng-dan-film-ppf-iphone-13-pro-13-pro-max\/","url":"http:\/\/mau.hoabinhweb.com\/congnghe2\/san-pham\/mieng-dan-film-ppf-iphone-13-pro-13-pro-max\/","name":"Mi\u1ebfng D\u00e1n Film PPF IPhone 13 Pro | 13 Pro Max - Kim Skin","isPartOf":{"@id":"https:\/\/mau.hoabinhweb.com\/congnghe2\/#website"},"datePublished":"2022-10-19T08:05:10+00:00","dateModified":"2022-10-20T07:11:33+00:00","breadcrumb":{"@id":"http:\/\/mau.hoabinhweb.com\/congnghe2\/san-pham\/mieng-dan-film-ppf-iphone-13-pro-13-pro-max\/#breadcrumb"},"inLanguage":"vi","potentialAction":[{"@type":"ReadAction","target":["http:\/\/mau.hoabinhweb.com\/congnghe2\/san-pham\/mieng-dan-film-ppf-iphone-13-pro-13-pro-max\/"]}]},{"@type":"BreadcrumbList","@id":"http:\/\/mau.hoabinhweb.com\/congnghe2\/san-pham\/mieng-dan-film-ppf-iphone-13-pro-13-pro-max\/#breadcrumb","itemListElement":[{"@type":"ListItem","position":1,"name":"Trang ch\u1ee7","item":"https:\/\/mau.hoabinhweb.com\/congnghe2\/"},{"@type":"ListItem","position":2,"name":"S\u1ea3n ph\u1ea9m","item":"http:\/\/mau.hoabinhweb.com\/congnghe2\/san-pham\/"},{"@type":"ListItem","position":3,"name":"Skin \u0110i\u1ec7n Tho\u1ea1i","item":"http:\/\/mau.hoabinhweb.com\/congnghe2\/danh-muc\/skin-dien-thoai\/"},{"@type":"ListItem","position":4,"name":"Mi\u1ebfng D\u00e1n Film PPF IPhone 13 Pro | 13 Pro Max"}]},{"@type":"WebSite","@id":"https:\/\/mau.hoabinhweb.com\/congnghe2\/#website","url":"https:\/\/mau.hoabinhweb.com\/congnghe2\/","name":"Kim Skin","description":"","potentialAction":[{"@type":"SearchAction","target":{"@type":"EntryPoint","urlTemplate":"https:\/\/mau.hoabinhweb.com\/congnghe2\/?s={search_term_string}"},"query-input":"required name=search_term_string"}],"inLanguage":"vi"}]}},"_links":{"self":[{"href":"http:\/\/mau.hoabinhweb.com\/congnghe2\/wp-json\/wp\/v2\/product\/145","targetHints":{"allow":["GET"]}}],"collection":[{"href":"http:\/\/mau.hoabinhweb.com\/congnghe2\/wp-json\/wp\/v2\/product"}],"about":[{"href":"http:\/\/mau.hoabinhweb.com\/congnghe2\/wp-json\/wp\/v2\/types\/product"}],"replies":[{"embeddable":true,"href":"http:\/\/mau.hoabinhweb.com\/congnghe2\/wp-json\/wp\/v2\/comments?post=145"}],"wp:featuredmedia":[{"embeddable":true,"href":"http:\/\/mau.hoabinhweb.com\/congnghe2\/wp-json\/wp\/v2\/media\/170"}],"wp:attachment":[{"href":"http:\/\/mau.hoabinhweb.com\/congnghe2\/wp-json\/wp\/v2\/media?parent=145"}],"wp:term":[{"taxonomy":"product_cat","embeddable":true,"href":"http:\/\/mau.hoabinhweb.com\/congnghe2\/wp-json\/wp\/v2\/product_cat?post=145"},{"taxonomy":"product_tag","embeddable":true,"href":"http:\/\/mau.hoabinhweb.com\/congnghe2\/wp-json\/wp\/v2\/product_tag?post=145"}],"curies":[{"name":"wp","href":"https:\/\/api.w.org\/{rel}","templated":true}]}}