{"id":112,"date":"2020-08-21T07:40:02","date_gmt":"2020-08-21T00:40:02","guid":{"rendered":"http:\/\/mau.hoabinhweb.com\/congnghe1\/?post_type=product&#038;p=112"},"modified":"2021-07-06T14:47:04","modified_gmt":"2021-07-06T07:47:04","slug":"trucore-emerald-6c-ric","status":"publish","type":"product","link":"http:\/\/mau.hoabinhweb.com\/congnghe1\/san-pham\/trucore-emerald-6c-ric\/","title":{"rendered":"TruCore Emerald 6c RIC"},"content":{"rendered":"<div class=\"fusion-fullwidth fullwidth-box fusion-builder-row-2 fusion-flex-container nonhundred-percent-fullwidth non-hundred-percent-height-scrolling\">\n<div class=\"fusion-builder-row fusion-row fusion-flex-align-items-flex-start\">\n<div class=\"fusion-layout-column fusion_builder_column fusion-builder-column-1 fusion_builder_column_1_1 1_1 fusion-flex-column\">\n<div class=\"fusion-column-wrapper fusion-flex-justify-content-flex-start fusion-content-layout-column\">\n<div class=\"fusion-title title fusion-title-1 fusion-sep-none fusion-title-text fusion-title-size-one\">\n<p>M\u00e1y tr\u1ee3 th\u00ednh Emerald \u2122 RIC \u0111\u01b0\u1ee3c t\u00edch h\u1ee3p C\u00f4ng ngh\u1ec7 TruCore\u2122 trong ba model \u2013 Emerald M, S v\u00e0 XS. T\u1eadn h\u01b0\u1edfng tr\u1ea3i nghi\u1ec7m nghe r\u1ea5t t\u1ef1 nhi\u00ean v\u1edbi nh\u1eefng thi\u1ebft b\u1ecb k\u00edn \u0111\u00e1o, gi\u00e0u t\u00ednh n\u0103ng n\u00e0y.<\/p>\n<\/div>\n<\/div>\n<\/div>\n<\/div>\n<\/div>\n<div class=\"fusion-fullwidth fullwidth-box fusion-builder-row-3 fusion-flex-container nonhundred-percent-fullwidth non-hundred-percent-height-scrolling\">\n<div class=\"fusion-builder-row fusion-row fusion-flex-align-items-flex-start\">\n<div class=\"fusion-layout-column fusion_builder_column fusion-builder-column-2 fusion_builder_column_1_2 1_2 fusion-flex-column\">\n<div class=\"fusion-column-wrapper fusion-flex-justify-content-flex-start fusion-content-layout-column\">\n<div class=\"fusion-text fusion-text-1\">\n<h3 class=\"fusion-responsive-typography-calculated\" data-fontsize=\"16\" data-lineheight=\"24px\"><strong>Emerald XS 6c RIC<\/strong><\/h3>\n<p>M\u00e1y tr\u1ee3 th\u00ednh nh\u1ecf b\u00e9 v\u00e0 trang nh\u00e3 n\u00e0y mang \u0111\u1ebfn s\u1ef1 t\u00f9y \u00fd ho\u00e0n to\u00e0n v\u1edbi tr\u00ecnh \u0111\u1ed9 c\u00f4ng ngh\u1ec7 cao.<\/p>\n<ul>\n<li>Ba m\u1ee9c hi\u1ec7u su\u1ea5t<\/li>\n<li>S\u00e1u ch\u01b0\u01a1ng tr\u00ecnh<\/li>\n<li>Ki\u1ec3m l\u00e2m b\u1eb1ng gi\u1ecdng n\u00f3i<\/li>\n<li>B\u1ed9 gi\u1ea3m h\u1ed3i \u00e2m<\/li>\n<li>Tr\u00ecnh t\u0103ng c\u01b0\u1eddng \u00e2m nh\u1ea1c<\/li>\n<li>K\u00edch th\u01b0\u1edbc 10 A pin<\/li>\n<li>Ch\u1ee9c n\u0103ng \u00f9 tai<\/li>\n<li>C\u1ea5u tr\u00fac b\u1ec1n b\u1ec9 \u0111\u01b0\u1ee3c x\u1ebfp h\u1ea1ng IP67 c\u1ee7a SecureTec<\/li>\n<li>\u0110i\u1ec1u ch\u1ec9nh c\u00e0i \u0111\u1eb7t m\u00e1y tr\u1ee3 th\u00ednh, theo d\u00f5i t\u00ecnh tr\u1ea1ng pin, v.v. th\u00f4ng qua \u1ee9ng d\u1ee5ng mi\u1ec5n ph\u00ed<\/li>\n<\/ul>\n<\/div>\n<\/div>\n<\/div>\n<div class=\"fusion-layout-column fusion_builder_column fusion-builder-column-3 fusion_builder_column_1_2 1_2 fusion-flex-column\">\n<div class=\"fusion-column-wrapper fusion-flex-justify-content-flex-start fusion-content-layout-column\">\n<div><span class=\" fusion-imageframe imageframe-none imageframe-2 hover-type-none\"><img loading=\"lazy\" class=\"img-responsive wp-image-2017\" title=\"TruCore Emerald XS 6C RIC\" src=\"https:\/\/hearlifevietnam.com\/wp-content\/uploads\/2020\/11\/TruCore_Emerald-XS_6C_RIC_silver_1600x1067-400x267.png\" sizes=\"(max-width: 1024px) 100vw, (max-width: 640px) 100vw, 600px\" srcset=\"https:\/\/hearlifevietnam.com\/wp-content\/uploads\/2020\/11\/TruCore_Emerald-XS_6C_RIC_silver_1600x1067-200x133.png 200w, https:\/\/hearlifevietnam.com\/wp-content\/uploads\/2020\/11\/TruCore_Emerald-XS_6C_RIC_silver_1600x1067-400x267.png 400w, https:\/\/hearlifevietnam.com\/wp-content\/uploads\/2020\/11\/TruCore_Emerald-XS_6C_RIC_silver_1600x1067-600x400.png 600w, https:\/\/hearlifevietnam.com\/wp-content\/uploads\/2020\/11\/TruCore_Emerald-XS_6C_RIC_silver_1600x1067.png 800w\" alt=\"TruCore Emerald XS 6C RIC\" width=\"400\" height=\"267\" \/><\/span><\/div>\n<\/div>\n<\/div>\n<\/div>\n<\/div>\n<div class=\"fusion-fullwidth fullwidth-box fusion-builder-row-4 fusion-flex-container nonhundred-percent-fullwidth non-hundred-percent-height-scrolling\">\n<div class=\"fusion-builder-row fusion-row fusion-flex-align-items-flex-start\">\n<div class=\"fusion-layout-column fusion_builder_column fusion-builder-column-4 fusion_builder_column_1_2 1_2 fusion-flex-column\">\n<div class=\"fusion-column-wrapper fusion-flex-justify-content-flex-start fusion-content-layout-column\">\n<div><span class=\" fusion-imageframe imageframe-none imageframe-3 hover-type-none\"><img loading=\"lazy\" class=\"img-responsive wp-image-2016\" title=\"TruCore Emerald S 6C RIC\" src=\"https:\/\/hearlifevietnam.com\/wp-content\/uploads\/2020\/11\/TruCore_Emerald-S_6C_RIC_silver_M_1600x1067-400x267.png\" sizes=\"(max-width: 1024px) 100vw, (max-width: 640px) 100vw, 600px\" srcset=\"https:\/\/hearlifevietnam.com\/wp-content\/uploads\/2020\/11\/TruCore_Emerald-S_6C_RIC_silver_M_1600x1067-200x133.png 200w, https:\/\/hearlifevietnam.com\/wp-content\/uploads\/2020\/11\/TruCore_Emerald-S_6C_RIC_silver_M_1600x1067-400x267.png 400w, https:\/\/hearlifevietnam.com\/wp-content\/uploads\/2020\/11\/TruCore_Emerald-S_6C_RIC_silver_M_1600x1067-600x400.png 600w, https:\/\/hearlifevietnam.com\/wp-content\/uploads\/2020\/11\/TruCore_Emerald-S_6C_RIC_silver_M_1600x1067.png 800w\" alt=\"TruCore Emerald S 6C RIC\" width=\"400\" height=\"267\" \/><\/span><\/div>\n<\/div>\n<\/div>\n<div class=\"fusion-layout-column fusion_builder_column fusion-builder-column-5 fusion_builder_column_1_2 1_2 fusion-flex-column\">\n<div class=\"fusion-column-wrapper fusion-flex-justify-content-flex-start fusion-content-layout-column\">\n<div class=\"fusion-text fusion-text-2\">\n<h3 class=\"fusion-responsive-typography-calculated\" data-fontsize=\"16\" data-lineheight=\"24px\"><strong>Emerald S 6c RIC<\/strong><\/h3>\n<p>M\u1ed9t m\u00e1y tr\u1ee3 th\u00ednh nh\u1ecf c\u00f3 th\u1ec3 s\u1ea1c l\u1ea1i nh\u01b0ng c\u00f3 \u0111\u1ea7y \u0111\u1ee7 t\u00ednh n\u0103ng.<\/p>\n<ul>\n<li>Mang t\u1ea5t c\u1ea3 c\u00e1c t\u00ednh n\u0103ng c\u1ee7a Emerald XS<\/li>\n<li>C\u00f3 th\u1ec3 s\u1ea1c l\u1ea1i<\/li>\n<li>K\u1ebft n\u1ed1i kh\u00f4ng d\u00e2y v\u00e0 ph\u00e1t tr\u1ef1c tuy\u1ebfn<\/li>\n<li>K\u00edch th\u01b0\u1edbc 312 pin<\/li>\n<li>Telecoil<\/li>\n<li>Xphone<\/li>\n<\/ul>\n<\/div>\n<\/div>\n<\/div>\n<\/div>\n<\/div>\n<div class=\"fusion-fullwidth fullwidth-box fusion-builder-row-5 fusion-flex-container nonhundred-percent-fullwidth non-hundred-percent-height-scrolling\">\n<div class=\"fusion-builder-row fusion-row fusion-flex-align-items-flex-start\">\n<div class=\"fusion-layout-column fusion_builder_column fusion-builder-column-6 fusion_builder_column_1_2 1_2 fusion-flex-column\">\n<div class=\"fusion-column-wrapper fusion-flex-justify-content-flex-start fusion-content-layout-column\">\n<div class=\"fusion-text fusion-text-3\">\n<h3 class=\"fusion-responsive-typography-calculated\" data-fontsize=\"16\" data-lineheight=\"24px\"><strong>Emerald M 6c<\/strong><\/h3>\n<p>Emerald M 6C \u2013 m\u1ed9t thi\u1ebft b\u1ecb tr\u1ee3 th\u00ednh k\u00edn \u0111\u00e1o, ti\u1ec7n l\u1ee3i gi\u00fap b\u1ea1n k\u1ebft n\u1ed1i v\u1edbi m\u1ecdi th\u1ee9 b\u1ea1n mu\u1ed1n nghe. \u0110i\u1ec1u n\u00e0y bao g\u1ed3m c\u00e1c thi\u1ebft b\u1ecb \u00e2m thanh kh\u00f4ng d\u00e2y. N\u00f3 l\u00e0 nh\u1ecf nh\u01b0ng \u0111\u1ea7y \u0111\u1ee7 t\u00ednh n\u0103ng.<\/p>\n<\/div>\n<\/div>\n<\/div>\n<\/div>\n<\/div>\n","protected":false},"excerpt":{"rendered":"<ul>\n<li>V\u1eadn chuy\u1ec3n tr\u00ean to\u00e0n qu\u1ed1c<\/li>\n<li>Cam k\u1ebft s\u1ea3n ph\u1ea9m \u0111\u00fang ch\u1ea5t l\u01b0\u1ee3ng mi\u00eau t\u1ea3 tr\u00ean website<\/li>\n<li>B\u1ea3o h\u00e0nh ch\u00ednh h\u00e3ng<\/li>\n<li>Ki\u1ec3m tra h\u00e0ng tr\u01b0\u1edbc khi thanh to\u00e1n<\/li>\n<li>Hotline: 035 609 3690<\/li>\n<\/ul>\n","protected":false},"featured_media":491,"template":"","meta":[],"product_cat":[43,38,39,40,41,26,30,44,42],"product_tag":[],"yoast_head":"<!-- This site is optimized with the Yoast SEO plugin v16.5 - https:\/\/yoast.com\/wordpress\/plugins\/seo\/ -->\n<title>TruCore Emerald 6c RIC - HearLIFE Vi\u1ec7t Nam<\/title>\n<meta name=\"robots\" content=\"noindex, follow, max-snippet:-1, max-image-preview:large, max-video-preview:-1\" \/>\n<meta property=\"og:locale\" content=\"vi_VN\" \/>\n<meta property=\"og:type\" content=\"article\" \/>\n<meta property=\"og:title\" content=\"TruCore Emerald 6c RIC - HearLIFE Vi\u1ec7t Nam\" \/>\n<meta property=\"og:description\" content=\"V\u1eadn chuy\u1ec3n tr\u00ean to\u00e0n qu\u1ed1c  Cam k\u1ebft s\u1ea3n ph\u1ea9m \u0111\u00fang ch\u1ea5t l\u01b0\u1ee3ng mi\u00eau t\u1ea3 tr\u00ean website  B\u1ea3o h\u00e0nh ch\u00ednh h\u00e3ng  Ki\u1ec3m tra h\u00e0ng tr\u01b0\u1edbc khi thanh to\u00e1n  Hotline: 035 609 3690\" \/>\n<meta property=\"og:url\" content=\"http:\/\/mau.hoabinhweb.com\/congnghe1\/san-pham\/trucore-emerald-6c-ric\/\" \/>\n<meta property=\"og:site_name\" content=\"HearLIFE Vi\u1ec7t Nam\" \/>\n<meta property=\"article:modified_time\" content=\"2021-07-06T07:47:04+00:00\" \/>\n<meta property=\"og:image\" content=\"http:\/\/mau.hoabinhweb.com\/congnghe1\/wp-content\/uploads\/2020\/08\/sanpham-hearlife1.jpg\" \/>\n\t<meta property=\"og:image:width\" content=\"458\" \/>\n\t<meta property=\"og:image:height\" content=\"458\" \/>\n<meta name=\"twitter:card\" content=\"summary_large_image\" \/>\n<meta name=\"twitter:label1\" content=\"\u01af\u1edbc t\u00ednh th\u1eddi gian \u0111\u1ecdc\" \/>\n\t<meta name=\"twitter:data1\" content=\"2 ph\u00fat\" \/>\n<script type=\"application\/ld+json\" class=\"yoast-schema-graph\">{\"@context\":\"https:\/\/schema.org\",\"@graph\":[{\"@type\":\"WebSite\",\"@id\":\"http:\/\/mau.hoabinhweb.com\/congnghe1\/#website\",\"url\":\"http:\/\/mau.hoabinhweb.com\/congnghe1\/\",\"name\":\"HearLIFE Vi\\u1ec7t Nam\",\"description\":\"\",\"potentialAction\":[{\"@type\":\"SearchAction\",\"target\":\"http:\/\/mau.hoabinhweb.com\/congnghe1\/?s={search_term_string}\",\"query-input\":\"required name=search_term_string\"}],\"inLanguage\":\"vi\"},{\"@type\":\"ImageObject\",\"@id\":\"http:\/\/mau.hoabinhweb.com\/congnghe1\/san-pham\/trucore-emerald-6c-ric\/#primaryimage\",\"inLanguage\":\"vi\",\"url\":\"http:\/\/mau.hoabinhweb.com\/congnghe1\/wp-content\/uploads\/2020\/08\/sanpham-hearlife1.jpg\",\"contentUrl\":\"http:\/\/mau.hoabinhweb.com\/congnghe1\/wp-content\/uploads\/2020\/08\/sanpham-hearlife1.jpg\",\"width\":458,\"height\":458,\"caption\":\"Sanpham Hearlife1\"},{\"@type\":\"WebPage\",\"@id\":\"http:\/\/mau.hoabinhweb.com\/congnghe1\/san-pham\/trucore-emerald-6c-ric\/#webpage\",\"url\":\"http:\/\/mau.hoabinhweb.com\/congnghe1\/san-pham\/trucore-emerald-6c-ric\/\",\"name\":\"TruCore Emerald 6c RIC - HearLIFE Vi\\u1ec7t Nam\",\"isPartOf\":{\"@id\":\"http:\/\/mau.hoabinhweb.com\/congnghe1\/#website\"},\"primaryImageOfPage\":{\"@id\":\"http:\/\/mau.hoabinhweb.com\/congnghe1\/san-pham\/trucore-emerald-6c-ric\/#primaryimage\"},\"datePublished\":\"2020-08-21T00:40:02+00:00\",\"dateModified\":\"2021-07-06T07:47:04+00:00\",\"breadcrumb\":{\"@id\":\"http:\/\/mau.hoabinhweb.com\/congnghe1\/san-pham\/trucore-emerald-6c-ric\/#breadcrumb\"},\"inLanguage\":\"vi\",\"potentialAction\":[{\"@type\":\"ReadAction\",\"target\":[\"http:\/\/mau.hoabinhweb.com\/congnghe1\/san-pham\/trucore-emerald-6c-ric\/\"]}]},{\"@type\":\"BreadcrumbList\",\"@id\":\"http:\/\/mau.hoabinhweb.com\/congnghe1\/san-pham\/trucore-emerald-6c-ric\/#breadcrumb\",\"itemListElement\":[{\"@type\":\"ListItem\",\"position\":1,\"name\":\"Trang ch\\u1ee7\",\"item\":\"http:\/\/mau.hoabinhweb.com\/congnghe1\/\"},{\"@type\":\"ListItem\",\"position\":2,\"name\":\"S\\u1ea3n ph\\u1ea9m\",\"item\":\"http:\/\/mau.hoabinhweb.com\/congnghe1\/san-pham\/\"},{\"@type\":\"ListItem\",\"position\":3,\"name\":\"M\\u00e1y tr\\u1ee3 th\\u00ednh\",\"item\":\"http:\/\/mau.hoabinhweb.com\/congnghe1\/danh-muc\/may-tro-thinh\/\"},{\"@type\":\"ListItem\",\"position\":4,\"name\":\"TruCore Emerald 6c RIC\"}]}]}<\/script>\n<!-- \/ Yoast SEO plugin. -->","_links":{"self":[{"href":"http:\/\/mau.hoabinhweb.com\/congnghe1\/wp-json\/wp\/v2\/product\/112"}],"collection":[{"href":"http:\/\/mau.hoabinhweb.com\/congnghe1\/wp-json\/wp\/v2\/product"}],"about":[{"href":"http:\/\/mau.hoabinhweb.com\/congnghe1\/wp-json\/wp\/v2\/types\/product"}],"wp:featuredmedia":[{"embeddable":true,"href":"http:\/\/mau.hoabinhweb.com\/congnghe1\/wp-json\/wp\/v2\/media\/491"}],"wp:attachment":[{"href":"http:\/\/mau.hoabinhweb.com\/congnghe1\/wp-json\/wp\/v2\/media?parent=112"}],"wp:term":[{"taxonomy":"product_cat","embeddable":true,"href":"http:\/\/mau.hoabinhweb.com\/congnghe1\/wp-json\/wp\/v2\/product_cat?post=112"},{"taxonomy":"product_tag","embeddable":true,"href":"http:\/\/mau.hoabinhweb.com\/congnghe1\/wp-json\/wp\/v2\/product_tag?post=112"}],"curies":[{"name":"wp","href":"https:\/\/api.w.org\/{rel}","templated":true}]}}