{"id":221,"date":"2019-03-06T03:29:43","date_gmt":"2019-03-06T03:29:43","guid":{"rendered":"http:\/\/mau.hoabinhweb.com\/batdongsan2\/?post_type=product&#038;p=221"},"modified":"2021-03-28T18:41:16","modified_gmt":"2021-03-28T11:41:16","slug":"chinh-chu-cho-thue-nha-nguyen-can-nha-o-so-a1-ngo-369-truong-chinh","status":"publish","type":"product","link":"http:\/\/mau.hoabinhweb.com\/batdongsan2\/du-an\/chinh-chu-cho-thue-nha-nguyen-can-nha-o-so-a1-ngo-369-truong-chinh\/","title":{"rendered":"Ch\u00ednh ch\u1ee7 cho thu\u00ea nh\u00e0 nguy\u00ean c\u0103n nh\u00e0 \u1edf s\u1ed1 A1 ng\u00f5 369 Tr\u01b0\u1eddng Chinh"},"content":{"rendered":"<p style=\"text-align: justify;\">Ch\u00ednh ch\u1ee7, cho thu\u00ea nh\u00e0 nguy\u00ean c\u0103n t\u1ea1i s\u1ed1 A1 ng\u00f5 369 Tr\u01b0\u1eddng Chinh, MB 78 m2 x 5 t\u1ea7ng, 1 tum, MT 10m, nh\u00e0 m\u1edbi si\u00eau \u0111\u1eb9p, t\u1ea7ng 2-5 m\u1ed7i t\u1ea7ng chia 2 ph\u00f2ng kh\u00e9p k\u00edn, t\u1ea7ng 3-4 1 ph\u00f2ng l\u1edbn kh\u00e9p k\u00edn.<\/p>\n<p style=\"text-align: justify;\">S\u00e0n nh\u00e0 b\u1eb1ng g\u1ed7 \u0111\u1eb9p c\u00e1c ph\u00f2ng \u0111\u1ec1u \u0111\u00e3 c\u00f3 gi\u01b0\u1eddng t\u1ee7 m\u1edbi s\u1eb5n d\u00f9ng, c\u00e1c ph\u00f2ng \u0111\u1ec1u c\u00f3 ban c\u00f4ng r\u1ed9ng tho\u00e1ng, m\u1eb7t ng\u00f5 to c\u00f3 v\u01b0\u1eddn c\u00f3 ch\u1ed7 \u0111\u1ec3 \u00f4 t\u00f4 r\u1ed9ng, nh\u00e0 c\u00f3 gara \u00f4 t\u00f4, \u0111\u00e3 trang b\u1ecb s\u1eb5n n\u1ed9i th\u1ea5t \u0111\u1ea7y \u0111\u1ee7, c\u00e1c ph\u00f2ng \u0111\u1ec1u c\u00f3 b\u00ecnh n\u00f3ng l\u1ea1nh, \u0111i\u1ec1u ho\u00e0 Panasonic, c\u00f3 m\u00e1y gi\u1eb7t Elextrolux, t\u1ee7 l\u1ea1nh side by side, b\u1ebfp hi\u1ec7n \u0111\u1ea1i&#8230; Chuy\u1ec3n t\u1edbi l\u00e0m vi\u1ec7c, \u1edf ngay.<\/p>\n<p style=\"text-align: justify;\">Ph\u00f9 h\u1ee3p l\u00e0m v\u0103n ph\u00f2ng c\u00f4ng ty ho\u1eb7c \u0111\u00ecnh \u1edf,<\/p>\n<p style=\"text-align: justify;\">Gi\u00e1 thu\u00ea 28 tr\/th, c\u00f3 TL.<\/p>\n<p style=\"text-align: justify;\">LH: 0981331919<\/p>\n","protected":false},"excerpt":{"rendered":"<p>Ch\u00ednh ch\u1ee7, cho thu\u00ea nh\u00e0 nguy\u00ean c\u0103n t\u1ea1i s\u1ed1 A1 ng\u00f5 369 Tr\u01b0\u1eddng Chinh, MB 78 m2 x 5 t\u1ea7ng, 1 tum, MT 10m, nh\u00e0 m\u1edbi si\u00eau \u0111\u1eb9p, t\u1ea7ng 2-5 m\u1ed7i t\u1ea7ng chia 2 ph\u00f2ng kh\u00e9p k\u00edn, t\u1ea7ng 3-4 1 ph\u00f2ng l\u1edbn kh\u00e9p k\u00edn. S\u00e0n nh\u00e0 b\u1eb1ng g\u1ed7 \u0111\u1eb9p c\u00e1c ph\u00f2ng \u0111\u1ec1u \u0111\u00e3 c\u00f3 gi\u01b0\u1eddng<\/p>\n","protected":false},"featured_media":32,"template":"","meta":[],"_links":{"self":[{"href":"http:\/\/mau.hoabinhweb.com\/batdongsan2\/wp-json\/wp\/v2\/product\/221"}],"collection":[{"href":"http:\/\/mau.hoabinhweb.com\/batdongsan2\/wp-json\/wp\/v2\/product"}],"about":[{"href":"http:\/\/mau.hoabinhweb.com\/batdongsan2\/wp-json\/wp\/v2\/types\/product"}],"wp:featuredmedia":[{"embeddable":true,"href":"http:\/\/mau.hoabinhweb.com\/batdongsan2\/wp-json\/wp\/v2\/media\/32"}],"wp:attachment":[{"href":"http:\/\/mau.hoabinhweb.com\/batdongsan2\/wp-json\/wp\/v2\/media?parent=221"}],"curies":[{"name":"wp","href":"https:\/\/api.w.org\/{rel}","templated":true}]}}