{"id":317,"date":"2019-03-06T10:55:59","date_gmt":"2019-03-06T10:55:59","guid":{"rendered":"http:\/\/mau.hoabinhweb.com\/batdongsan2\/?page_id=317"},"modified":"2019-03-06T10:55:59","modified_gmt":"2019-03-06T10:55:59","slug":"chinh-sach-bao-hanh","status":"publish","type":"page","link":"http:\/\/mau.hoabinhweb.com\/batdongsan2\/chinh-sach-bao-hanh\/","title":{"rendered":"Ch\u00ednh s\u00e1ch b\u1ea3o h\u00e0nh"},"content":{"rendered":"<p style=\"text-align: justify;\">H\u00e0ng l\u1ed7i h\u1ecfng do v\u1eadn chuy\u1ec3n, ph\u1ea3n h\u1ed3i ngay khi nh\u1eadn h\u00e0ng: \u0111\u1ed5i m\u1edbi, mi\u1ec5n ph\u00ed v\u1eadn chuy\u1ec3n<\/p>\n<p style=\"text-align: justify;\">H\u00e0ng c\u00f3 l\u1ed7i k\u1ef9 thu\u1eadt s\u1ea3n xu\u1ea5t, nh\u1ea7m m\u1eb7t h\u00e0ng, s\u1ed1 l\u01b0\u1ee3ng, ph\u1ea3n h\u1ed3i ngay khi nh\u1eadn h\u00e0ng: \u0111\u1ed5i m\u1edbi, b\u1ed5 sung, mi\u1ec5n ph\u00ed v\u1eadn chuy\u1ec3n<\/p>\n<p style=\"text-align: justify;\">H\u00e0ng \u0111\u00e3 m\u1edf n\u1eafp v\u00e0 qua s\u1eed d\u1ee5ng: kh\u00f4ng h\u1ed7 tr\u1ee3 \u0111\u1ed5i tr\u1ea3.<\/p>\n<p style=\"text-align: justify;\">Kh\u00e1ch h\u00e0ng c\u00f3 k\u00edch \u1ee9ng v\u1ec1 da v\u1edbi s\u1ea3n ph\u1ea9m: ho\u00e0n ti\u1ec1n v\u00e0 nh\u1eadn l\u1ea1i s\u1ea3n ph\u1ea9m.<\/p>\n","protected":false},"excerpt":{"rendered":"<p>H\u00e0ng l\u1ed7i h\u1ecfng do v\u1eadn chuy\u1ec3n, ph\u1ea3n h\u1ed3i ngay khi nh\u1eadn h\u00e0ng: \u0111\u1ed5i m\u1edbi, mi\u1ec5n ph\u00ed v\u1eadn chuy\u1ec3n H\u00e0ng c\u00f3 l\u1ed7i k\u1ef9 thu\u1eadt s\u1ea3n xu\u1ea5t, nh\u1ea7m m\u1eb7t h\u00e0ng, s\u1ed1 l\u01b0\u1ee3ng, ph\u1ea3n h\u1ed3i ngay khi nh\u1eadn h\u00e0ng: \u0111\u1ed5i m\u1edbi, b\u1ed5 sung, mi\u1ec5n ph\u00ed v\u1eadn chuy\u1ec3n H\u00e0ng \u0111\u00e3 m\u1edf n\u1eafp v\u00e0 qua s\u1eed d\u1ee5ng: kh\u00f4ng h\u1ed7 tr\u1ee3<\/p>\n","protected":false},"author":1,"featured_media":0,"parent":0,"menu_order":0,"comment_status":"closed","ping_status":"closed","template":"","meta":[],"_links":{"self":[{"href":"http:\/\/mau.hoabinhweb.com\/batdongsan2\/wp-json\/wp\/v2\/pages\/317"}],"collection":[{"href":"http:\/\/mau.hoabinhweb.com\/batdongsan2\/wp-json\/wp\/v2\/pages"}],"about":[{"href":"http:\/\/mau.hoabinhweb.com\/batdongsan2\/wp-json\/wp\/v2\/types\/page"}],"author":[{"embeddable":true,"href":"http:\/\/mau.hoabinhweb.com\/batdongsan2\/wp-json\/wp\/v2\/users\/1"}],"replies":[{"embeddable":true,"href":"http:\/\/mau.hoabinhweb.com\/batdongsan2\/wp-json\/wp\/v2\/comments?post=317"}],"version-history":[{"count":1,"href":"http:\/\/mau.hoabinhweb.com\/batdongsan2\/wp-json\/wp\/v2\/pages\/317\/revisions"}],"predecessor-version":[{"id":325,"href":"http:\/\/mau.hoabinhweb.com\/batdongsan2\/wp-json\/wp\/v2\/pages\/317\/revisions\/325"}],"wp:attachment":[{"href":"http:\/\/mau.hoabinhweb.com\/batdongsan2\/wp-json\/wp\/v2\/media?parent=317"}],"curies":[{"name":"wp","href":"https:\/\/api.w.org\/{rel}","templated":true}]}}