{"id":254,"date":"2019-03-06T07:24:23","date_gmt":"2019-03-06T07:24:23","guid":{"rendered":"http:\/\/mau.hoabinhweb.com\/batdongsan2\/?page_id=254"},"modified":"2021-08-22T21:04:26","modified_gmt":"2021-08-22T14:04:26","slug":"gioi-thieu","status":"publish","type":"page","link":"http:\/\/mau.hoabinhweb.com\/batdongsan2\/gioi-thieu\/","title":{"rendered":"Gi\u1edbi thi\u1ec7u"},"content":{"rendered":"<h2>C\u00c2U CHUY\u1ec6N IBA HOMES<\/h2>\n<p>C\u00f4ng ty C\u1ed5 ph\u1ea7n IBA Home \u0111\u01b0\u1ee3c th\u00e0nh l\u1eadp 11\/04\/2018, trong b\u1ed1i c\u1ea3nh th\u1ecb tr\u01b0\u1eddng b\u1ea5t \u0111\u1ed9ng s\u1ea3n chuy\u1ec3n m\u00ecnh v\u00e0o m\u1ed9t giai \u0111o\u1ea1n m\u1edbi v\u1edbi nhi\u1ec1u kh\u00f3 kh\u0103n v\u00e0 th\u1eed th\u00e1ch. B\u1eaft nh\u1ecbp c\u00f9ng s\u1ef1 thay \u0111\u1ed5i c\u1ee7a th\u1ecb tr\u01b0\u1eddng, IBA Home \u0111\u00e3 t\u1eebng b\u01b0\u1edbc t\u1ea1o d\u1ef1ng \u0111\u01b0\u1ee3c ni\u1ec1m tin trong l\u00f2ng kh\u00e1ch h\u00e0ng v\u00e0 kh\u1eb3ng \u0111\u1ecbnh uy t\u00edn tr\u00ean th\u1ecb tr\u01b0\u1eddng b\u1ea5t \u0111\u1ed9ng s\u1ea3n Vi\u1ec7t Nam.<\/p>\n<p>V\u1edbi \u0111\u1ed9i ng\u0169 Ban l\u00e3nh \u0111\u1ea1o \u201cth\u1ea5u hi\u1ec3u\u201d nh\u1eefng \u201ctr\u0103n tr\u1edf\u201d c\u1ee7a th\u1ecb tr\u01b0\u1eddng c\u00f9ng \u0111\u1ed9i ng\u0169 kinh doanh \u0111\u01b0\u1ee3c \u0111\u00e0o t\u1ea1o chuy\u00ean nghi\u1ec7p, \u1ee9ng d\u1ee5ng nhanh c\u00e1c c\u00f4ng ngh\u1ec7 hi\u1ec7n \u0111\u1ea1i v\u00e0o vi\u1ec7c t\u1ed1i \u01b0u h\u00f3a s\u1ea3n ph\u1ea9m d\u1ecbch v\u1ee5, IBA Home mang \u0111\u1ebfn cho kh\u00e1ch h\u00e0ng s\u1ef1 h\u00e0i l\u00f2ng v\u1ec1 ch\u1ea5t l\u01b0\u1ee3ng s\u1ea3n ph\u1ea9m, hi\u1ec7u qu\u1ea3 v\u1ec1 gi\u00e1 tr\u1ecb \u0111\u1ea7u t\u01b0 v\u00e0 n\u00e2ng cao v\u1ec1 gi\u00e1 tr\u1ecb th\u01b0\u01a1ng hi\u1ec7u. \u0110\u1ed3ng h\u00e0nh c\u00f9ng IBA Home l\u00e0 kh\u00e1ch h\u00e0ng \u0111ang l\u1ef1a ch\u1ecdn m\u1ed9t gi\u1ea3i ph\u00e1p \u0111\u1ea7u t\u01b0, an c\u01b0 ti\u1ebft ki\u1ec7m nh\u1ea5t!\u201d B\u01b0\u1edbc v\u00e0o th\u1ecb tr\u01b0\u1eddng b\u1ea5t \u0111\u1ed9ng s\u1ea3n v\u1edbi m\u1ed9t t\u00e2m th\u1ebf m\u1edbi, IBA Home v\u1eefng v\u00e0ng tr\u00ean h\u00e0nh tr\u00ecnh x\u00e2y d\u1ef1ng m\u1ed9t chu\u1ea9n m\u1ef1c s\u1ed1ng v\u0103n minh, hi\u1ec7n \u0111\u1ea1i cho c\u1ed9ng \u0111\u1ed3ng.<\/p>\n","protected":false},"excerpt":{"rendered":"<p>C\u00c2U CHUY\u1ec6N IBA HOMES C\u00f4ng ty C\u1ed5 ph\u1ea7n IBA Home \u0111\u01b0\u1ee3c th\u00e0nh l\u1eadp 11\/04\/2018, trong b\u1ed1i c\u1ea3nh th\u1ecb tr\u01b0\u1eddng b\u1ea5t \u0111\u1ed9ng s\u1ea3n chuy\u1ec3n m\u00ecnh v\u00e0o m\u1ed9t giai \u0111o\u1ea1n m\u1edbi v\u1edbi nhi\u1ec1u kh\u00f3 kh\u0103n v\u00e0 th\u1eed th\u00e1ch. B\u1eaft nh\u1ecbp c\u00f9ng s\u1ef1 thay \u0111\u1ed5i c\u1ee7a th\u1ecb tr\u01b0\u1eddng, IBA Home \u0111\u00e3 t\u1eebng b\u01b0\u1edbc t\u1ea1o d\u1ef1ng \u0111\u01b0\u1ee3c ni\u1ec1m tin<\/p>\n","protected":false},"author":1,"featured_media":0,"parent":0,"menu_order":0,"comment_status":"closed","ping_status":"closed","template":"","meta":[],"_links":{"self":[{"href":"http:\/\/mau.hoabinhweb.com\/batdongsan2\/wp-json\/wp\/v2\/pages\/254"}],"collection":[{"href":"http:\/\/mau.hoabinhweb.com\/batdongsan2\/wp-json\/wp\/v2\/pages"}],"about":[{"href":"http:\/\/mau.hoabinhweb.com\/batdongsan2\/wp-json\/wp\/v2\/types\/page"}],"author":[{"embeddable":true,"href":"http:\/\/mau.hoabinhweb.com\/batdongsan2\/wp-json\/wp\/v2\/users\/1"}],"replies":[{"embeddable":true,"href":"http:\/\/mau.hoabinhweb.com\/batdongsan2\/wp-json\/wp\/v2\/comments?post=254"}],"version-history":[{"count":2,"href":"http:\/\/mau.hoabinhweb.com\/batdongsan2\/wp-json\/wp\/v2\/pages\/254\/revisions"}],"predecessor-version":[{"id":617,"href":"http:\/\/mau.hoabinhweb.com\/batdongsan2\/wp-json\/wp\/v2\/pages\/254\/revisions\/617"}],"wp:attachment":[{"href":"http:\/\/mau.hoabinhweb.com\/batdongsan2\/wp-json\/wp\/v2\/media?parent=254"}],"curies":[{"name":"wp","href":"https:\/\/api.w.org\/{rel}","templated":true}]}}